NOAA-Style Climate Reports

Select a Year or Month report
2018: Ene Feb Mar Abr May Jun Jul Ago Sep Oct Nov Dic
2017: Ene Feb Mar Abr May Jun Jul Ago Sep Oct Nov Dic
2016: Ene Feb Mar Abr May Jun Jul Ago Sep Oct Nov Dic
2015: Ene Feb Mar Abr May Jun Jul Ago Sep Oct Nov Dic
2014: Ene Feb Mar Abr May Jun Jul Ago Sep Oct Nov Dic
2013: Ene Feb Mar Abr May Jun Jul Ago Sep Oct Nov Dic
2012: Ene Feb Mar Abr May Jun Jul Ago Sep Oct Nov Dic

Report for 2018 Febrero
                   Monthly Climatological Summary for feb 2018

Name: WXElortondo   City: Erlortondo   State: Argentina
Elevation: 104 m  Lat: S 33° 42' 17"   Lon: W 061° 37' 16"

                  Temperature (°C), Rain (mm), Wind Speed (km/h)

                                      Heat  Cool        Avg
    Mean                              Deg   Deg         Wind                 Dom
Day Temp  High   Time   Low    Time   Days  Days  Rain  Speed High   Time    Dir
----------------------------------------------------------------------------------
 1  28,4  37,3   17:07  20,1   06:34   0,0  10,1   0,0   4,3  20,9   14:00   ESE
 2  28,9  36,9   15:45  19,9   06:32   0,0  10,6   0,0   3,9  27,0   23:44   ESE
 3  28,0  37,7   15:47  19,6   06:40   0,0   9,7   0,0   8,9  25,6   08:36   ENE
 4  28,6  37,3   15:28  20,1   06:36   0,0  10,3   0,0   7,1  23,4   03:38   ENE
 5  29,7  37,3   16:27  21,7   06:03   0,0  11,4   0,0   6,5  22,0   02:37   ENE
 6  29,9  37,6   15:55  22,2   06:43   0,0  11,6   0,0   8,5  29,5   14:40    NE
 7  29,2  40,5   16:41  20,7   04:05   0,0  10,7   0,0   4,1  17,3   12:19   ENE
 8  29,1  37,1   15:40  20,7   06:51   0,0  10,8   0,0   4,2  22,0   16:03    NW
 9  24,7  29,0   16:57  17,2   23:42   0,0   6,4   3,0   9,1  55,1   05:47     S
10  23,4  32,8   15:53  14,4   05:33   0,7   5,8   0,0   5,9  23,4   17:59    SE
11  18,0  23,8   15:51  12,7   23:49   1,5   1,2   4,8  11,2  43,9   02:33   SSE
12  18,7  28,0   16:31   8,8   06:42   2,7   3,1   0,0   5,6  29,5   13:25    NE
13  21,5  30,5   16:59  12,6   05:18   1,4   4,5   0,0   8,6  28,1   12:03    NE
14  23,8  32,5   16:21  14,6   05:44   0,6   6,0   0,0  10,5  33,1   10:56    NE
15  25,7  34,2   16:21  16,7   06:49   0,1   7,5   0,0  10,1  33,1   11:44    NE
16  27,1  36,0   16:10  19,9   06:08   0,0   8,8   0,0   9,4  33,1   09:29    NE
17  28,3  38,3   17:40  20,1   06:26   0,0  10,0   0,0   7,8  25,6   10:23   NNE
18  28,8  36,9   16:27  22,0   04:54   0,0  10,5   0,0   8,2  30,6   15:37   NNE
19  25,2  31,9   17:19  19,2   07:56   0,0   6,9   2,1   8,1  45,4   07:38   SSE
20  21,8  28,6   13:31  14,5   06:53   0,4   3,9   0,0   8,5  36,7   18:04     S
21  20,5  28,8   17:21  12,5   06:46   1,3   3,5   0,0   6,3  25,6   11:26     S
22  22,9  32,3   16:11  13,2   06:00   1,0   5,6   0,0   3,5  19,4   16:12    NE
23  24,0  31,6   16:08  16,4   06:43   0,2   5,9   0,0   7,8  29,5   17:02     E
24  23,3  30,4   14:17  18,5   23:59   0,0   5,0   0,0   8,0  28,1   09:09     E
25  22,8  29,8   13:34  18,3   00:11   0,0   4,5   0,0   5,3  24,5   09:06   ESE
26  23,5  30,3   17:52  18,8   07:10   0,0   5,2   0,0   5,7  23,4   16:06     E
27  24,7  33,6   13:50  18,6   03:48   0,0   6,4   0,0   5,0  31,7   17:05   ESE
28  26,0  36,0   16:12  18,8   07:15   0,0   7,7   0,0   4,6  22,0   20:54    SE
----------------------------------------------------------------------------------
    25,2  40,5     7     8,8    12     9,9 203,6   9,9   7,0  55,1     9       E

Max >=  27,0: 27
Max <=   0,0:  0
Min <=   0,0:  0
Min <= -18,0:  0
Max Rain: 4,8 on day 11
Days of Rain: 3 (>= 0,2 mm)  3 (>= 2,0 mm)  0 (>= 20,0 mm)
Heat Base: 18,3  Cool Base: 18,3  Method: Integration