NOAA-Style Climate Reports

Select a Year or Month report
2018: Ene Feb Mar Abr May Jun Jul Ago Sep Oct Nov Dic
2017: Ene Feb Mar Abr May Jun Jul Ago Sep Oct Nov Dic
2016: Ene Feb Mar Abr May Jun Jul Ago Sep Oct Nov Dic
2015: Ene Feb Mar Abr May Jun Jul Ago Sep Oct Nov Dic
2014: Ene Feb Mar Abr May Jun Jul Ago Sep Oct Nov Dic
2013: Ene Feb Mar Abr May Jun Jul Ago Sep Oct Nov Dic
2012: Ene Feb Mar Abr May Jun Jul Ago Sep Oct Nov Dic

Report for 2018 Enero
                   Monthly Climatological Summary for ene 2018

Name: WXElortondo   City: Erlortondo   State: Argentina
Elevation: 104 m  Lat: S 33° 42' 17"   Lon: W 061° 37' 16"

                  Temperature (°C), Rain (mm), Wind Speed (km/h)

                                      Heat  Cool        Avg
    Mean                              Deg   Deg         Wind                 Dom
Day Temp  High   Time   Low    Time   Days  Days  Rain  Speed High   Time    Dir
----------------------------------------------------------------------------------
 1  23,3  32,9   19:29  16,4   06:32   0,2   5,2   0,0   4,5  18,4   00:32    SE
 2  24,5  32,3   16:04  16,6   06:20   0,2   6,4   0,0   5,8  29,5   11:37     W
 3  26,2  33,6   16:39  18,7   06:07   0,0   7,9   0,0   6,8  31,7   09:45     W
 4  28,5  36,1   16:12  21,0   06:23   0,0  10,2   0,0  13,1  47,9   12:42     N
 5  20,8  27,2   00:00  16,9   23:56   0,1   2,5   6,0   8,3  39,2   00:19    SE
 6  23,0  31,2   16:39  14,5   03:55   0,8   5,5   0,0   5,3  25,6   16:25     N
 7  25,2  34,2   17:55  15,7   06:03   0,4   7,3   0,0   7,9  31,7   11:32   NNW
 8  27,1  35,1   16:47  18,8   05:23   0,0   8,8   0,0   8,4  31,7   13:53   NNE
 9  27,6  35,7   16:01  19,2   06:07   0,0   9,5   0,0   8,8  28,1   09:46   ENE
10  29,8  38,3   17:03  22,3   05:42   0,0  11,5   0,0   7,6  28,1   20:08    NE
11  30,7  37,2   15:06  24,0   06:15   0,0  12,3   0,0   7,5  35,6   14:08   NNE
12  27,1  33,6   17:37  22,1   12:10   0,0   8,8   2,4   9,2  43,9   09:42   ENE
13  23,9  27,1   16:12  21,0   04:28   0,0   5,6   0,0  10,9  40,3   17:40   SSE
14  20,8  26,9   16:46  16,6   07:31   0,3   2,7   0,0  11,4  39,2   13:33   SSE
15  22,6  32,2   16:49  13,1   06:12   1,1   5,4   0,0   4,4  23,4   14:36     E
16  24,8  33,2   16:01  16,6   05:05   0,2   6,6   0,0   5,0  25,6   19:37   ENE
17  21,4  27,7   18:25  17,5   08:23   0,1   3,2  42,3   8,5  40,3   11:13     S
18  25,4  34,2   18:30  16,6   04:25   0,2   7,3   0,0   4,7  18,4   14:11   WNW
19  27,8  36,0   16:07  19,2   06:25   0,0   9,5   0,0   4,7  19,4   11:11    NW
20  28,1  35,0   16:28  21,2   05:09   0,0   9,8   0,0   6,8  30,6   14:18    NE
21  26,9  36,1   16:38  19,2   06:10   0,0   8,6   0,0   4,1  35,6   17:39   ENE
22  27,7  35,7   14:38  20,2   06:24   0,0   9,4   0,0   4,3  15,8   17:18    NW
23  27,6  35,2   18:01  20,9   05:08   0,0   9,3   0,0   5,3  24,5   11:38   WNW
24  21,6  26,4   14:20  16,7   06:37   0,1   3,4   0,0  12,4  46,4   02:19   SSE
25  21,9  29,2   16:22  16,4   06:30   0,2   3,7   0,0   9,6  35,6   11:26     E
26  25,1  32,8   16:03  18,2   06:15   0,0   6,8   0,0  12,4  37,8   03:13   ENE
27  23,1  30,0   17:32  18,7   04:00   0,0   4,8   3,9   7,2  46,4   02:34     S
28  25,6  35,7   15:55  15,8   06:40   0,2   7,5   0,0   4,4  23,4   12:07     S
29  24,8  32,8   15:37  16,9   06:27   0,1   6,6   0,0   9,8  37,8   10:37    NE
30  26,8  35,8   17:27  18,1   04:59   0,0   8,5   0,0   9,9  39,2   09:42   NNE
31  28,2  36,1   17:22  22,0   07:02   0,0   9,9   0,0   5,6  22,0   13:27    NE
----------------------------------------------------------------------------------
    25,4  38,3    10    13,1    15     4,2 224,5  54,6   7,6  47,9     4     ENE

Max >=  27,0: 29
Max <=   0,0:  0
Min <=   0,0:  0
Min <= -18,0:  0
Max Rain: 42,3 on day 17
Days of Rain: 4 (>= 0,2 mm)  4 (>= 2,0 mm)  1 (>= 20,0 mm)
Heat Base: 18,3  Cool Base: 18,3  Method: Integration