NOAA-Style Climate Reports

Select a Year or Month report
2018: Ene Feb Mar Abr May Jun Jul Ago Sep Oct Nov Dic
2017: Ene Feb Mar Abr May Jun Jul Ago Sep Oct Nov Dic
2016: Ene Feb Mar Abr May Jun Jul Ago Sep Oct Nov Dic
2015: Ene Feb Mar Abr May Jun Jul Ago Sep Oct Nov Dic
2014: Ene Feb Mar Abr May Jun Jul Ago Sep Oct Nov Dic
2013: Ene Feb Mar Abr May Jun Jul Ago Sep Oct Nov Dic
2012: Ene Feb Mar Abr May Jun Jul Ago Sep Oct Nov Dic

Report for 2017 Diciembre
                   Monthly Climatological Summary for dic 2017

Name: WXElortondo   City: Erlortondo   State: Argentina
Elevation: 104 m  Lat: S 33° 42' 17"   Lon: W 061° 37' 16"

                  Temperature (°C), Rain (mm), Wind Speed (km/h)

                                      Heat  Cool        Avg
    Mean                              Deg   Deg         Wind                 Dom
Day Temp  High   Time   Low    Time   Days  Days  Rain  Speed High   Time    Dir
----------------------------------------------------------------------------------
 1  25,9  33,2   17:41  18,6   05:52   0,0   7,5   0,0   8,4  30,6   08:00   ENE
 2  23,5  30,5   15:11  19,0   23:57   0,0   5,1  21,9   6,7  33,1   23:01   ESE
 3  21,7  26,8   15:32  18,0   05:33   0,0   3,4   0,3   9,8  36,7   14:44    SE
 4  21,5  28,9   16:36  16,8   07:27   0,3   3,5   0,0   7,4  28,1   08:05   ESE
 5  23,2  30,2   12:54  16,5   06:06   0,3   5,2   0,0   8,3  30,6   18:05   ENE
 6  26,4  35,4   17:49  17,8   05:28   0,0   8,1   0,0   5,2  24,5   12:30     N
 7  29,3  38,5   15:22  18,9   05:49   0,0  11,5   0,0   3,5  19,4   16:06     E
 8  24,4  31,5   16:26  20,2   23:56   0,0   6,1   0,6  10,0  56,2   12:38    NW
 9  27,0  35,2   14:46  18,6   03:19   0,0   8,6   0,0   6,7  30,6   16:36   WSW
10  24,8  32,0   15:54  15,7   05:22   0,2   6,7   0,0  10,5  46,4   13:40   SSW
11  20,6  29,7   17:42  11,2   06:05   1,4   3,7   0,0   7,5  24,5   08:39     E
12  25,1  35,0   16:32  14,9   04:08   0,7   7,5   0,0  11,1  34,2   11:07   NNE
13  22,6  31,6   10:43  17,1   23:59   0,0   4,4  11,4   8,5  50,0   13:49   ESE
14  24,5  34,2   18:08  14,9   05:09   0,7   6,9   0,0   5,4  29,5   12:05     W
15  28,4  36,9   16:35  19,6   05:46   0,0  10,1   0,0   9,6  35,6   11:56     N
16  28,2  35,1   15:59  20,7   20:37   0,0  10,2  55,0  15,3  90,7   20:30   NNE
17  20,4  25,0   16:29  15,8   06:18   0,5   2,6   2,4   3,4  31,7   16:31   SSE
18  19,4  25,5   14:49  12,8   05:38   1,3   2,4   0,0  12,0  37,8   11:55    NE
19  17,6  20,7   16:55  15,9   10:37   1,0   0,3  13,5  11,1  33,1   14:37     E
20  24,5  33,2   16:45  17,1   02:11   0,3   6,4   0,0  10,6  29,5   16:19    NE
21  23,9  31,0   17:29  20,3   09:46   0,0   5,6  12,6   8,3  39,2   11:26   ESE
22  26,2  36,6   15:58  18,3   04:39   0,0   8,0  18,0   3,2  35,6   16:00    NW
23  21,8  25,8   17:25  17,2   22:40   0,1   3,5   0,0  10,9  40,3   12:50   SSE
24  21,3  28,7   16:35  14,3   06:08   0,7   3,7   0,0   9,4  33,1   08:55   NNE
25  25,3  34,4   17:14  15,8   06:00   0,3   7,3   0,0   9,8  34,2   11:03     N
26  27,2  37,3   16:23  19,7   21:59   0,0   8,8   5,1   9,3  69,8   21:10     N
27  25,8  32,2   18:47  19,4   05:58   0,0   7,5   0,0   4,3  19,4   00:08   ESE
28  29,6  37,8   16:33  21,4   01:03   0,0  11,3   0,0   4,4  18,4   09:47   NNE
29  29,4  37,1   16:12  21,1   06:16   0,0  11,1   0,0   7,4  27,0   14:16     N
30  29,5  39,4   16:52  21,0   06:06   0,0  11,2   0,0   7,6  46,4   21:12   NNE
31  20,6  24,5   01:12  15,7   09:08   0,3   2,6  12,6   6,8  41,8   01:48   ESE
----------------------------------------------------------------------------------
    24,5  39,4    30    11,2    11     8,1 200,8 153,4   8,1  90,7    16     ENE

Max >=  27,0: 25
Max <=   0,0:  0
Min <=   0,0:  0
Min <= -18,0:  0
Max Rain: 55,0 on day 16
Days of Rain: 11 (>= 0,2 mm)  9 (>= 2,0 mm)  2 (>= 20,0 mm)
Heat Base: 18,3  Cool Base: 18,3  Method: Integration