NOAA-Style Climate Reports

Select a Year or Month report
2018: Ene Feb Mar Abr May Jun Jul Ago Sep Oct Nov Dic
2017: Ene Feb Mar Abr May Jun Jul Ago Sep Oct Nov Dic
2016: Ene Feb Mar Abr May Jun Jul Ago Sep Oct Nov Dic
2015: Ene Feb Mar Abr May Jun Jul Ago Sep Oct Nov Dic
2014: Ene Feb Mar Abr May Jun Jul Ago Sep Oct Nov Dic
2013: Ene Feb Mar Abr May Jun Jul Ago Sep Oct Nov Dic
2012: Ene Feb Mar Abr May Jun Jul Ago Sep Oct Nov Dic

Report for 2017 Noviembre
                   Monthly Climatological Summary for nov 2017

Name: WXElortondo   City: Erlortondo   State: Argentina
Elevation: 104 m  Lat: S 33° 42' 17"   Lon: W 061° 37' 16"

                  Temperature (°C), Rain (mm), Wind Speed (km/h)

                                      Heat  Cool        Avg
    Mean                              Deg   Deg         Wind                 Dom
Day Temp  High   Time   Low    Time   Days  Days  Rain  Speed High   Time    Dir
----------------------------------------------------------------------------------
 1  22,7  29,2   16:48  17,5   02:45   0,0   4,4   0,0  14,4  49,0   02:51   ENE
 2  20,1  27,4   16:11  15,7   06:06   0,6   2,3  21,0   9,0  40,3   01:00   ENE
 3  18,9  24,5   14:51  14,5   06:12   0,8   1,4   0,0   8,0  33,1   11:46   SSW
 4  19,8  27,9   16:11  11,9   06:11   1,4   3,0   0,0   7,3  41,8   14:54    SW
 5  22,2  30,5   15:36  14,6   05:57   0,6   4,5   0,0   7,6  25,6   08:54    NE
 6  23,7  31,2   15:23  15,8   06:06   0,4   5,8   0,0   8,4  27,0   18:14   ENE
 7  20,2  25,9   16:02  16,8   08:03   0,1   2,0   5,1  11,0  34,2   10:42    NE
 8  20,2  25,8   17:13  16,3   04:33   0,5   2,4   0,0   8,9  36,7   12:20   WSW
 9  21,9  31,2   15:35  13,5   06:05   1,1   4,7   0,0   6,2  33,1   21:19    SW
10  22,1  29,9   15:32  14,6   06:08   0,7   4,5   0,0   8,5  37,8   13:22    SW
11  21,3  28,8   16:59  13,4   06:03   0,9   3,9   0,0   5,0  27,0   13:54   SSE
12  25,0  35,9   17:32  15,3   05:00   0,4   7,2   0,0   7,5  30,6   13:15   NNE
13  29,3  38,5   16:06  16,7   05:18   0,1  11,2   0,0  11,4  37,8   16:55   NNE
15  28,2  35,0   00:00  15,9   23:54   3,4   4,5   0,0  17,4  47,9   23:49    NE
16  19,5  29,2   18:02   9,2   05:24   2,0   3,2   0,3   8,0  58,7   00:11   SSW
17  19,6  27,1   15:10  12,6   04:18   1,6   2,9   0,3  12,7  45,4   13:16     W
18  17,0  24,7   17:23   8,4   05:35   2,7   1,4   0,0   9,6  43,9   13:37    SW
19  19,8  27,2   16:08  11,2   05:32   1,8   3,3   0,0  11,0  40,3   09:43   SSW
20  15,9  20,9   10:22  14,0   06:00   2,6   0,1  15,0  11,9  36,7   03:58     E
21  19,1  26,5   15:46  12,6   05:21   1,6   2,3   0,3   8,0  28,1   08:19     E
22  22,4  33,3   18:06  12,5   02:35   1,5   5,6   0,0  10,0  40,3   09:05   NNW
23  24,2  33,5   13:18  15,0   23:59   0,2   6,1   0,6  13,6  52,6   21:28   WNW
24  14,4  22,7   16:55   9,5   23:51   4,1   0,2   0,0   7,2  42,8   00:34   ESE
25  19,3  31,5   15:47   6,9   05:33   3,2   4,1   0,0   4,0  20,9   08:47   ENE
26  24,5  35,7   17:56  13,4   05:56   1,0   7,1   0,0   7,7  28,1   12:54     N
27  21,7  27,3   14:56  15,8   07:55   0,2   3,6   0,0  12,0  49,0   06:28    SE
28  20,3  29,3   17:19  12,9   05:54   1,4   3,4   0,0  12,8  40,3   07:12   ENE
29  22,6  33,6   15:50  16,9   05:28   0,1   4,3   2,4  11,3  52,6   17:17   ENE
30  25,8  36,1   16:23  16,7   05:28   0,2   7,6   0,0   6,4  22,0   18:39   ENE
----------------------------------------------------------------------------------
    21,4  38,5    13     6,9    25    35,2 117,0  45,0   9,3  58,7    16     ENE

Max >=  27,0: 22
Max <=   0,0:  0
Min <=   0,0:  0
Min <= -18,0:  0
Max Rain: 21,0 on day 2
Days of Rain: 8 (>= 0,2 mm)  4 (>= 2,0 mm)  1 (>= 20,0 mm)
Heat Base: 18,3  Cool Base: 18,3  Method: Integration