NOAA-Style Climate Reports


Report for 2017 Octubre
                   Monthly Climatological Summary for oct 2017

Name: WXElortondo   City: Erlortondo   State: Argentina
Elevation: 104 m  Lat: S 33° 42' 17"   Lon: W 061° 37' 16"

                  Temperature (°C), Rain (mm), Wind Speed (km/h)

                                      Heat  Cool        Avg
    Mean                              Deg   Deg         Wind                 Dom
Day Temp  High   Time   Low    Time   Days  Days  Rain  Speed High   Time    Dir
----------------------------------------------------------------------------------
 1  15,8  20,4   15:54  11,6   23:56   2,9   0,3   0,9  15,6  55,1   01:00   SSW
 2  15,1  21,1   17:06   9,8   06:32   3,8   0,5   0,0  11,2  41,8   14:12   WSW
 3  18,0  27,0   14:22  11,7   00:40   2,6   2,3   0,0   8,6  30,6   23:56   NNE
 4  21,8  28,7   15:37  15,9   02:37   0,4   4,0   0,0  17,6  50,0   10:10     N
 5  19,6  25,7   15:12  13,2   23:57   1,0   2,3   0,0  11,1  43,9   03:12   SSE
 6  16,8  24,6   16:28   9,3   04:56   3,1   1,7   0,0   9,5  56,2   10:56   SSE
 7  16,8  23,9   16:28  10,6   01:26   2,8   1,2   0,0  12,1  40,3   17:04   ENE
 8  15,5  21,8   11:40  12,0   23:58   3,1   0,3   6,6   9,9  29,5   08:58   ESE
 9  17,0  26,2   16:02   9,3   05:05   3,2   1,9   0,3   7,0  35,6   09:41   SSW
10  14,8  19,4   15:48  11,4   02:39   3,5   0,0   0,0   5,5  24,5   20:11   ESE
11  15,5  22,1   13:59   9,1   05:46   3,4   0,5   0,3  11,0  40,3   14:58   ESE
12  11,8  13,6   00:00  10,5   03:56   6,5   0,0   4,8  13,7  39,2   12:54    SE
13  13,7  20,0   16:54   9,5   23:53   4,7   0,1   0,0   7,0  31,7   00:10     S
14  16,8  28,0   15:47   6,6   06:07   3,9   2,4   0,0   6,1  31,7   10:39   NNW
15  18,6  27,6   15:47   9,2   06:04   2,6   2,9   0,0   9,7  34,2   15:32     N
16  20,7  30,1   15:53  12,2   05:25   1,6   4,0   0,0  11,5  43,9   11:02   NNE
17  23,0  30,5   13:52  17,4   06:45   0,0   4,8   0,0   9,4  36,7   13:54    NE
18  21,0  31,8   14:04  15,3   23:56   0,4   3,2  27,0  10,9  47,9   16:45   ESE
19  17,8  25,2   15:28  10,2   06:29   2,2   1,8   0,0   6,9  34,2   02:10    SE
20  19,5  29,4   17:08  10,6   06:07   2,2   3,4   0,0   8,7  37,8   09:29   NNE
21  16,7  22,7   16:03  10,2   23:57   2,5   0,9   1,5  13,9  40,3   22:24     S
22  14,0  22,7   17:08   5,5   06:06   4,9   0,6   0,0   6,2  23,4   10:36     E
23  17,6  27,1   16:13  10,1   05:58   2,9   2,2   0,0  12,5  41,8   11:05   NNE
24  20,4  30,0   15:09  12,8   05:44   1,7   3,8   0,0   9,4  28,1   16:53    NE
25  21,3  29,9   15:49  14,8   05:57   0,6   3,6   0,0   6,8  37,8   12:49    NE
26  23,2  32,4   15:28  14,7   04:35   1,0   5,9  25,0   6,0  46,4   22:39     E
27  18,5  25,3   17:20  13,6   05:13   1,7   1,9   5,4  11,5  45,4   00:07     S
28  19,7  27,4   15:37  12,5   06:16   1,3   2,8   0,0   9,9  31,7   16:55    NE
29  19,7  28,5   14:25  13,6   21:36   1,2   2,6   8,7   9,3  42,8   19:00   ENE
30  18,2  25,9   16:57  11,3   05:02   2,3   2,2   0,3   6,2  31,7   12:40     S
31  20,9  29,1   14:27  13,5   06:09   1,2   3,7   0,0   9,2  34,2   15:30    NE
----------------------------------------------------------------------------------
    18,1  32,4    26     5,5    22    75,2  67,8  80,8   9,8  56,2     6       E

Max >=  27,0: 15
Max <=   0,0:  0
Min <=   0,0:  0
Min <= -18,0:  0
Max Rain: 27,0 on day 18
Days of Rain: 11 (>= 0,2 mm)  6 (>= 2,0 mm)  2 (>= 20,0 mm)
Heat Base: 18,3  Cool Base: 18,3  Method: Integration