NOAA-Style Climate Reports


Report for 2017 Septiembre
                   Monthly Climatological Summary for sep 2017

Name: WXElortondo   City: Erlortondo   State: Argentina
Elevation: 104 m  Lat: S 33° 42' 17"   Lon: W 061° 37' 16"

                  Temperature (°C), Rain (mm), Wind Speed (km/h)

                                      Heat  Cool        Avg
    Mean                              Deg   Deg         Wind                 Dom
Day Temp  High   Time   Low    Time   Days  Days  Rain  Speed High   Time    Dir
----------------------------------------------------------------------------------
 1  18,0  26,7   16:13  10,5   07:03   2,4   2,1   0,0  10,5  36,7   15:14   NNE
 2  18,6  23,4   11:13  15,2   02:25   0,9   1,1   0,0  11,2  39,2   19:13    SE
 3  12,8  17,0   01:27  10,8   11:43   5,5   0,0   0,0  12,3  36,7   09:49   SSE
 4  12,4  18,6   16:04   7,6   08:07   5,9   0,0   0,0  14,6  34,2   12:32     S
 5  11,9  19,6   16:50   4,9   05:19   6,7   0,1   0,0   6,2  19,4   23:54   ENE
 6  14,2  22,4   15:48   7,9   05:12   4,7   0,6   0,0   9,7  23,4   10:30   ENE
 7  15,0  22,4   16:32   7,3   07:42   4,1   0,8   0,0   5,4  18,4   13:00     E
 8  14,3  20,3   16:23   8,5   04:01   4,1   0,2   0,0   8,0  24,5   12:51     E
 9  15,7  19,9   16:14  13,5   08:17   2,7   0,1   2,4   9,6  24,5   06:31    SE
10  13,0  17,1   09:01   7,4   23:09   5,3   0,0  40,0  16,5  56,2   21:23    SW
11  12,4  19,2   16:51   7,4   00:02   6,1   0,1  29,0  14,0  54,0   00:55   WSW
12  14,1  21,2   15:49   5,0   06:59   4,9   0,7   0,0   4,2  13,3   11:24   ENE
13  16,2  23,3   15:40  10,0   06:50   3,1   1,0   0,0   5,5  15,8   11:15    NE
14  16,0  21,6   14:38  10,7   06:41   3,1   0,8   0,0  12,5  36,7   16:24     S
15  11,2  17,0   14:29   6,8   05:39   7,0   0,0   0,0   8,0  27,0   11:50     S
16  13,6  21,7   15:13   4,7   07:16   5,5   0,7   0,0   4,7  18,4   23:05   ENE
17  16,0  24,1   14:54   9,3   07:05   3,7   1,4   0,0  10,1  33,1   11:45   NNE
18  17,9  27,0   15:16  10,7   07:07   2,7   2,3   0,0  12,0  35,6   15:38   NNE
19  19,3  27,6   15:48  11,8   04:44   1,9   2,9   0,0  14,3  41,8   17:05    NE
20  17,6  23,3   11:11  11,7   23:16   1,2   0,5   3,9  14,7  56,2   15:37     S
21  11,9  16,8   15:30   7,1   23:59   6,4   0,0  34,8   8,5  35,6   00:54   SSE
22  12,9  23,2   15:30   3,6   06:47   6,0   0,6   0,0   2,2  18,4   13:46   ESE
23  15,7  23,8   15:33   8,0   06:21   3,8   1,2   0,0   5,6  28,1   14:56    NE
24  17,9  25,5   14:41  10,6   06:39   2,4   2,0   0,0   9,8  35,6   09:44    NE
25  20,7  27,2   12:59  14,3   05:51   0,9   3,2   0,0   4,4  20,9   13:24     E
26  12,2  18,5   00:00   6,9   17:43   6,2   0,0  25,2  14,5  55,1   16:35    SE
27  11,9  18,4   15:55   8,2   06:58   6,4   0,0   0,3  12,1  40,3   06:06   SSE
28  11,8  14,1   17:44   8,5   05:57   6,5   0,0   2,4   4,8  19,4   08:54     E
29  15,8  20,2   16:35  13,2   08:36   2,6   0,1   8,4   9,9  29,5   11:05    NE
30  17,8  21,4   17:36  15,4   01:03   1,2   0,7   0,3   7,2  63,7   01:02    NE
----------------------------------------------------------------------------------
    15,0  27,6    19     3,6    22   123,9  23,2 146,7   9,5  63,7    30     ESE

Max >=  27,0:  3
Max <=   0,0:  0
Min <=   0,0:  0
Min <= -18,0:  0
Max Rain: 40,0 on day 10
Days of Rain: 10 (>= 0,2 mm)  8 (>= 2,0 mm)  4 (>= 20,0 mm)
Heat Base: 18,3  Cool Base: 18,3  Method: Integration