NOAA-Style Climate Reports

Select a Year or Month report
2017: Ene Feb Mar Abr May Jun Jul Ago Sep Oct Nov Dic
2016: Ene Feb Mar Abr May Jun Jul Ago Sep Oct Nov Dic
2015: Ene Feb Mar Abr May Jun Jul Ago Sep Oct Nov Dic
2014: Ene Feb Mar Abr May Jun Jul Ago Sep Oct Nov Dic
2013: Ene Feb Mar Abr May Jun Jul Ago Sep Oct Nov Dic
2012: Ene Feb Mar Abr May Jun Jul Ago Sep Oct Nov Dic

Report for 2017 Julio
                   Monthly Climatological Summary for jul 2017

Name: WXElortondo   City: Erlortondo   State: Argentina
Elevation: 104 m  Lat: S 33° 42' 17"   Lon: W 061° 37' 16"

                  Temperature (°C), Rain (mm), Wind Speed (km/h)

                                      Heat  Cool        Avg
    Mean                              Deg   Deg         Wind                 Dom
Day Temp  High   Time   Low    Time   Days  Days  Rain  Speed High   Time    Dir
----------------------------------------------------------------------------------
18  16,2  22,5   20:26  13,1   23:58   3,8   0,2   0,0   9,3  19,4   00:00    NE
19  14,2  16,1   15:52  11,8   05:16   4,1   0,0   0,0   0,0   0,0   00:51   ---
20  15,2  17,9   13:06  12,2   05:07   3,1   0,0   0,0   0,0   0,0   00:42   ---
21  15,9  17,9   14:39  13,4   05:00   2,2   0,0   0,0   0,6   0,0   00:35   ---
22  16,7  19,0   14:30  15,0   08:19   1,7   0,1   0,0   0,0   0,0   00:22   ---
23  17,8  21,5   10:49  15,8   03:45   1,0   0,5   0,0   0,3  13,3   10:49     W
24  17,4  18,7   00:04  16,2   08:54   0,9   0,0   0,0   0,0   0,0   00:04   ---
25  16,9  17,7   15:37  15,8   08:09   1,4   0,0   0,0   0,0   0,0   00:00   ---
26  18,1  19,4   16:27  17,0   05:19   0,5   0,3   0,0   0,0   0,0   00:00   ---
27  19,6  21,9   15:29  17,6   06:10   0,1   1,5   0,0   0,0   0,0   00:00   ---
28  21,4  27,2   11:37  19,1   08:01   0,0   3,1   0,0   0,0   0,0   00:00   ---
29  21,4  23,4   11:36  20,0   07:42   0,0   3,1   0,0   0,0   0,0   00:00   ---
30  15,3  20,3   00:00  11,8   21:34   3,2   0,2   0,0   0,0   0,0   00:00   ---
31  12,9  18,6   19:02  11,6   07:38   5,4   0,0   0,0   0,0  14,8   19:01    NW
----------------------------------------------------------------------------------
    17,1  27,2    28    11,6    31    27,4   9,0   0,0   0,1  19,4    18      NE

Max >=  27,0:  1
Max <=   0,0:  0
Min <=   0,0:  0
Min <= -18,0:  0
Max Rain: 0,0 on day 0
Days of Rain: 0 (>= 0,2 mm)  0 (>= 2,0 mm)  0 (>= 20,0 mm)
Heat Base: 18,3  Cool Base: 18,3  Method: Integration