NOAA-Style Climate Reports

Select a Year or Month report
2017: Ene Feb Mar Abr May Jun Jul Ago Sep Oct Nov Dic
2016: Ene Feb Mar Abr May Jun Jul Ago Sep Oct Nov Dic
2015: Ene Feb Mar Abr May Jun Jul Ago Sep Oct Nov Dic
2014: Ene Feb Mar Abr May Jun Jul Ago Sep Oct Nov Dic
2013: Ene Feb Mar Abr May Jun Jul Ago Sep Oct Nov Dic
2012: Ene Feb Mar Abr May Jun Jul Ago Sep Oct Nov Dic

Report for 2017 Junio
                   Monthly Climatological Summary for jun 2017

Name: WXElortondo   City: Elortondo   State: Argentina
Elevation: 104 m  Lat: S 33° 42' 17"   Lon: W 061° 37' 16"

                  Temperature (°C), Rain (mm), Wind Speed (km/h)

                                      Heat  Cool        Avg
    Mean                              Deg   Deg         Wind                 Dom
Day Temp  High   Time   Low    Time   Days  Days  Rain  Speed High   Time    Dir
----------------------------------------------------------------------------------
 2   8,2  19,6   06:41   4,2   07:31  19,6   0,0   0,0   7,9  24,5   15:25    NE
 3  10,0  20,0   15:04   4,9   07:13   8,4   0,1   0,0   3,8  15,8   14:21    NE
 4  10,5  19,2   09:31   6,7   04:20   7,8   0,0   0,0   5,1  23,4   14:53   SSO
 5   8,2  11,6   14:46   4,8   04:37  10,1   0,0   0,0   2,3  15,8   13:12    SE
 6  10,2  17,1   16:05   4,6   07:09   8,1   0,0   0,0   4,9  23,4   12:16   NNO
 7  10,2  15,8   13:17   5,0   06:35   8,1   0,0   0,0   7,6  27,0   15:42   NNE
 8   9,8  11,8   15:06   6,5   23:56   8,5   0,0   0,3  12,2  41,8   12:22    SO
 9  11,0  20,4   15:41   3,5   05:54   7,6   0,2   0,0   7,8  36,7   13:02   ONO
10  15,1  25,9   15:33   6,3   06:39   4,7   1,5   0,0   5,4  22,0   06:12   NNO
11  10,9  16,7   14:51   4,6   23:39   7,4   0,0   0,0   7,4  40,3   11:43     S
12   9,0  17,2   16:27   1,9   05:02   9,3   0,0   0,0   5,6  31,7   11:47   NNE
13  12,7  20,6   14:16   5,4   07:48   5,8   0,2   0,0   3,9  17,3   00:29    NE
14  13,1  19,4   14:41   8,1   07:45   5,3   0,1   0,0   8,2  28,1   13:48    NE
15  14,6  16,8   09:14  11,2   16:34   3,7   0,0   0,0   8,8  24,5   03:11    NE
16  17,4  24,4   15:07  11,2   00:00   2,9   2,1   0,0   5,4  25,6   10:05   NNE
17  17,1  21,7   10:27   7,0   23:57   2,1   0,9   0,0   9,5  57,6   14:16   SSO
18   7,1  11,0   15:27   1,7   23:57  11,2   0,0   0,0  13,7  46,4   07:32    SO
19   5,3  13,3   15:35  -0,5   08:13  13,0   0,0   0,0   3,2  20,9   12:28   ONO
20   7,0  13,5   14:58   1,3   07:58  11,3   0,0   0,0   7,0  33,1   13:08   NNE
21  10,2  16,4   16:54   5,4   06:46   8,1   0,0   0,0  10,1  31,7   12:19    NE
22  15,6  23,7   14:40  10,8   00:00   3,8   1,1   0,0  14,0  41,8   15:02   NNE
23  19,2  25,6   16:05  15,0   23:54   0,8   1,7   0,0   7,6  35,6   11:43     N
24  18,2  24,2   14:22  13,2   06:08   2,5   2,4   0,0   6,3  17,3   14:19   ENE
25  25,0  27,7   13:29  19,0   09:53   0,0   6,7   0,0  13,2  40,3   13:19   NNE
26  21,1  25,6   15:44  16,9   23:57   0,0   2,8   0,0  10,5  33,1   23:37   NNE
----------------------------------------------------------------------------------
    12,7  27,7    25    -0,5    19   170,1  19,8   0,3   7,7  57,6    17     NNE

Max >=  27,0:  1
Max <=   0,0:  0
Min <=   0,0:  1
Min <= -18,0:  0
Max Rain: 0,3 on day 8
Days of Rain: 1 (>= 0,2 mm)  0 (>= 2,0 mm)  0 (>= 20,0 mm)
Heat Base: 18,3  Cool Base: 18,3  Method: Integration