NOAA-Style Climate Reports

Select a Year or Month report
2017: Ene Feb Mar Abr May Jun Jul Ago Sep Oct Nov Dic
2016: Ene Feb Mar Abr May Jun Jul Ago Sep Oct Nov Dic
2015: Ene Feb Mar Abr May Jun Jul Ago Sep Oct Nov Dic
2014: Ene Feb Mar Abr May Jun Jul Ago Sep Oct Nov Dic
2013: Ene Feb Mar Abr May Jun Jul Ago Sep Oct Nov Dic
2012: Ene Feb Mar Abr May Jun Jul Ago Sep Oct Nov Dic

Report for 2017 Mayo
                   Monthly Climatological Summary for may 2017

Name: WXElortondo   City: Elortondo   State: Argentina
Elevation: 104 m  Lat: S 33° 42' 17"   Lon: W 061° 37' 16"

                  Temperature (°C), Rain (mm), Wind Speed (km/h)

                                      Heat  Cool        Avg
    Mean                              Deg   Deg         Wind                 Dom
Day Temp  High   Time   Low    Time   Days  Days  Rain  Speed High   Time    Dir
----------------------------------------------------------------------------------
 1   0,0   0,0   00:50   0,0   00:50  18,2   0,0   0,0   0,0   0,0   00:50   ---
 2   0,0   0,0   00:41   0,0   00:41  18,9   0,0   0,0   0,0   0,0   00:41   ---
 3   0,0   0,0   00:33   0,0   00:33  18,2   0,0   0,0   0,0   0,0   00:33   ---
 4   0,0   0,0   00:24   0,0   00:24  18,2   0,0   0,0   0,0   0,0   00:24   ---
 5   0,0   0,0   00:15   0,0   00:15  18,2   0,0   0,0   0,0   0,0   00:15   ---
 6  21,3  26,3   15:07   0,0   00:06   4,3   2,7   0,0   8,4  27,0   14:14    NE
 7  22,0  24,7   13:12  19,1   00:50   0,0   3,7   0,3   6,3  22,0   12:19   NNE
 8  17,7  21,7   00:41  12,9   23:53   1,5   0,9  21,6  13,2  54,0   10:05     S
 9  15,1  20,6   12:50   9,6   07:31   3,6   0,4   0,0   2,7  17,3   13:40    SE
10  14,3  17,6   13:55  10,8   04:52   3,9   0,0   0,0   7,4  24,5   10:31     E
11  12,7  14,7   15:42  11,0   08:58   5,5   0,0   0,0  11,2  31,7   19:40     E
12  13,4  15,2   15:32  12,0   00:00   4,9   0,0  48,0   8,4  41,8   11:55   ESE
13  14,2  16,0   15:33  12,7   06:35   4,1   0,0   0,0   7,0  30,6   11:35   SSO
14  14,4  16,1   12:57  12,2   06:09   3,9   0,0   0,0   2,4  17,3   14:50   NNO
15  15,4  20,2   15:20  11,7   23:38   3,1   0,2   0,0   2,5  17,3   15:20    SO
16  14,6  19,9   13:13  10,1   06:15   4,0   0,3   0,0   4,0  17,3   13:08   ENE
17  15,8  19,1   14:32  12,9   00:00   2,6   0,1   0,0   7,6  24,5   12:07   ENE
18  14,6  15,8   16:07  12,7   07:39   3,7   0,0   2,4   5,8  24,5   20:45   ESE
19  11,2  14,0   00:01   8,8   22:54   7,1   0,0   1,2  13,1  45,4   16:35     O
20   9,5  11,0   18:13   8,1   07:46   8,8   0,0   1,8  10,4  36,7   09:42   ONO
21  14,0  21,5   16:15   7,8   05:23   4,8   0,5   1,2   7,0  27,0   12:12    NO
22  15,2  23,1   13:39  11,8   03:08   3,8   0,7   0,0   6,6  27,0   15:19   NNE
23  16,2  22,2   13:50  10,7   08:15   2,8   0,7   0,0   3,4  17,3   01:48   ENE
24  14,0  19,9   16:16  11,1   07:55   4,5   0,1   0,0   3,8  18,4   08:58   SSO
25  14,2  19,6   14:01  12,4   23:16   7,8   0,0   0,0   7,6  29,5   20:32   ENE
26   9,9  19,2   06:30   0,0   00:52   8,4   0,0   0,0  10,4  37,8   13:04    SO
----------------------------------------------------------------------------------
    11,9  26,3     6     0,0     1   184,8  10,3  76,5   6,9  54,0     8       E

Max >=  27,0:  0
Max <=   0,0:  5
Min <=   0,0:  7
Min <= -18,0:  0
Max Rain: 48,0 on day 12
Days of Rain: 7 (>= 0,2 mm)  3 (>= 2,0 mm)  2 (>= 20,0 mm)
Heat Base: 18,3  Cool Base: 18,3  Method: Integration