NOAA-Style Climate Reports


Report for 2017 Abril
                   Monthly Climatological Summary for abr 2017

Name: WXElortondo   City: Elortondo   State: Argentina
Elevation: 104 m  Lat: S 33° 42' 17"   Lon: W 061° 37' 16"

                  Temperature (°C), Rain (mm), Wind Speed (km/h)

                                      Heat  Cool        Avg
    Mean                              Deg   Deg         Wind                 Dom
Day Temp  High   Time   Low    Time   Days  Days  Rain  Speed High   Time    Dir
----------------------------------------------------------------------------------
 1  24,0  29,5   13:59  19,6   07:27   0,0   5,7   0,0   9,7  28,1   09:41   ENE
 2  19,0  21,6   00:23  17,4   15:09   0,1   0,8  52,2   7,2  37,8   14:22    NE
 3  20,4  25,9   17:03  16,8   08:26   0,2   2,3   0,3   4,1  20,9   11:35     E
 4  20,0  27,2   15:18  15,6   05:48   0,7   2,4   9,9   4,1  33,1   19:39    NE
 5  20,9  26,7   14:49  15,5   07:42   0,4   3,0   0,0   4,9  29,5   11:02   SSO
 6  20,8  28,5   16:00  14,8   05:58   1,0   3,6   0,0   7,7  35,6   15:06    NE
 7  18,1  28,8   14:07  14,1   16:45   1,8   1,6  43,8  14,4  62,3   14:53   ENE
 8  15,8  17,5   18:26  14,1   05:10   2,5   0,0  42,6  10,2  35,6   07:36     S
 9  18,1  19,3   15:40  17,4   00:00   0,4   0,1  10,5  10,3  39,2   05:12   SSO
10  15,2  20,1   16:56  12,4   06:45   3,2   0,1  31,2  13,8  52,6   09:52   OSO
11  17,3  24,3   13:32  11,6   07:22   2,5   1,5   0,0   6,7  28,1   17:04     S
12  15,3  20,3   17:01  11,5   04:23   3,3   0,3   0,0   6,8  27,0   10:36     E
13  16,8  23,9   15:33  11,0   07:26   2,8   1,3   0,0   7,0  28,1   11:22    NE
14  17,6  24,4   15:25  11,6   06:54   2,3   1,6   0,0   6,2  24,5   15:36   ENE
15  18,5  24,9   15:22  13,8   07:12   1,5   1,7   0,0   6,3  28,1   16:42   ESE
16  16,2  20,8   16:29  13,1   03:42   2,5   0,4   0,0   6,3  24,5   06:38    SE
17  16,2  22,2   15:38  11,9   03:08   2,8   0,7   0,0   5,3  20,9   13:41     E
18  16,0  20,3   13:28  13,5   05:35   2,6   0,3   0,0   5,5  22,0   15:40     E
19  14,4  14,7   01:27  14,3   00:52   3,9   0,0   0,0   1,2   5,0   01:34     O
20  18,6  25,7   14:50  12,5   07:08   1,8   2,1   0,0   4,9  30,6   12:19    SO
21  18,1  23,0   14:41  12,8   23:56   1,5   1,3   0,0   6,6  35,6   11:44   OSO
22  12,3  16,2   18:01  10,1   02:58   6,0   0,0  13,2   5,0  33,1   14:48     N
23  15,7  24,1   14:49   9,5   06:01   3,9   1,3   0,0   7,2  29,5   13:18    NE
24  16,3  20,4   11:48  12,8   23:39   2,1   0,1  12,0   5,3  36,7   01:01     O
25  12,8  14,5   08:46  11,2   23:39   5,5   0,0  39,0   6,6  37,8   09:58    SO
26  12,1  13,7   11:00   8,1   08:08   6,2   0,0   0,3  14,0  36,7   10:59   OSO
----------------------------------------------------------------------------------
    17,2  29,5     1     8,1    26    61,5  32,2 255,0   7,2  62,3     7     ESE

Max >=  27,0:  4
Max <=   0,0:  0
Min <=   0,0:  0
Min <= -18,0:  0
Max Rain: 52,2 on day 2
Days of Rain: 11 (>= 0,2 mm)  9 (>= 2,0 mm)  5 (>= 20,0 mm)
Heat Base: 18,3  Cool Base: 18,3  Method: Integration