NOAA-Style Climate Reports

Select a Year or Month report
2017: Ene Feb Mar Abr May Jun Jul Ago Sep Oct Nov Dic
2016: Ene Feb Mar Abr May Jun Jul Ago Sep Oct Nov Dic
2015: Ene Feb Mar Abr May Jun Jul Ago Sep Oct Nov Dic
2014: Ene Feb Mar Abr May Jun Jul Ago Sep Oct Nov Dic
2013: Ene Feb Mar Abr May Jun Jul Ago Sep Oct Nov Dic
2012: Ene Feb Mar Abr May Jun Jul Ago Sep Oct Nov Dic

Report for 2017 Marzo
                   Monthly Climatological Summary for mar 2017

Name: WXElortondo   City: Elortondo   State: Argentina
Elevation: 104 m  Lat: S 33° 42' 17"   Lon: W 061° 37' 16"

                  Temperature (°C), Rain (mm), Wind Speed (km/h)

                                      Heat  Cool        Avg
    Mean                              Deg   Deg         Wind                 Dom
Day Temp  High   Time   Low    Time   Days  Days  Rain  Speed High   Time    Dir
----------------------------------------------------------------------------------
 1  24,7  30,0   17:09  21,7   11:47   0,0   6,4   2,1   5,1  31,7   05:35   SSE
 2  26,1  35,2   15:54  20,4   21:22   0,0   7,8  16,2  10,8  45,4   18:38    NE
 3  20,2  23,8   14:56  18,4   04:11   0,0   1,9   0,0   7,1  24,5   11:48   SSE
 4  20,5  26,1   17:06  16,4   07:16   0,3   2,4   0,0   7,5  33,1   10:02    SE
 5  21,6  28,1   15:04  14,4   07:08   0,7   3,9   0,0   5,1  20,9   15:37   ENE
 6  22,0  29,4   15:58  17,3   05:20   0,1   3,8   4,5   6,8  25,6   10:10   ESE
 7  25,7  26,0   00:00  19,0   21:42   0,0   7,4   0,0   6,9  18,4   22:26    SE
 8  24,8  31,5   16:14  20,5   06:17   0,0   6,7   1,2  10,4  33,1   20:12    NE
 9  22,3  27,7   14:36  15,8   23:57   0,1   4,0  67,5   9,0  50,0   01:47     S
10  19,0  26,8   16:53  11,7   06:40   1,8   2,5   0,0   4,9  36,7   10:15    SO
11  19,9  26,0   16:25  15,6   05:43   0,6   2,2   0,0   6,7  33,1   14:19   NNE
12  18,0  23,6   16:40  11,8   06:38   1,6   1,3   0,0   7,7  36,7   12:12   SSO
13  20,4  30,2   16:29  10,8   07:09   2,3   4,3   0,0   6,6  28,1   12:03     N
14  22,8  29,7   15:16  19,0   13:16   0,0   4,6   0,0   8,5  31,7   14:04   NNE
15  19,3  22,2   14:36  15,6   23:51   0,4   1,3  10,8   6,2  33,1   10:08   ENE
16  16,9  22,0   14:47  12,6   23:54   2,1   0,7   0,0   9,0  39,2   02:24     S
17  17,3  25,1   15:30   9,7   07:05   2,9   1,9   0,0   3,6  18,4   11:24    NE
18  18,9  25,9   15:26  12,5   06:41   1,8   2,4   0,0   7,8  27,0   13:11    NE
19  19,6  26,6   15:24  13,1   06:18   1,4   2,7   0,0   7,7  27,0   11:21   ENE
20  20,1  26,5   13:36  14,9   07:09   0,9   2,7   0,0   6,8  28,1   12:01   ENE
21  21,2  27,0   16:01  17,1   05:53   0,2   3,1   0,0   6,5  24,5   01:02     E
22  23,4  29,9   16:00  18,2   07:08   0,0   5,1   0,0   5,9  22,0   20:16     E
23  22,4  28,5   17:03  16,5   07:19   0,2   4,3   0,0   4,2  22,0   13:06     N
24  24,0  30,6   14:00  17,9   06:59   0,0   5,7   0,0   5,9  20,9   13:17    NE
25  24,6  31,3   14:52  19,1   06:29   0,0   6,3   0,0   7,9  29,5   16:55   ENE
26  24,4  30,7   17:04  19,3   04:53   0,0   6,1   3,9   7,9  39,2   06:08    NE
27  25,7  33,1   14:34  19,5   07:01   0,0   7,4   0,0   7,3  28,1   14:46   ENE
28  24,9  31,0   15:23  20,2   06:49   0,0   6,6   0,0   9,9  29,5   16:19   ENE
29  23,6  29,6   15:25  18,1   07:17   0,0   5,3   0,0  11,7  36,7   17:15   ENE
30  21,1  22,9   00:00  19,9   13:10   0,0   2,8  58,5   9,1  40,3   12:59   ENE
31  23,7  29,6   15:43  20,1   06:02   0,0   5,4   0,0   7,6  27,0   10:22   ENE
----------------------------------------------------------------------------------
    21,9  35,2     2     9,7    17    17,4 129,0 164,7   7,4  50,0     9     ENE

Max >=  27,0: 18
Max <=   0,0:  0
Min <=   0,0:  0
Min <= -18,0:  0
Max Rain: 67,5 on day 9
Days of Rain: 8 (>= 0,2 mm)  7 (>= 2,0 mm)  2 (>= 20,0 mm)
Heat Base: 18,3  Cool Base: 18,3  Method: Integration