NOAA-Style Climate Reports

Select a Year or Month report
2017: Ene Feb Mar Abr May Jun Jul Ago Sep Oct Nov Dic
2016: Ene Feb Mar Abr May Jun Jul Ago Sep Oct Nov Dic
2015: Ene Feb Mar Abr May Jun Jul Ago Sep Oct Nov Dic
2014: Ene Feb Mar Abr May Jun Jul Ago Sep Oct Nov Dic
2013: Ene Feb Mar Abr May Jun Jul Ago Sep Oct Nov Dic
2012: Ene Feb Mar Abr May Jun Jul Ago Sep Oct Nov Dic

Report for 2017 Febrero
                   Monthly Climatological Summary for feb 2017

Name: WXElortondo   City: Elortondo   State: Argentina
Elevation: 104 m  Lat: S 33° 42' 17"   Lon: W 061° 37' 16"

                  Temperature (°C), Rain (mm), Wind Speed (km/h)

                                      Heat  Cool        Avg
    Mean                              Deg   Deg         Wind                 Dom
Day Temp  High   Time   Low    Time   Days  Days  Rain  Speed High   Time    Dir
----------------------------------------------------------------------------------
 1  22,6  27,3   14:45  18,7   07:16   0,0   4,3  18,9   7,8  57,6   00:56   SSE
 2  23,7  29,3   16:42  17,8   05:51   0,0   5,4   0,0   3,7  17,3   14:46   ESE
 3  25,5  32,4   16:16  19,4   05:02   0,0   7,0   0,0   6,6  29,5   12:02    NE
 4  20,6  23,6   09:47  17,6   23:02   0,0   2,3  25,5   9,5  40,3   23:06    SO
 5  17,5  21,7   16:35  14,4   23:54   1,1   0,3   1,8  14,7  50,0   10:12   OSO
 6  19,1  25,8   15:58  12,3   06:54   1,7   2,5   0,0   3,2  18,4   17:34    SE
 7  21,6  28,0   15:22  15,2   05:46   0,5   3,8   0,0   6,9  24,5   12:06    NE
 8  24,3  30,9   15:35  18,5   06:11   0,0   6,0   0,0   9,0  30,6   09:42    NE
 9  22,4  26,3   13:49  19,6   06:28   0,0   4,1   0,0   8,5  42,8   09:27   ESE
10  22,9  28,2   13:49  18,0   07:16   0,0   4,6   0,0   7,0  29,5   11:24   SSE
11  22,6  28,5   15:37  18,2   06:14   0,0   4,3   0,0   6,2  24,5   15:45    SE
12  21,3  27,8   17:53  16,5   06:56   0,2   3,2   0,0   7,4  29,5   18:04   SSE
13  20,5  24,0   15:24  17,8   04:42   0,1   2,3   0,0   7,0  30,6   15:29     S
14  22,8  27,3   17:38  20,3   00:57   0,0   4,5   0,0   5,1  22,0   15:17     S
15  25,3  32,7   16:13  19,0   05:40   0,0   6,8   0,0   3,8  18,4   16:24   NNO
16  25,4  31,0   16:49  19,9   07:37   0,0   7,1   2,4   5,8  35,6   06:39     N
17  22,0  25,7   19:32  19,0   19:31   3,2   2,3  20,7   6,0  57,6   19:37    NE
18  22,4  28,4   16:53  19,0   04:21   0,0   4,2   7,2   4,9  33,1   01:55    NO
19  24,1  31,0   15:55  16,6   06:40   0,1   6,0   0,0   6,0  28,1   11:51     N
20  26,9  33,9   15:25  20,1   05:46   0,0   8,6   0,0   5,8  23,4   16:24   NNE
21  28,7  35,4   15:36  23,9   06:31   0,0  10,4   0,0   6,2  24,5   18:54   NNE
22  27,1  33,6   15:44   0,0   00:23   0,0   8,8   0,0   6,0  23,4   09:56   NNE
23  28,7  34,7   15:51  23,4   06:24   0,0  10,4   0,0   4,3  17,3   15:31    NE
24  29,8  36,9   14:32  23,8   06:48   0,0  11,8   0,0   4,4  18,4   12:30    NE
25  29,0  36,5   14:31  23,1   06:39   0,0  10,7   0,0   3,8  29,5   18:27   NNE
26  28,6  34,9   14:53  25,1   07:18   0,0  10,3   0,0   5,5  29,5   15:38   NNE
27  26,5  33,0   15:32  23,2   23:52   0,0   8,1   6,0   5,3  28,1   16:10    NE
28  27,0  34,4   14:52  20,1   06:45   0,0   8,7   0,0   3,8  17,3   15:25   NNO
----------------------------------------------------------------------------------
    24,2  36,9    24     0,0    22     6,9 168,8  82,5   6,2  57,6     1     ENE

Max >=  27,0: 22
Max <=   0,0:  0
Min <=   0,0:  1
Min <= -18,0:  0
Max Rain: 25,5 on day 4
Days of Rain: 7 (>= 0,2 mm)  6 (>= 2,0 mm)  2 (>= 20,0 mm)
Heat Base: 18,3  Cool Base: 18,3  Method: Integration