NOAA-Style Climate Reports


Report for 2017 Enero
                   Monthly Climatological Summary for ene 2017

Name: WXElortondo   City: Elortondo   State: Argentina
Elevation: 104 m  Lat: S 33° 42' 17"   Lon: W 061° 37' 16"

                  Temperature (°C), Rain (mm), Wind Speed (km/h)

                                      Heat  Cool        Avg
    Mean                              Deg   Deg         Wind                 Dom
Day Temp  High   Time   Low    Time   Days  Days  Rain  Speed High   Time    Dir
----------------------------------------------------------------------------------
 1  26,0  31,4   16:50  21,0   04:38   0,0   7,7  52,2   8,0  41,8   02:54    SE
 2  25,1  30,5   14:36  19,5   06:20   0,0   6,8   0,0   8,3  31,7   17:00   ENE
 3  25,7  29,7   16:54  22,1   23:48   0,0   7,4   1,8   8,2  28,1   18:13   SSE
 4  23,7  29,6   15:23  17,8   06:37   0,0   5,4   4,2   6,6  33,1   11:03     S
 5  22,9  28,6   15:04  17,0   05:24   0,2   4,7   0,0   6,5  28,1   09:16   SSE
 6  24,8  31,6   15:58  17,4   06:23   0,0   6,6   0,0  10,9  35,6   15:15    NE
 7  28,8  34,6   16:15  23,7   00:43   0,0  10,6   0,0   8,0  27,0   11:27     N
 8  24,4  27,8   18:09  19,2   10:25   0,0   6,0  49,8   8,4  36,7   09:40     E
 9  25,8  30,8   14:29  17,7   23:51   0,0   7,5   1,8   7,8  43,9   18:49     E
10  21,7  28,3   16:39  15,1   05:49   0,7   4,0   0,0   2,1  20,9   16:12     E
11  24,8  31,2   17:26  17,0   04:53   0,1   6,6   0,0   6,1  25,6   14:18   NNE
12  27,2  33,4   17:02  20,6   05:19   0,0   8,9   0,0   8,6  33,1   11:18   NNE
13  26,3  30,2   15:44  22,1   23:56   0,0   8,0   0,0   7,5  30,6   09:36   SSO
14  24,1  30,7   15:38  18,7   06:40   0,0   5,7  12,6  10,9  35,6   22:57   ENE
15  18,7  22,4   03:07  16,1   09:05   0,5   0,9 245,1  19,0  62,3   14:49   SSE
16  22,6  28,6   17:26  18,3   00:55   0,0   4,2   0,3   8,1  29,5   14:36     S
17  26,4  33,3   15:10  20,2   04:59   0,0   8,1   0,0   4,4  23,4   15:39    SO
18  26,0  32,7   13:50  20,1   05:30   0,0   7,7   0,0   2,6  18,4   13:25    NE
21  27,2  34,1   16:52  19,0   15:59   3,2   9,3   0,0  11,5  18,4   13:21    NE
22  28,2  34,1   15:04  22,7   07:00   0,0   9,7   0,0   8,4  23,4   10:27    NE
23  27,5  32,6   14:05  23,0   06:31   0,0   9,5   0,0   6,5  20,9   10:39   ENE
24  25,6  31,1   12:48  21,0   06:27   0,0   7,5   0,0   6,7  37,8   10:58   OSO
25  21,6  26,6   15:20  16,6   06:28   0,2   3,5   0,0   8,1  30,6   14:03     S
26  19,4  25,3   15:27  12,1   06:27   1,3   2,5   0,0   5,4  23,4   12:21   SSE
27  21,9  28,9   17:09  14,4   06:43   0,7   4,3   0,0   6,6  28,1   13:31   NNE
28  24,0  31,7   15:45  16,4   06:16   0,4   6,1   0,0   9,6  33,1   09:48   NNE
29  25,3  32,6   16:18  18,6   04:21   0,0   6,8   0,0  11,1  39,2   10:28   NNE
30  27,9  35,6   16:59  19,1   04:55   0,0   9,6   0,0   9,1  34,2   11:44   NNE
31  28,7  35,0   16:11  22,8   06:16   0,0  10,4   0,0   7,8  25,6   09:19   NNE
----------------------------------------------------------------------------------
    24,9  35,6    30    12,1    26     7,3 196,0 367,8   7,9  62,3    15       E

Max >=  27,0: 26
Max <=   0,0:  0
Min <=   0,0:  0
Min <= -18,0:  0
Max Rain: 245,1 on day 15
Days of Rain: 8 (>= 0,2 mm)  5 (>= 2,0 mm)  3 (>= 20,0 mm)
Heat Base: 18,3  Cool Base: 18,3  Method: Integration