NOAA-Style Climate Reports

Select a Year or Month report
2017: Ene Feb Mar Abr May Jun Jul Ago Sep Oct Nov Dic
2016: Ene Feb Mar Abr May Jun Jul Ago Sep Oct Nov Dic
2015: Ene Feb Mar Abr May Jun Jul Ago Sep Oct Nov Dic
2014: Ene Feb Mar Abr May Jun Jul Ago Sep Oct Nov Dic
2013: Ene Feb Mar Abr May Jun Jul Ago Sep Oct Nov Dic
2012: Ene Feb Mar Abr May Jun Jul Ago Sep Oct Nov Dic

Report for 2017
                   Annual Climatological Summary for 2017

Name: WXElortondo   City: Erlortondo   State: Argentina
Elevation: 104 m  Lat: S 33° 42' 17"   Lon: W 061° 37' 16"

                  Temperature (°C), Heat Base: 18,3  Cool Base: 18,3
                          Dep.  Heat  Cool                       Max  Max  Min  Min
        Mean  Mean        From  Deg   Deg                        >=   <=   <=   <=
 YR MO  Max   Min   Mean  Norm  Days  Days  Hi  Date  Low  Date 27,0  0,0  0,0 -18,0
------------------------------------------------------------------------------------
 17  1  30,8  18,9  24,9   0.0     7   196  35,6  30  12,1   26   26    0    0    0
 17  2  30,1  18,6  24,2   0.0     6   168  36,9  24   0,0   22   22    0    1    0
 17  3  28,0  16,7  21,9   0.0    17   129  35,2   2   9,7   17   18    0    0    0
 17  4  19,9  11,6  15,5   0.0   124    32  29,5   1   0,0   28    4    3    4    0
 17  5  15,6   8,0  11,7   0.0   223    10  26,3   6   0,0    1    0    5    7    0
 17  6  18,7   7,4  12,5   0.0   185    19  27,7  25  -0,5   19    1    0    1    0
 17  7  20,1  15,0  17,1   0.0    27     9  27,2  28  11,6   31    1    0    0    0
 17  8  20,7   9,4  14,6   0.0   130    15  27,9  18   2,6   30    3    0    0    0
 17  9  21,6   8,9  14,9   0.0    80    14  27,6  19   4,7   16    2    0    0    0
 17 10
 17 11
 17 12
------------------------------------------------------------------------------------
        22,8  12,7  17,5   0.0   803   595  36,9 feb  -0,5  jun   77    8   13    0

                                Precipitation (mm)

              Dep.   Max        Days of Rain
              From   Obs.           >=
 YR MO Total  Norm   Day Date  0,2  2,0 20,0
---------------------------------------------
 17  1 367,8   0.0 245,1  15     8    5    3
 17  2  82,5   0.0  25,5   4     7    6    2
 17  3 164,7   0.0  67,5   9     8    7    2
 17  4 255,0   0.0  52,2   2    11    9    5
 17  5  76,5   0.0  48,0  12     7    3    2
 17  6   0,3   0.0   0,3   8     1    0    0
 17  7   0,0   0.0   0,0   0     0    0    0
 17  8  54,0   0.0  38,4  11     8    2    1
 17  9  71,4   0.0  40,0  10     3    3    2
 17 10
 17 11
 17 12
---------------------------------------------
      1072,2   0.0 245,1  ene   53   35   17

                                Wind Speed (km/h)
                          Dom
 YR MO   Avg.  Hi   Date  Dir
------------------------------
 17  1   7,9  62,3   15   ENE
 17  2   6,2  57,6   17   ENE
 17  3   0,0  50,0    9   ---
 17  4   7,3  62,3    7    SE
 17  5   6,2  54,0    8    SE
 17  6   7,4  57,6   17   NNE
 17  7   0,1  19,4   18    NE
 17  8   8,5  68,4   18   ENE
 17  9  10,8  56,2   10   ENE
 17 10
 17 11
 17 12
------------------------------
         6,1  68,4  ago     E