NOAA-Style Climate Reports

Select a Year or Month report
2017: Ene Feb Mar Abr May Jun Jul Ago Sep Oct Nov Dic
2016: Ene Feb Mar Abr May Jun Jul Ago Sep Oct Nov Dic
2015: Ene Feb Mar Abr May Jun Jul Ago Sep Oct Nov Dic
2014: Ene Feb Mar Abr May Jun Jul Ago Sep Oct Nov Dic
2013: Ene Feb Mar Abr May Jun Jul Ago Sep Oct Nov Dic
2012: Ene Feb Mar Abr May Jun Jul Ago Sep Oct Nov Dic

Report for 2016 Diciembre
                   Monthly Climatological Summary for dic 2016

Name: WXElortondo   City: Elortondo   State: Argentina
Elevation: 104 m  Lat: S 33° 42' 17"   Lon: W 061° 37' 16"

                  Temperature (°C), Rain (mm), Wind Speed (km/h)

                                      Heat  Cool        Avg
    Mean                              Deg   Deg         Wind                 Dom
Day Temp  High   Time   Low    Time   Days  Days  Rain  Speed High   Time    Dir
----------------------------------------------------------------------------------
 1  25,4  33,1   15:32  17,9   06:10   0,0   7,1   0,0   8,8  29,5   10:17   NNE
 2  25,8  31,9   13:34  19,5   06:57   0,0   7,5   0,0   4,9  22,0   09:30     N
 3  26,5  34,2   16:30  19,3   06:16   0,0   8,2   0,0   6,4  25,6   13:42   SSE
 4  27,7  34,8   13:58  20,3   06:07   0,0   9,4   0,0   9,7  39,2   17:06   NNE
 5  22,3  29,3   11:39  17,0   23:53   0,1   4,1   0,0   8,1  39,2   14:30     S
 6  22,3  30,2   16:56  12,7   05:42   1,1   5,0   0,0   2,5  19,4   14:18   SSO
 7  25,6  33,2   15:23  15,9   04:56   0,4   7,8   0,0   2,8  22,0   15:51    SE
 8  22,1  26,7   15:02  17,4   07:00   0,1   3,8   0,0  10,1  42,8   12:31    SE
 9  21,8  29,8   16:03  13,7   06:04   0,9   4,4   0,0   6,0  28,1   08:36   NNE
10  25,0  33,5   16:22  15,3   06:14   0,6   7,3   0,0   7,5  34,2   10:32     O
11  26,1  32,3   16:49  20,5   06:17   0,0   7,8   0,0   6,6  35,6   07:36    SO
12  27,3  37,3   14:59  16,8   05:35   0,1   9,1   4,2   9,4  39,2   10:43   ONO
13  20,6  25,3   15:21  14,8   06:18   0,5   2,7   0,0  10,0  37,8   14:31     S
14  21,0  29,1   16:06  12,3   02:48   1,4   4,1   0,0   6,6  31,7   20:11    NE
15  23,9  31,8   16:02  15,1   06:22   0,5   6,1   0,0  12,7  42,8   15:36   NNE
16  24,7  32,5   15:53  16,0   05:28   0,3   6,7   0,0  12,1  40,3   09:15   NNE
17  28,1  36,7   16:43  17,7   06:00   0,0   9,8   0,0   9,2  33,1   08:46   NNE
18  21,3  26,2   00:00  16,9   23:52   0,1   3,1  11,1  10,7  57,6   12:25     S
19  24,4  32,6   16:49  15,7   05:08   0,6   6,7   0,0   4,7  24,5   08:46   OSO
20  26,8  35,0   16:01  17,6   05:59   0,0   8,5   0,0   9,3  34,2   16:50   NNE
21  28,6  36,8   17:24  19,3   05:38   0,0  10,5   0,0   8,2  30,6   10:03     N
22  21,2  27,7   02:24  18,2   21:19   0,0   3,0  63,0  10,8  39,2   08:24   SSE
23  23,4  30,1   16:28  17,2   05:54   0,1   5,2   0,0   3,9  28,1   00:37   SSO
24  22,9  28,6   11:42  18,0   05:52   0,0   4,7   4,5   8,0  36,7   11:12    NE
25  20,9  22,9   18:06  19,3   09:21   0,0   2,6 181,8   9,3  36,7   06:13     E
26  23,3  28,9   15:39  19,6   22:19   0,0   5,0  26,4   8,0  49,0   02:54    SE
27  23,9  29,2   14:56  18,7   02:30   0,0   5,6   2,4   5,7  24,5   01:23     S
28  24,5  29,5   12:57  19,0   16:25   0,0   6,1   0,0   3,7  27,0   19:00    NE
29  26,3  32,6   14:12  18,9   06:09   0,0   8,2   0,0   5,6  22,0   09:14   NNE
30  28,6  34,5   16:06  21,7   05:55   0,0  10,3   0,0   5,3  20,9   13:57   NNE
31  30,2  37,0   15:51  24,2   06:06   0,0  11,5   0,0   6,1  24,5   13:02   NNE
----------------------------------------------------------------------------------
    24,6  37,3    12    12,3    14     6,8 201,9 293,4   7,5  57,6    18      NE

Max >=  27,0: 27
Max <=   0,0:  0
Min <=   0,0:  0
Min <= -18,0:  0
Max Rain: 181,8 on day 25
Days of Rain: 7 (>= 0,2 mm)  7 (>= 2,0 mm)  3 (>= 20,0 mm)
Heat Base: 18,3  Cool Base: 18,3  Method: Integration