NOAA-Style Climate Reports


Report for 2016 Noviembre
                   Monthly Climatological Summary for nov 2016

Name: WXElortondo   City: Elortondo   State: Argentina
Elevation: 104 m  Lat: S 33° 42' 17"   Lon: W 061° 37' 16"

                  Temperature (°C), Rain (mm), Wind Speed (km/h)

                                      Heat  Cool        Avg
    Mean                              Deg   Deg         Wind                 Dom
Day Temp  High   Time   Low    Time   Days  Days  Rain  Speed High   Time    Dir
----------------------------------------------------------------------------------
 1  16,3  19,4   15:29   9,5   23:21   2,1   0,1   0,0  14,3  56,2   16:31   SSO
 2  15,0  22,1   15:44   7,6   06:07   4,4   0,9   0,0   9,0  33,1   16:33   OSO
 3  20,8  31,2   16:32   9,9   05:49   2,2   4,7   0,0   9,3  34,2   14:26   NNO
 4  24,9  33,2   17:00  15,0   06:09   0,3   6,8   0,0   6,6  27,0   00:09    NE
 5  25,7  33,9   14:18  17,0   06:10   0,1   7,5   0,0  11,0  36,7   14:20   NNE
 6  27,2  35,9   15:50  18,2   05:56   0,0   8,9   0,0   9,2  36,7   09:50   NNE
 7  19,7  24,0   00:00  13,3   09:03   0,9   2,3   4,8   8,2  57,6   07:52   SSE
 8  18,7  26,8   18:30  14,9   05:53   1,3   1,7   0,0   6,3  19,4   20:45     E
 9  20,4  25,6   15:48  15,3   23:54   0,3   2,4   4,8   7,6  34,2   14:51     S
10  21,9  30,6   15:19  12,3   05:39   1,4   5,0   0,0   6,9  27,0   09:21    NO
11  21,3  28,9   15:47  13,3   04:08   1,2   4,2   0,0   5,6  33,1   13:46     E
12  23,1  30,6   15:06  13,8   05:55   0,6   5,5   0,0   7,5  34,2   16:50   NNE
13  20,1  24,4   18:06  16,2   07:50   0,4   2,2  26,4   8,7  47,9   06:21   NNE
14  24,0  30,6   14:14  16,0   03:55   0,5   6,2   0,0   5,1  27,0   15:14     N
15  24,2  31,4   13:27  18,2   05:45   0,0   6,1   0,0  10,6  43,9   15:38     S
16  17,6  24,0   16:29  13,0   07:06   1,7   1,0   4,5   5,9  30,6   16:59   SSO
17  16,5  21,9   18:23  11,7   23:46   2,3   0,4   0,0   5,3  17,3   18:23    SO
18  17,3  24,6   15:42   9,0   05:20   2,9   1,8   0,0   8,6  29,5   11:55   NNE
19  19,5  27,0   15:53  10,7   05:46   2,0   3,3   0,0  10,4  34,2   09:20   NNE
20  21,9  28,0   14:46  17,3   23:56   0,0   3,6   5,4   8,6  34,2   19:29   ENE
21  16,4  21,6   15:41  11,5   06:18   2,5   0,6   0,0  10,2  31,7   04:17   SSE
22  18,6  26,1   17:14  10,4   03:03   2,3   2,7   0,0   2,3  12,2   07:31    NE
23  22,4  30,5   16:12  12,9   04:43   1,1   5,2   0,0   5,8  18,4   10:01   NNE
24  23,2  28,9   15:10  16,6   06:20   0,3   5,3   0,0   6,1  18,4   10:45   NNE
25  26,3  34,1   14:52  18,2   05:19   0,0   8,0   0,0   7,5  30,6   18:51    NE
26  21,2  25,4   09:20  17,8   22:30   0,0   2,9  15,9   8,0  43,9   09:39   ESE
27  23,2  29,9   16:13  16,8   06:16   0,2   5,1   0,0   5,2  23,4   09:48     S
28  20,5  25,8   18:00  17,1   05:35   0,1   2,2   0,0   6,9  30,6   06:05     S
29  24,9  31,2   14:40  15,2   04:35   0,5   7,1   0,0   4,6  22,0   14:12   ESE
30  27,9  29,7   18:12  19,0   18:10   0,0   9,6   0,0   5,3  25,6   18:44     E
----------------------------------------------------------------------------------
    21,4  35,9     6     7,6     2    31,6 123,3  61,8   7,8  57,6     7     ENE

Max >=  27,0: 17
Max <=   0,0:  0
Min <=   0,0:  0
Min <= -18,0:  0
Max Rain: 26,4 on day 13
Days of Rain: 6 (>= 0,2 mm)  6 (>= 2,0 mm)  1 (>= 20,0 mm)
Heat Base: 18,3  Cool Base: 18,3  Method: Integration