NOAA-Style Climate Reports


Report for 2016 Octubre
                   Monthly Climatological Summary for oct 2016

Name: WXElortondo   City: Elortondo   State: Argentina
Elevation: 104 m  Lat: S 33° 42' 17"   Lon: W 061° 37' 16"

                  Temperature (°C), Rain (mm), Wind Speed (km/h)

                                      Heat  Cool        Avg
    Mean                              Deg   Deg         Wind                 Dom
Day Temp  High   Time   Low    Time   Days  Days  Rain  Speed High   Time    Dir
----------------------------------------------------------------------------------
 1  17,0  24,5   15:33  10,8   02:29   2,7   1,4   0,0   9,6  29,5   16:27   ENE
 2  17,4  21,7   16:05  14,0   23:28   1,6   0,7   0,0  10,0  31,7   05:52     E
 3  18,6  26,6   16:04  10,0   05:50   2,3   2,6   0,0   8,8  29,5   14:05     E
 4  17,8  26,2   14:37  13,4   18:57   2,2   1,6  41,1  13,5  43,9   18:39   ENE
 5  15,0  19,6   15:52  10,8   23:38   3,5   0,1   9,9  16,1  52,6   03:28     S
 6  12,0  19,0   19:23   8,0   06:32   6,2   0,0   0,0   3,9  15,8   20:25     E
 7  15,3  21,3   15:40  10,5   23:20   3,4   0,4   1,8   8,1  37,8   17:02    SO
 8  15,1  23,0   15:42   6,7   06:11   4,2   0,9   0,0   3,9  19,4   16:00   ENE
 9  18,7  27,8   15:12  11,1   06:12   2,4   2,8   0,0  10,3  34,2   11:35     N
10  15,9  19,7   15:40   0,0   12:53   2,5   0,1   0,9  11,1  41,8   12:53    NE
11  18,6  26,9   15:20  10,8   04:41   2,4   2,7   0,0   8,3  30,6   15:06    NE
12  21,2  28,6   14:37  15,2   02:24   0,6   3,4   0,0   9,5  37,8   16:20   ENE
13  18,8  22,4   18:07  15,8   06:30   0,5   0,9   1,5   5,2  30,6   06:23    SE
14  21,7  27,8   15:59  15,4   04:29   0,8   4,2   0,0   9,0  35,6   09:15    NE
15  19,5  23,9   16:00  16,0   07:46   0,5   1,7  50,4   8,2  42,8   05:53   ESE
16  20,1  26,3   14:24  16,7   23:56   0,5   2,3   3,6   6,5  27,0   05:40   SSO
17  18,6  24,6   15:05  13,6   05:45   1,5   1,8   0,0  11,4  35,6   12:07   SSE
18  14,9  17,8   14:17  12,7   06:24   3,4   0,0  11,1  14,7  51,5   02:33    SE
19  13,8  15,3   10:30  11,9   23:36   4,5   0,0  37,8  12,5  50,0   10:15    SE
20  12,9  16,3   17:08  10,0   23:57   5,4   0,0   0,0   8,8  28,1   09:08   SSE
21  15,2  21,9   14:33   8,8   06:15   3,6   0,6   0,0   3,5  18,4   23:37    NE
22  18,1  24,3   16:22  11,7   03:11   2,1   1,9   0,0   8,7  31,7   09:51    NE
23  20,9  27,4   14:56  16,1   00:00   0,6   3,2   0,0   8,3  25,6   17:23   ENE
24  19,6  24,9   13:03  15,3   07:12   0,8   2,1   0,0  12,2  35,6   13:47     E
25  17,8  20,1   16:07  16,2   23:10   0,6   0,2   9,3   9,3  33,1   09:42    SE
26  17,0  20,8   16:18  13,3   23:37   1,7   0,4   3,0  13,1  45,4   15:26   SSO
27  13,4  19,0   18:07   9,7   06:15   4,9   0,0   0,0  13,6  42,8   00:30   SSO
28  15,5  23,7   16:50   7,7   05:32   4,1   1,3   0,0   6,6  25,6   16:40    NE
29  18,7  27,5   16:18  10,2   05:55   2,4   2,8   0,0  11,7  41,8   14:06   NNE
30  20,2  23,2   10:03  13,2   06:28   1,2   3,0   0,0  11,1  30,6   09:27   NNE
31  22,8  27,2   16:47  16,6   07:34   0,0   4,7   0,0  11,5  27,0   09:34     N
----------------------------------------------------------------------------------
    17,5  28,6    12     0,0    10    73,1  47,8 170,4   9,6  52,6     5       E

Max >=  27,0:  6
Max <=   0,0:  0
Min <=   0,0:  1
Min <= -18,0:  0
Max Rain: 50,4 on day 15
Days of Rain: 11 (>= 0,2 mm)  8 (>= 2,0 mm)  3 (>= 20,0 mm)
Heat Base: 18,3  Cool Base: 18,3  Method: Integration