NOAA-Style Climate Reports

Select a Year or Month report
2017: Ene Feb Mar Abr May Jun Jul Ago Sep Oct Nov Dic
2016: Ene Feb Mar Abr May Jun Jul Ago Sep Oct Nov Dic
2015: Ene Feb Mar Abr May Jun Jul Ago Sep Oct Nov Dic
2014: Ene Feb Mar Abr May Jun Jul Ago Sep Oct Nov Dic
2013: Ene Feb Mar Abr May Jun Jul Ago Sep Oct Nov Dic
2012: Ene Feb Mar Abr May Jun Jul Ago Sep Oct Nov Dic

Report for 2016 Septiembre
                   Monthly Climatological Summary for sep 2016

Name: WXElortondo   City: Elortondo   State: Argentina
Elevation: 104 m  Lat: S 33° 42' 17"   Lon: W 061° 37' 16"

                  Temperature (°C), Rain (mm), Wind Speed (km/h)

                                      Heat  Cool        Avg
    Mean                              Deg   Deg         Wind                 Dom
Day Temp  High   Time   Low    Time   Days  Days  Rain  Speed High   Time    Dir
----------------------------------------------------------------------------------
 1   9,9  12,5   15:15   5,4   23:44   8,4   0,0   0,6   7,5  33,1   00:11   SSE
 2   8,6  16,0   14:38   1,3   04:30   9,7   0,0   0,0   4,0  29,5   14:15   SSE
 3   8,3  14,8   12:25   2,5   06:14  10,0   0,0   0,0   3,8  20,9   14:19    SE
 4   6,7  12,5   15:06   1,6   05:42  11,6   0,0   0,0   6,3  34,2   16:33   SSE
 5   8,1  11,5   17:02   5,2   00:00  10,2   0,0  10,2   7,6  25,6   15:30   SSO
 6   9,2  16,0   15:26   3,7   07:14   9,1   0,0   0,0  11,8  40,3   14:01    SO
 7  10,8  19,7   17:23   1,8   06:34   7,6   0,1   0,0   4,1  22,0   11:36    SO
 8  15,7  26,5   15:44   5,8   07:19   4,6   2,0   0,0   8,1  30,6   23:29     N
 9  18,5  28,8   15:43  10,3   07:16   2,7   2,9   0,0  10,4  34,2   11:05     N
10  20,0  30,0   15:58  11,6   07:23   2,0   3,6   0,0   8,1  27,0   12:59   NNE
11  21,4  30,0   15:26  13,9   07:28   1,1   4,1   0,0   8,7  25,6   13:09    NE
12  16,9  20,1   10:47  11,3   23:50   1,6   0,2  26,7   8,1  39,2   14:06    SE
13  13,5  18,4   16:53  10,2   07:06   4,8   0,0   0,0  16,8  58,7   17:02    SO
14  12,6  18,0   15:28   7,5   07:12   5,7   0,0   0,0   9,9  39,2   11:17    SO
15  14,9  23,5   16:24   7,1   07:04   4,7   1,2   0,0   4,9  22,0   21:56   NNE
16  17,1  25,7   14:46  10,7   05:36   3,1   1,8   0,0   8,9  33,1   12:33   NNE
17  17,3  21,5   17:29  12,8   05:31   1,8   0,8   0,0   7,8  29,5   23:51     E
18  14,9  20,8   15:55   9,4   23:58   3,8   0,3   0,9  10,7  40,3   14:43     S
19  13,2  20,7   17:10   6,0   07:01   5,5   0,4   0,0   4,4  20,9   22:21     E
20  16,1  24,0   15:32   9,3   03:31   3,6   1,4   0,0  11,5  35,6   13:55    NE
21  19,5  26,3   15:57  13,1   00:53   2,5   3,6   0,0  12,3  35,6   12:18    NE
22  24,4  30,0   13:49  14,5   23:58   0,2   6,4   0,0  13,6  39,2   17:19     E
23  11,9  19,0   11:37   6,1   06:50   6,4   0,0   0,0   9,0  35,6   00:24   SSE
24  13,3  19,4   16:27   9,4   23:45   5,1   0,1   3,6   1,5  12,2   11:23   SSE
25  13,7  22,5   15:59   5,6   06:39   5,4   0,8   0,0   7,5  31,7   15:39    NE
26  17,5  26,7   15:57   9,0   06:40   3,3   2,5   0,0   8,9  28,1   16:49   NNE
27  20,9  30,0   15:19  12,3   07:11   1,6   4,2   0,0   9,0  29,5   11:47   NNE
28  21,3  30,3   13:36  16,0   05:23   0,7   3,7   0,0   8,7  37,8   20:31     E
29  13,3  21,4   05:00  10,1   07:08   5,2   0,2  13,2  11,6  33,1   20:33     E
30  14,4  19,5   16:23  11,3   06:21   4,0   0,1   0,3  11,7  34,2   11:15   ENE
----------------------------------------------------------------------------------
    14,8  30,3    28     1,3     2   146,0  40,4  55,5   8,5  58,7    13       E

Max >=  27,0:  6
Max <=   0,0:  0
Min <=   0,0:  0
Min <= -18,0:  0
Max Rain: 26,7 on day 12
Days of Rain: 7 (>= 0,2 mm)  4 (>= 2,0 mm)  1 (>= 20,0 mm)
Heat Base: 18,3  Cool Base: 18,3  Method: Integration