NOAA-Style Climate Reports

Select a Year or Month report
2017: Ene Feb Mar Abr May Jun Jul Ago Sep Oct Nov Dic
2016: Ene Feb Mar Abr May Jun Jul Ago Sep Oct Nov Dic
2015: Ene Feb Mar Abr May Jun Jul Ago Sep Oct Nov Dic
2014: Ene Feb Mar Abr May Jun Jul Ago Sep Oct Nov Dic
2013: Ene Feb Mar Abr May Jun Jul Ago Sep Oct Nov Dic
2012: Ene Feb Mar Abr May Jun Jul Ago Sep Oct Nov Dic

Report for 2016 Agosto
                   Monthly Climatological Summary for ago 2016

Name: WXElortondo   City: Elortondo   State: Argentina
Elevation: 104 m  Lat: S 33° 42' 17"   Lon: W 061° 37' 16"

                  Temperature (°C), Rain (mm), Wind Speed (km/h)

                                      Heat  Cool        Avg
    Mean                              Deg   Deg         Wind                 Dom
Day Temp  High   Time   Low    Time   Days  Days  Rain  Speed High   Time    Dir
----------------------------------------------------------------------------------
 1  10,2  17,4   15:33   4,4   07:51   8,1   0,0   0,0   6,6  23,4   12:59     S
 2   9,6  15,8   16:00   6,0   01:16   8,7   0,0   0,0   8,9  27,0   13:27    NE
 3  11,6  19,2   15:49   6,3   04:43   6,8   0,1   0,0   9,3  27,0   10:17    NE
 4  13,7  21,0   14:51   8,2   08:07   5,0   0,4   0,0   4,7  19,4   15:38    NE
 5  12,6  16,5   16:30   8,5   23:35   5,7   0,0   1,5   3,5  23,4   15:52    SE
 6  12,8  21,7   16:17   7,4   01:18   6,0   0,5   0,0   2,0  15,8   14:09   ONO
 7  14,0  21,9   15:31   5,4   07:54   4,9   0,6   0,0   4,8  24,5   21:33   NNE
 8  14,5  21,1   13:53   7,8   23:57   4,3   0,4   0,3   7,6  33,1   12:35   ONO
 9  12,7  21,3   16:00   4,6   07:37   6,1   0,5   0,0   2,1  17,3   14:53   ONO
10  11,8  21,2   16:02   7,2   04:37   6,7   0,2   0,0   8,3  24,5   16:02   NNE
11  12,9  19,5   15:02   7,1   07:53   5,4   0,1   0,0  10,5  37,8   10:46   NNE
12  15,4  24,6   15:02   8,5   05:43   4,3   1,3   0,0   8,4  28,1   15:53   NNE
13  16,3  23,9   13:55  10,5   07:25   3,1   1,1   0,0   7,5  36,7   16:20    NO
14  12,1  21,3   16:34   0,0   12:28   6,5   0,3   0,0   3,6  20,9   18:08   ENE
15  15,7  21,9   16:05  11,7   07:53   3,3   0,7   0,0   8,4  37,8   12:04   SSO
16  14,2  22,6   14:58   9,0   06:38   4,6   0,6   0,0   5,7  19,4   23:40     N
17  13,2  20,3   15:31   5,4   05:54   5,4   0,3   0,0   5,1  33,1   15:15    SO
18  13,9  22,1   14:26   7,0   08:26   5,3   0,8   0,0   5,4  24,5   13:19   NNO
19  11,3  14,9   11:38   7,8   07:41   6,9   0,0   0,0   4,1  27,0   09:48   SSE
20   9,7  16,1   15:15   3,7   07:41   8,6   0,0   0,0   6,6  31,7   13:53   SSE
21   9,2  16,8   16:13   2,3   06:50   9,1   0,0   0,0   6,2  29,5   12:54   NNO
22  13,9  23,5   15:22   6,9   02:39   5,3   1,0   0,0   9,4  33,1   11:00   NNO
23  14,6  24,3   15:35   6,6   05:37   4,9   1,2   0,0  10,1  34,2   13:12   NNE
24  16,0  25,2   15:45   7,8   07:42   4,0   1,7   0,0   9,3  28,1   11:39   NNE
25  18,8  29,0   16:08  11,0   06:45   2,6   3,0   0,0   9,2  27,0   13:39    NE
26  19,8  30,0   15:30  13,1   07:36   1,6   3,1   0,0  10,0  42,8   22:14   ESE
27  12,9  16,7   00:00   8,0   23:54   5,4   0,0   0,0  14,7  39,2   06:52   SSE
28   9,3  15,1   15:41   4,4   07:28   9,0   0,0   0,0  10,3  35,6   13:19   SSE
29   7,9  19,0   12:53   3,0   01:56  10,4   0,0   0,0   3,3  25,6   14:28     S
30  12,1  21,6   15:56   1,9   07:44   6,6   0,5   0,0   4,4  19,4   11:08   NNE
31  13,1  20,4   15:02   4,2   08:06   5,5   0,4   0,0  11,6  42,8   12:44   SSE
----------------------------------------------------------------------------------
    13,1  30,0    26     0,0    14   180,1  18,8   1,8   7,1  42,8    26      NE

Max >=  27,0:  2
Max <=   0,0:  0
Min <=   0,0:  1
Min <= -18,0:  0
Max Rain: 1,5 on day 5
Days of Rain: 2 (>= 0,2 mm)  0 (>= 2,0 mm)  0 (>= 20,0 mm)
Heat Base: 18,3  Cool Base: 18,3  Method: Integration