NOAA-Style Climate Reports


Report for 2016 Julio
                   Monthly Climatological Summary for jul 2016

Name: WXElortondo   City: Elortondo   State: Argentina
Elevation: 104 m  Lat: S 33° 42' 17"   Lon: W 061° 37' 16"

                  Temperature (°C), Rain (mm), Wind Speed (km/h)

                                      Heat  Cool        Avg
    Mean                              Deg   Deg         Wind                 Dom
Day Temp  High   Time   Low    Time   Days  Days  Rain  Speed High   Time    Dir
----------------------------------------------------------------------------------
 1  12,2  14,7   12:28   8,8   08:01   6,1   0,0   0,3   5,0  20,9   12:23     O
 2  11,6  12,6   14:04   8,1   07:05   6,8   0,0   0,6   7,1  19,4   18:36   SSE
 3  10,9  11,5   00:00  10,3   23:04   7,4   0,0   6,6   8,7  25,6   15:13   SSO
 4  10,7  11,9   14:18   9,9   08:14   7,6   0,0   0,3  10,9  29,5   13:42   SSO
 5   9,3  11,0   13:32   7,1   23:51   9,0   0,0   0,0   5,4  23,4   10:08   SSO
 6  10,0  17,1   15:10   3,9   08:12   8,3   0,0   0,0   5,2  23,4   14:16     O
 7  12,6  22,0   15:53   5,3   07:47   6,3   0,6   0,0   4,7  15,8   05:46    NO
 8  11,6  16,6   16:29   7,7   08:03   6,7   0,0   0,0   7,6  24,5   14:28   NNE
 9  11,7  17,5   14:49   8,0   08:35   6,6   0,0   0,0   5,9  25,6   11:20   NNE
10  11,0  15,2   15:34   7,6   05:30   7,3   0,0   0,0   3,3  18,4   15:37   NNE
11  11,9  14,0   11:48  10,4   01:16   6,3   0,0   0,0   3,7  19,4   11:41     E
12  12,1  17,4   15:35   7,2   23:55   6,2   0,0   0,0   5,8  25,6   02:44   OSO
13  12,1  16,4   14:59   6,6   07:41   6,2   0,0   0,0  11,2  36,7   13:42   ENE
14  16,2  16,2   00:00  16,2   00:00   2,1   0,0   0,0  20,1   0,0   00:00   ENE
15  12,6  16,2   00:00   5,3   08:46   5,7   0,0   0,0  14,5  35,6   15:28    SE
16   7,2  11,0   15:46   1,9   23:56  11,1   0,0   0,0  10,4  34,2   04:13    SO
17   5,3  11,3   15:51   0,8   03:29  13,0   0,0   0,0   4,7  19,4   13:04   ENE
18   6,2  10,7   17:02   2,8   02:05  12,1   0,0   0,0   4,8  19,4   15:36    NE
19   7,7  13,5   14:56   5,6   00:00  10,7   0,0   0,0   6,7  25,6   15:59    NE
20   8,0  14,1   15:16   3,5   04:27  10,3   0,0   0,0   8,1  25,6   10:41    NE
21   9,2  16,7   15:35   4,0   04:23   9,1   0,0   0,0   8,1  23,4   11:54    NE
22   9,7  16,9   16:13   4,2   07:41   8,6   0,0   0,0   8,5  30,6   16:25   NNE
23  11,9  21,7   16:14   5,9   07:47   6,8   0,5   0,0   5,2  23,4   12:27    NE
24  10,5  13,7   15:53   8,1   14:13   7,8   0,0   0,0   8,5  33,1   23:56   ESE
25   8,5  10,1   00:00   7,8   07:47   9,8   0,0   9,6  12,1  33,1   12:39   SSE
26   8,2  10,4   15:40   6,6   07:22  10,1   0,0   2,7  18,5  49,0   06:42    SO
27   8,5  10,8   13:06   6,6   00:55   9,8   0,0   0,0   4,4  17,3   01:59    SE
28   8,8  11,0   12:26   6,3   23:33   9,5   0,0   0,0   6,9  25,6   11:17   ENE
29   9,6  15,8   15:35   4,7   06:25   8,7   0,0   0,0   6,8  20,9   22:47   ENE
30  11,9  18,5   16:32   4,2   05:18   6,4   0,0   0,0   4,5  19,4   20:36     E
31  11,9  16,1   17:04   8,7   23:59   6,4   0,0   0,0   8,8  31,7   13:37     S
----------------------------------------------------------------------------------
    10,3  22,0     7     0,8    17   248,8   1,1  20,1   7,9  49,0    26     ESE

Max >=  27,0:  0
Max <=   0,0:  0
Min <=   0,0:  0
Min <= -18,0:  0
Max Rain: 9,6 on day 25
Days of Rain: 6 (>= 0,2 mm)  3 (>= 2,0 mm)  0 (>= 20,0 mm)
Heat Base: 18,3  Cool Base: 18,3  Method: Integration