NOAA-Style Climate Reports

Select a Year or Month report
2017: Ene Feb Mar Abr May Jun Jul Ago Sep Oct Nov Dic
2016: Ene Feb Mar Abr May Jun Jul Ago Sep Oct Nov Dic
2015: Ene Feb Mar Abr May Jun Jul Ago Sep Oct Nov Dic
2014: Ene Feb Mar Abr May Jun Jul Ago Sep Oct Nov Dic
2013: Ene Feb Mar Abr May Jun Jul Ago Sep Oct Nov Dic
2012: Ene Feb Mar Abr May Jun Jul Ago Sep Oct Nov Dic

Report for 2016 Junio
                   Monthly Climatological Summary for jun 2016

Name: WXElortondo   City: Elortondo   State: Argentina
Elevation: 104 m  Lat: S 33° 42' 17"   Lon: W 061° 37' 16"

                  Temperature (°C), Rain (mm), Wind Speed (km/h)

                                      Heat  Cool        Avg
    Mean                              Deg   Deg         Wind                 Dom
Day Temp  High   Time   Low    Time   Days  Days  Rain  Speed High   Time    Dir
----------------------------------------------------------------------------------
 1   9,6  14,7   16:15   7,1   03:01   8,7   0,0   0,0   7,7  29,5   12:59     O
 2   9,4  13,0   16:26   6,1   02:14   8,9   0,0   0,0  10,6  43,9   10:07   OSO
 3  10,4  14,0   15:29   7,3   09:18   7,9   0,0   0,6   4,4  20,9   02:31     S
 4   9,5  10,5   00:00   7,0   23:58   8,8   0,0  21,0   3,1  19,4   16:01   ESE
 5   8,1  12,5   15:55   5,7   07:11  10,2   0,0   0,0   2,2  14,8   02:58     O
 6   9,1  16,4   16:32   3,9   07:01   9,2   0,0   0,0   7,3  29,5   16:11    NO
 7  10,0  15,8   14:28   6,0   23:10   8,3   0,0   0,0   8,7  39,2   15:19     O
 8   9,4  16,7   15:23   3,1   06:32   8,9   0,0   0,0   3,2  15,8   12:52   ONO
 9  10,3  19,0   15:35   5,1   08:27   8,0   0,0   0,0   7,4  27,0   13:57   ONO
10   5,6  10,9   16:01   1,9   23:17  12,7   0,0   0,0   8,4  28,1   12:18    SO
11   6,6  14,8   16:25   1,1   06:50  11,7   0,0   0,0   3,1  18,4   10:24     O
12   9,1  17,3   15:09   2,2   08:08   9,2   0,0   0,0   6,8  27,0   16:31   NNE
13  10,0  16,3   15:04   6,4   23:57   8,3   0,0   0,0  11,8  34,2   13:20   NNE
14  10,9  18,3   15:17   4,6   06:09   7,4   0,0   0,0   5,6  18,4   10:42    NE
15  11,2  18,9   14:36   4,1   06:30   7,2   0,0   0,0  ----  14,8   14:41   SSE
16  10,9  17,6   15:13   6,2   08:31   7,4   0,0   0,0  ----  24,5   14:04    SO
17  11,5  20,1   15:11   4,7   08:17   7,0   0,2   0,0  ----  18,4   14:04    NO
18  11,4  20,2   15:04   4,9   06:42   7,1   0,2   0,0  ----  15,8   11:26   NNO
19  11,1  18,7   15:34   4,6   08:12   7,2   0,0   0,0  ----  19,4   20:48     E
20   8,6  14,0   14:27   4,9   23:36   9,7   0,0   0,0  ----  24,5   12:08   ENE
21   7,5  14,9   15:42   2,1   08:00  10,8   0,0   0,0  ----  20,9   11:14    NE
22   8,1  15,4   15:02   1,8   08:56  10,2   0,0   0,0  ----  19,4   02:40    NE
23   9,6  16,8   15:49   3,2   07:36   8,7   0,0   0,0  ----  20,9   12:03    NE
24  12,4  16,9   14:57   9,0   06:19   5,9   0,0   0,0  ----  14,8   03:14   ENE
25   9,8  12,0   11:17   7,7   06:19   8,5   0,0   0,0  ----  31,7   16:20   SSE
26   8,2   9,5   23:53   7,2   14:03  10,1   0,0  30,3  ----  47,9   14:03    SE
27   9,9  11,7   06:24   8,4   09:27   8,4   0,0   1,2  ----  28,1   08:59    NE
28   9,8  13,3   16:45   7,8   07:11   8,5   0,0   0,3  ----  34,2   04:54   NNO
29  11,2  17,4   15:52   6,8   03:11   7,1   0,0   0,0  ----  35,6   12:55   NNE
30  13,2  17,3   15:08  10,2   00:40   5,1   0,0   0,6  ----  14,8   18:09    NE
----------------------------------------------------------------------------------
     9,7  20,2    18     1,1    11   257,1   0,4  54,0   6,5  47,9    26     ONO

Max >=  27,0:  0
Max <=   0,0:  0
Min <=   0,0:  0
Min <= -18,0:  0
Max Rain: 30,3 on day 26
Days of Rain: 6 (>= 0,2 mm)  2 (>= 2,0 mm)  2 (>= 20,0 mm)
Heat Base: 18,3  Cool Base: 18,3  Method: Integration