NOAA-Style Climate Reports


Report for 2016 Mayo
                   Monthly Climatological Summary for may 2016

Name: WXElortondo   City: Elortondo   State: Argentina
Elevation: 104 m  Lat: S 33° 42' 17"   Lon: W 061° 37' 16"

                  Temperature (°C), Rain (mm), Wind Speed (km/h)

                                      Heat  Cool        Avg
    Mean                              Deg   Deg         Wind                 Dom
Day Temp  High   Time   Low    Time   Days  Days  Rain  Speed High   Time    Dir
----------------------------------------------------------------------------------
 1  12,1  15,7   12:01   6,5   05:35   6,2   0,0   0,0  12,5  29,5   11:57   NNE
 2  16,8  20,4   12:54  11,5   07:29   1,9   0,4   0,0   6,5  18,4   00:00     N
 3  14,6  17,6   15:32  10,6   23:45   3,7   0,0   0,0   5,1  20,9   07:45     E
 4  15,1  22,3   15:24   9,6   07:04   3,9   0,7   0,0   6,8  28,1   10:08   NNE
 5  14,3  17,1   12:43  12,0   07:26   4,0   0,0   0,3   5,4  25,6   23:02   ENE
 6  14,5  18,4   15:15  12,1   01:48   3,8   0,0   0,0   7,5  27,0   17:13     E
 7  13,5  18,2   15:11   9,9   08:07   4,8   0,0   0,0   7,5  24,5   00:04     E
 8  13,5  16,1   15:09  11,2   05:08   4,8   0,0   0,0   5,1  23,4   01:18     E
 9  17,0  20,6   14:17  14,2   07:41   1,8   0,4   0,0   2,5  13,3   16:48     E
10  15,8  19,7   16:18  13,0   07:34   2,6   0,1   0,0   5,4  27,0   21:34    SE
11  13,6  16,8   17:10  10,7   23:52   4,7   0,0   0,0   7,5  25,6   11:46     E
12  12,5  17,4   15:34   9,8   03:12   5,8   0,0   0,0   7,1  27,0   11:22     E
13  12,4  18,0   16:21   8,2   05:10   6,0   0,0   0,0   8,0  23,4   20:02   ENE
14  13,4  16,6   15:19  11,4   07:21   4,9   0,0   0,0   8,9  23,4   09:15   ENE
15  12,9  14,6   10:18  11,5   22:30   5,5   0,0   0,0  10,7  28,1   15:37   SSE
16  10,7  13,4   13:49   6,7   23:53   7,6   0,0   1,5   8,1  30,6   06:19     S
17   9,0  12,8   13:18   4,7   07:47   9,3   0,0   0,0   1,5  11,2   11:18   SSE
18  10,2  13,2   16:58   8,5   23:58   8,1   0,0   0,0   2,4  13,3   14:29     E
19  11,4  17,4   14:31   7,2   05:49   6,9   0,0   0,0   7,4  30,6   11:14    NE
20  12,0  15,9   13:58   8,3   07:37   6,3   0,0   0,0   4,1  19,4   22:25   SSE
21  10,9  15,8   14:37   6,9   23:40   7,4   0,0   0,0   4,6  20,9   11:42     S
22   9,2  16,0   15:44   3,8   07:39   9,1   0,0   0,0   3,6  23,4   11:42    SO
23  10,4  18,2   15:09   4,2   07:28   7,9   0,0   0,0   6,3  20,9   18:29   NNE
24   8,3  15,9   16:14   6,1   05:26  10,1   0,0   0,0   6,7  25,6   17:59    NE
25  12,4  19,4   13:18   7,3   07:55   5,9   0,0   0,0   4,2  19,4   01:18    NE
26  11,3  15,5   15:26   7,7   03:38   7,0   0,0   0,0   4,1  23,4   17:38     S
27  10,7  13,7   16:26   6,8   04:19   7,6   0,0   0,0   5,2  23,4   12:09    SE
28  12,6  14,8   16:01  10,9   09:05   5,7   0,0   3,9   6,5  28,1   21:33    SE
29  13,2  14,2   15:06  12,3   07:20   5,1   0,0   1,2   5,8  17,3   11:20     S
30  13,2  16,0   16:40  11,0   23:43   5,1   0,0   0,0   9,0  34,2   14:02   OSO
31  11,4  15,6   16:24   8,2   22:48   6,9   0,0   0,0  10,4  42,8   01:28     O
----------------------------------------------------------------------------------
    12,5  22,3     4     3,8    22   180,4   1,6   6,9   6,3  42,8    31       E

Max >=  27,0:  0
Max <=   0,0:  0
Min <=   0,0:  0
Min <= -18,0:  0
Max Rain: 3,9 on day 28
Days of Rain: 4 (>= 0,2 mm)  1 (>= 2,0 mm)  0 (>= 20,0 mm)
Heat Base: 18,3  Cool Base: 18,3  Method: Integration