NOAA-Style Climate Reports

Select a Year or Month report
2017: Ene Feb Mar Abr May Jun Jul Ago Sep Oct Nov Dic
2016: Ene Feb Mar Abr May Jun Jul Ago Sep Oct Nov Dic
2015: Ene Feb Mar Abr May Jun Jul Ago Sep Oct Nov Dic
2014: Ene Feb Mar Abr May Jun Jul Ago Sep Oct Nov Dic
2013: Ene Feb Mar Abr May Jun Jul Ago Sep Oct Nov Dic
2012: Ene Feb Mar Abr May Jun Jul Ago Sep Oct Nov Dic

Report for 2016 Abril
                   Monthly Climatological Summary for abr 2016

Name: WXElortondo   City: Elortondo   State: Argentina
Elevation: 104 m  Lat: S 33° 42' 17"   Lon: W 061° 37' 16"

                  Temperature (°C), Rain (mm), Wind Speed (km/h)

                                      Heat  Cool        Avg
    Mean                              Deg   Deg         Wind                 Dom
Day Temp  High   Time   Low    Time   Days  Days  Rain  Speed High   Time    Dir
----------------------------------------------------------------------------------
 1  22,1  25,8   13:14  20,0   18:10   0,0   3,8  94,5   9,6  43,9   16:18     E
 2  21,6  27,5   15:33  18,6   23:59   0,0   3,4  25,8   6,8  30,6   06:53   SSE
 3  20,7  26,0   14:03  15,8   05:59   0,5   2,9   0,0   5,4  24,5   14:14     E
 4  18,5  28,6   23:58   0,0   13:17   1,5   1,7   0,0   9,6  30,6   06:26   ENE
 5  25,5  32,2   04:13  20,0   19:43   0,0   7,2   0,0   6,2  24,5   03:43    NE
 6  27,0  34,0   05:13  21,6   15:38   0,0   8,7   0,0   9,3  33,1   22:18    NE
 7  25,3  35,0   03:38  16,9   21:43   0,2   7,2  32,7  12,8  36,7   12:38   NNO
 8  15,8  22,0   04:18  10,5   15:48   3,2   0,6   0,0   8,4  35,6   02:08     S
 9  17,3  19,8   04:08  14,6   11:43   1,1   0,1  16,3   5,8  27,0   12:33    SE
10  15,1  17,6   16:42  12,6   07:58   3,2   0,0   1,2  11,8  34,2   16:16    SE
11  16,4  21,0   15:49  12,1   07:45   2,4   0,5   0,0  10,3  30,6   10:15    SE
12  17,3  18,7   22:17  15,7   04:42   1,0   0,0   6,0   8,1  37,8   19:49     E
13  20,4  26,0   16:09  17,7   06:39   0,1   2,2   2,7   5,1  33,1   00:02    NE
14  22,1  26,1   13:31  19,4   06:46   0,0   3,8   0,0   4,8  27,0   18:39   NNE
15  25,2  30,8   16:18  14,6   08:34   0,0   6,9   0,3   7,2  28,1   12:55     N
16  22,2  25,9   10:59  18,5   23:56   0,0   3,9   0,3  10,9  47,9   13:51   SSE
17  16,3  18,5   00:00  14,3   23:49   2,0   0,0   2,1  11,7  36,7   18:22   SSE
18  14,6  18,3   14:18  10,8   06:05   3,7   0,0  18,0  10,3  29,5   11:18   SSE
19  14,9  20,5   16:41  12,2   06:59   3,7   0,3   6,3  10,2  35,6   13:47   SSO
20  15,6  22,4   14:20  10,4   07:31   3,4   0,7   0,0   5,8  28,1   13:39     N
21  16,2  23,6   15:12  10,4   07:34   3,5   1,4   0,0   4,8  30,6   11:00     S
22  16,8  23,4   14:59  11,0   07:48   2,7   1,2   0,0   9,3  35,6   10:22   ENE
23  19,4  26,2   16:37  13,8   05:50   1,5   2,5   0,0   5,3  25,6   12:41     N
24  16,5  19,0   13:20  12,2   22:39   1,9   0,0  19,2  11,6  34,2   11:42     S
25  11,0  12,6   17:40   6,9   23:59   7,3   0,0  16,8  12,4  35,6   02:02     S
26   8,9  13,2   14:16   5,9   02:21   9,4   0,0   0,3  10,2  40,3   14:56    SO
27   8,4  12,9   13:52   3,9   07:32   9,9   0,0   0,0   6,0  28,1   14:23    SO
28  10,2  17,3   16:31   3,2   06:42   8,1   0,0   0,0   2,3  19,4   14:51   NNO
29  10,9  18,0   13:49   6,0   07:13   7,4   0,0   0,0   3,5  24,5   17:03   SSO
30   9,6  16,8   15:35   3,1   07:06   8,7   0,0   0,0   4,1  19,4   15:45    NE
----------------------------------------------------------------------------------
    17,4  35,0     7     0,0     4    86,4  59,0 242,5   8,0  47,9    16      SE

Max >=  27,0:  6
Max <=   0,0:  0
Min <=   0,0:  1
Min <= -18,0:  0
Max Rain: 94,5 on day 1
Days of Rain: 15 (>= 0,2 mm)  11 (>= 2,0 mm)  3 (>= 20,0 mm)
Heat Base: 18,3  Cool Base: 18,3  Method: Integration