NOAA-Style Climate Reports


Report for 2016 Marzo
                   Monthly Climatological Summary for mar 2016

Name: WXElortondo   City: Elortondo   State: Argentina
Elevation: 104 m  Lat: S 33° 42' 17"   Lon: W 061° 37' 16"

                  Temperature (°C), Rain (mm), Wind Speed (km/h)

                                      Heat  Cool        Avg
    Mean                              Deg   Deg         Wind                 Dom
Day Temp  High   Time   Low    Time   Days  Days  Rain  Speed High   Time    Dir
----------------------------------------------------------------------------------
 1  21,5  25,3   14:07  19,1   23:57   0,0   3,2  27,3  11,6  40,3   02:40   ESE
 2  19,9  24,9   15:34  15,9   06:53   0,5   2,1   0,0   8,2  29,5   11:14   ESE
 3  22,4  29,4   14:53  16,9   06:53   0,1   4,3   0,0   6,7  23,4   15:45    NE
 4  22,3  28,5   15:48  18,4   23:40   0,0   4,0   0,0   5,8  27,0   12:57     N
 5  20,5  25,7   16:13  16,4   06:51   0,3   2,5   0,0   6,7  27,0   08:45     S
 6  20,5  27,9   15:42  13,1   07:10   1,2   3,4   0,0   3,2  17,3   13:32   ESE
 7  20,9  27,1   13:43  15,4   07:01   0,7   3,3   0,0   6,0  23,4   10:28   ENE
 8  19,7  22,4   16:55  16,4   07:31   0,4   1,8   0,0   2,8  13,3   01:21   NNE
 9  20,7  27,3   14:47  15,9   23:59   0,2   2,7   0,0   6,7  34,2   17:31    SE
10  16,0  21,5   16:37  12,6   23:51   2,9   0,6   0,0   7,1  23,4   10:10   SSE
11  18,0  25,5   15:26  10,9   07:07   2,5   2,2   0,0   3,0  19,4   16:41    SE
12  19,3  26,2   13:22  11,8   06:17   1,8   2,7   0,0   4,0  28,1   14:29     E
13  20,4  27,4   15:23  14,5   04:28   1,0   3,1   0,0   8,0  29,5   11:39    NE
14  21,8  29,8   15:01  15,6   06:53   0,7   4,2   0,0   8,6  29,5   10:48    NE
15  24,2  32,2   15:35  17,3   07:03   0,2   6,1   0,0   6,9  25,6   13:14    NE
16  26,2  34,1   16:32  20,0   07:00   0,0   7,9   0,0   7,1  28,1   15:06    NE
17  27,8  35,1   15:00  21,6   02:58   0,0   9,6   3,0  11,3  42,8   12:41   NNE
18  18,6  23,4   00:01  12,6   23:58   0,7   1,0  29,7  11,5  41,8   13:43     S
19  14,9  19,8   15:28  10,5   03:07   3,5   0,1   0,6   4,3  28,1   10:00   ESE
20  16,0  20,3   16:31  13,4   23:07   2,4   0,2   0,3   4,4  24,5   15:42     E
21  17,5  22,1   18:05  13,1   02:39   1,8   1,0   0,0   2,7  17,3   10:24     E
22  20,7  28,7   15:39  13,6   07:21   1,2   3,6   0,0   3,6  20,9   15:17     N
23  21,3  29,1   15:58  14,7   06:21   0,8   3,9   0,0   7,3  25,6   12:45   NNE
24  21,6  28,6   12:37  15,9   07:54   0,5   3,8   0,0   6,6  35,6   23:51    SE
25  16,8  22,2   16:22  11,3   07:27   2,3   0,8   0,0   8,5  37,8   00:29    SE
26  19,4  26,4   16:36  14,0   03:51   1,3   2,4   0,0   5,3  22,0   16:37   ESE
27  19,9  28,3   14:53  12,8   07:29   1,6   3,2   0,0   2,6  18,4   12:51   ESE
28  24,7  34,0   13:39  17,8   00:35   0,2   6,6   0,0   5,8  25,6   10:24    NE
29  27,6  35,0   12:04  19,8   21:29   0,0   9,3   0,0  11,5  36,7   21:04   NNE
30  17,5  22,0   12:44  10,9   23:59   1,5   0,7   0,0   6,6  36,7   03:09   SSO
31  16,8  26,0   20:23  10,5   00:14   2,6   1,1   0,0   5,2  23,4   06:19     E
----------------------------------------------------------------------------------
    20,5  35,1    17    10,5    19    32,9 101,4  60,9   6,4  42,8    17       E

Max >=  27,0: 16
Max <=   0,0:  0
Min <=   0,0:  0
Min <= -18,0:  0
Max Rain: 29,7 on day 18
Days of Rain: 5 (>= 0,2 mm)  3 (>= 2,0 mm)  2 (>= 20,0 mm)
Heat Base: 18,3  Cool Base: 18,3  Method: Integration