NOAA-Style Climate Reports


Report for 2016 Febrero
                   Monthly Climatological Summary for feb 2016

Name: WXElortondo   City: Elortondo   State: Argentina
Elevation: 104 m  Lat: S 33° 42' 17"   Lon: W 061° 37' 16"

                  Temperature (°C), Rain (mm), Wind Speed (km/h)

                                      Heat  Cool        Avg
    Mean                              Deg   Deg         Wind                 Dom
Day Temp  High   Time   Low    Time   Days  Days  Rain  Speed High   Time    Dir
----------------------------------------------------------------------------------
 1  21,3  28,2   15:45  13,3   06:36   1,2   4,2   0,0   3,4  18,4   15:17    SE
 2  23,6  31,1   17:12  14,4   06:32   0,6   5,9   0,0   4,9  23,4   15:28   ENE
 3  23,0  30,5   11:55  18,2   23:56   0,0   4,7   0,0   5,0  24,5   11:06    NE
 4  26,5  34,1   15:36  18,1   00:51   0,0   8,2   0,0   7,1  23,4   09:21    SE
 5  25,4  30,4   17:44  20,9   04:07   0,0   7,1   0,0   3,6  20,9   07:31    SE
 6  28,2  35,5   15:24  21,2   06:29   0,0   9,9   0,0   4,2  17,3   03:15     E
 7  25,6  32,5   12:42   0,0   20:21   0,0   7,3  27,0  10,1  47,9   14:39   ENE
 8  25,0  30,7   14:23  21,4   06:10   0,0   6,7   7,5   5,3  23,4   02:25   ESE
 9  26,7  33,7   15:58  20,7   05:35   0,0   8,4   0,0   2,1  14,8   11:02   OSO
10  27,5  33,4   15:45  20,6   04:37   0,0   9,2   0,0   5,0  24,5   14:54   ENE
11  27,8  34,3   15:24  21,3   06:20   0,0   9,5   2,1   7,2  24,5   11:03    NE
12  29,0  35,9   14:32  21,8   21:49   0,0  10,7 101,4   8,3  50,0   20:59   NNE
13  24,4  29,6   17:09  20,2   23:57   0,0   6,1   4,8   5,9  35,6   02:14    SO
14  24,8  32,7   16:20  16,0   06:38   0,3   6,8   0,0   2,8  18,4   11:57   NNE
15  27,6  33,3   13:46  21,8   05:22   0,0   9,3   0,0   4,1  18,4   18:32   ENE
16  27,7  32,9   15:52  24,1   06:12   0,0   9,4   0,0   8,4  35,6   16:10   NNE
17  24,8  31,8   16:52  19,6   01:57   0,0   6,5  54,0   6,3  61,2   00:37    SO
18  23,5  30,7   11:53  19,4   05:25   0,0   5,2  54,0   6,7  61,2   18:28     E
19  24,8  31,7   10:23  19,4   23:18   0,0   6,5  50,0   3,3  17,3   00:13   ONO
20  26,0  29,8   14:47  19,8   00:03   0,0   7,6   0,0   7,8  23,4   07:18     E
21  26,1  32,4   14:28  20,4   06:15   0,0   7,8   0,0   7,7  30,6   15:16    NE
22  28,0  33,6   14:39  23,0   06:48   0,0   9,7   0,0   7,5  24,5   10:50    NE
23  28,3  34,2   15:03  23,3   05:02   0,0  10,0   0,0   4,2  15,8   01:45   ENE
24  27,9  35,2   16:01  22,3   06:49   0,0   9,6   4,8   5,1  37,8   19:44    NO
25  22,6  27,4   15:20  17,3   07:05   0,0   4,3   9,0   7,4  24,5   08:26   ESE
26  20,7  27,1   16:30  16,2   23:59   0,2   2,6  18,0   7,0  64,8   06:48   SSO
27  22,0  30,0   14:59  13,5   07:07   1,1   4,8   0,0   2,4  15,8   16:43    NO
28  23,2  30,6   15:12  16,5   05:45   0,3   5,3   0,0   6,1  20,9   13:17   NNE
29  24,5  31,3   14:33  18,4   06:48   0,0   6,2   0,6   5,6  28,1   23:04   ENE
----------------------------------------------------------------------------------
    25,4  35,9    12     0,0     7     3,7 209,5 333,2   5,7  64,8    26     ENE

Max >=  27,0: 29
Max <=   0,0:  0
Min <=   0,0:  1
Min <= -18,0:  0
Max Rain: 101,4 on day 12
Days of Rain: 12 (>= 0,2 mm)  11 (>= 2,0 mm)  5 (>= 20,0 mm)
Heat Base: 18,3  Cool Base: 18,3  Method: Integration