NOAA-Style Climate Reports

Select a Year or Month report
2017: Ene Feb Mar Abr May Jun Jul Ago Sep Oct Nov Dic
2016: Ene Feb Mar Abr May Jun Jul Ago Sep Oct Nov Dic
2015: Ene Feb Mar Abr May Jun Jul Ago Sep Oct Nov Dic
2014: Ene Feb Mar Abr May Jun Jul Ago Sep Oct Nov Dic
2013: Ene Feb Mar Abr May Jun Jul Ago Sep Oct Nov Dic
2012: Ene Feb Mar Abr May Jun Jul Ago Sep Oct Nov Dic

Report for 2016 Enero
                   Monthly Climatological Summary for ene 2016

Name: WXElortondo   City: Elortondo   State: Argentina
Elevation: 104 m  Lat: S 33° 42' 17"   Lon: W 061° 37' 16"

                  Temperature (°C), Rain (mm), Wind Speed (km/h)

                                      Heat  Cool        Avg
    Mean                              Deg   Deg         Wind                 Dom
Day Temp  High   Time   Low    Time   Days  Days  Rain  Speed High   Time    Dir
----------------------------------------------------------------------------------
 1  25,8  32,3   16:08  19,8   05:38   0,0   7,5   0,0   6,7  27,0   18:54     E
 2  26,3  32,5   14:46  21,3   07:16   0,0   8,0   0,0   9,4  39,2   07:52     E
 3  23,9  25,9   00:00  20,2   09:58   0,0   5,6   9,3   7,1  34,2   18:24   ENE
 4  22,5  26,0   09:17  20,7   14:11   0,0   4,2  57,6   3,8  29,5   11:43   ESE
 5  24,6  29,0   13:21  20,1   03:06   0,0   6,3   0,0   6,4  89,3   18:02     S
 6  23,9  25,7   00:00  20,1   23:57   6,7   1,5   0,0   1,9  12,2   00:00     S
 7  23,0  28,0   11:57  17,0   05:46   0,1   4,7   0,0   3,2  17,3   10:22     E
 8  24,3  30,8   16:00  16,8   03:44   0,2   6,2   4,2   3,6  20,9   14:09     N
 9  23,3  26,9   12:16  20,1   06:20   0,0   5,0   0,0   6,1  29,5   07:46    SE
10  22,3  27,2   17:45  19,4   10:44   0,1   3,8   4,5   4,9  28,1   10:58    SE
11  26,0  32,6   15:56  18,7   05:14   0,0   7,7   0,0   3,9  19,4   15:31   NNE
12  22,3  27,6   17:32  18,7   10:26   0,0   4,0  47,1   7,7  40,3   06:19   SSE
13  26,0  32,8   16:16  17,7   05:31   0,0   7,7   0,0   2,4  15,8   06:12     S
14  29,4  33,3   15:42  24,2   23:52   0,0  11,1   0,0   5,4  28,1   10:28     N
15  26,4  32,1   15:52  18,7   06:29   0,0   8,1   9,6   5,1  30,6   03:51   ESE
16  27,4  33,8   14:06  20,3   06:51   0,0   9,1   0,0   7,9  31,7   16:00   NNE
17  24,1  28,6   17:05  21,1   02:51   0,0   5,8   5,7   8,1  51,5   13:56     O
18  25,2  31,2   16:03  19,7   06:10   0,0   6,9   0,0   5,0  24,5   10:16   ESE
19  27,2  34,8   15:36  19,6   06:30   0,0   8,9   0,0   8,6  25,6   09:23   ENE
20  29,4  35,3   15:53  23,8   06:04   0,0  11,1   0,0   7,4  28,1   22:28   NNE
21  29,8  36,5   15:12  23,2   05:49   0,0  11,5   0,0   7,9  25,6   11:37   NNE
22  30,6  36,8   16:16  24,2   05:45   0,0  12,4   0,0   8,7  36,7   11:36     N
23  27,4  32,5   17:19  22,3   06:36   0,0   9,1   0,0   9,7  29,5   08:49   ESE
24  25,6  34,6   15:18  19,1   23:04   0,0   7,4   3,6  12,1  52,6   16:10   NNE
25  23,5  29,9   15:32  17,4   06:30   0,1   5,3   0,0   5,5  24,5   12:45   OSO
26  23,7  28,5   15:53  19,0   06:36   0,0   5,4   0,0   6,2  29,5   13:37     S
27  23,1  29,0   15:01  17,3   06:06   0,1   4,9   0,0  10,6  37,8   11:53   ENE
28  22,6  26,9   17:13  19,1   05:09   0,0   4,3   0,0   7,7  27,0   12:07    SE
29  22,8  29,2   14:04  19,3   07:47   0,0   4,5   3,0   5,4  23,4   08:09     S
30  24,1  30,2   17:20  19,1   07:02   0,0   5,8   0,0   5,8  28,1   12:43   SSE
31  21,7  27,3   16:29  16,8   23:28   0,1   3,5   0,0   6,5  25,6   17:21   SSE
----------------------------------------------------------------------------------
    25,1  36,8    22    16,8     8     7,4 207,3 144,6   6,5  89,3     5       E

Max >=  27,0: 26
Max <=   0,0:  0
Min <=   0,0:  0
Min <= -18,0:  0
Max Rain: 57,6 on day 4
Days of Rain: 9 (>= 0,2 mm)  9 (>= 2,0 mm)  2 (>= 20,0 mm)
Heat Base: 18,3  Cool Base: 18,3  Method: Integration