NOAA-Style Climate Reports

Select a Year or Month report
2017: Ene Feb Mar Abr May Jun Jul Ago Sep Oct Nov Dic
2016: Ene Feb Mar Abr May Jun Jul Ago Sep Oct Nov Dic
2015: Ene Feb Mar Abr May Jun Jul Ago Sep Oct Nov Dic
2014: Ene Feb Mar Abr May Jun Jul Ago Sep Oct Nov Dic
2013: Ene Feb Mar Abr May Jun Jul Ago Sep Oct Nov Dic
2012: Ene Feb Mar Abr May Jun Jul Ago Sep Oct Nov Dic

Report for 2016
                   Annual Climatological Summary for 2016

Name: WXElortondo   City: Elortondo   State: Argentina
Elevation: 104 m  Lat: S 33° 42' 17"   Lon: W 061° 37' 16"

                  Temperature (°C), Heat Base: 18,3  Cool Base: 18,3
                          Dep.  Heat  Cool                       Max  Max  Min  Min
        Mean  Mean        From  Deg   Deg                        >=   <=   <=   <=
 YR MO  Max   Min   Mean  Norm  Days  Days  Hi  Date  Low  Date 27,0  0,0  0,0 -18,0
------------------------------------------------------------------------------------
 16  1  30,6  19,8  25,1   0.0     7   207  36,8  22  16,8    8   26    0    0    0
 16  2  31,9  18,7  25,4   0.0     3   209  35,9  12   0,0    7   29    0    1    0
 16  3  27,0  14,9  20,5   0.0    32   101  35,1  17  10,5   19   16    0    0    0
 16  4  22,7  12,4  17,4   0.0    86    59  35,0   7   0,0    4    6    0    1    0
 16  5  16,7   9,1  12,5   0.0   180     1  22,3   4   3,8   22    0    0    0    0
 16  6  15,5   5,4   9,7   0.0   257     0  20,2  18   1,1   11    0    0    0    0
 16  7  14,6   6,6  10,3   0.0   248     1  22,0   7   0,8   17    0    0    0    0
 16  8  20,8   6,6  13,1   0.0   180    18  30,0  26   0,0   14    2    0    1    0
 16  9  21,9   8,5  14,8   0.0   145    40  30,3  28   1,3    2    6    0    0    0
 16 10  23,2  12,0  17,5   0.0    73    47  28,6  12   0,0   10    6    0    1    0
 16 11  27,9  14,3  21,4   0.0    31   123  35,9   6   7,6    2   17    0    0    0
 16 12  31,4  17,6  24,6   0.0     6   201  37,3  12  12,3   14   27    0    0    0
------------------------------------------------------------------------------------
        23,7  12,2  17,7   0.0  1254  1012  37,3 dic   0,0  feb  135    0    4    0

                                Precipitation (mm)

              Dep.   Max        Days of Rain
              From   Obs.           >=
 YR MO Total  Norm   Day Date  0,2  2,0 20,0
---------------------------------------------
 16  1 144,6   0.0  57,6   4     9    9    2
 16  2 333,2   0.0 101,4  12    12   11    5
 16  3  60,9   0.0  29,7  18     5    3    2
 16  4 242,5   0.0  94,5   1    15   11    3
 16  5   6,9   0.0   3,9  28     4    1    0
 16  6  54,0   0.0  30,3  26     6    2    2
 16  7  20,1   0.0   9,6  25     6    3    0
 16  8   1,8   0.0   1,5   5     2    0    0
 16  9  55,5   0.0  26,7  12     7    4    1
 16 10 170,4   0.0  50,4  15    11    8    3
 16 11  61,8   0.0  26,4  13     6    6    1
 16 12 293,4   0.0 181,8  25     7    7    3
---------------------------------------------
      1445,1   0.0 181,8  dic   90   65   22

                                Wind Speed (km/h)
                          Dom
 YR MO   Avg.  Hi   Date  Dir
------------------------------
 16  1   6,5  89,3    5     E
 16  2   5,7  64,8   26   ENE
 16  3   6,4  42,8   17     E
 16  4   8,0  47,9   16    SE
 16  5   6,3  42,8   31     E
 16  6   6,4  47,9   26   NNE
 16  7   7,9  49,0   26     E
 16  8   7,1  42,8   31   ENE
 16  9   8,5  58,7   13     E
 16 10   9,5  52,6    5     E
 16 11   7,8  57,6    7    NE
 16 12   7,5  57,6   18    NE
------------------------------
         7,3  89,3  ene     E