NOAA-Style Climate Reports


Report for 2015 Diciembre
                   Monthly Climatological Summary for dic 2015

Name: WXElortondo   City: Elortondo   State: Argentina
Elevation: 104 m  Lat: S 33° 42' 17"   Lon: W 061° 37' 16"

                  Temperature (°C), Rain (mm), Wind Speed (km/h)

                                      Heat  Cool        Avg
    Mean                              Deg   Deg         Wind                 Dom
Day Temp  High   Time   Low    Time   Days  Days  Rain  Speed High   Time    Dir
----------------------------------------------------------------------------------
 1  24,6  31,4   15:07  17,2   04:29   0,1   6,4   0,0   7,6  28,1   09:57    NE
 2  25,2  30,8   15:13  18,8   04:57   0,0   6,9   0,0   8,5  36,7   13:03   ENE
 3  24,1  31,0   15:24  18,8   05:08   0,0   5,8   0,6   4,5  27,0   08:51    NE
 4  25,3  31,6   15:59  17,2   05:47   0,1   7,1   0,0   6,4  36,7   12:27   SSO
 5  23,6  28,9   14:46  18,0   23:59   0,0   5,3   0,0  11,0  41,8   01:46   SSE
 6  21,4  28,4   15:26  13,5   05:10   1,0   4,1   0,0   5,0  19,4   07:34     E
 7  24,3  32,9   14:57  15,3   05:50   0,4   6,5   0,0   9,3  31,7   19:08   NNE
 8  21,0  31,1   12:33  17,4   17:28   0,2   2,9   9,6   8,1  37,8   15:36   NNE
 9  23,5  31,2   17:18  16,5   05:59   0,4   5,6   0,0   3,5  23,4   15:52   SSO
10  27,2  35,6   16:12  17,5   04:38   0,0   8,9   0,0   6,0  36,7   21:48   ONO
11  28,2  36,4   16:07  19,0   06:00   0,0   9,9   0,0   8,8  41,8   11:58   NNO
12  21,9  26,6   09:19  17,4   23:08   0,0   3,6   3,6   7,8  46,4   11:36   NNE
13  24,7  33,3   16:24  16,3   01:15   0,4   6,8   5,1   3,9  54,0   21:38   ENE
14  22,8  28,2   17:18  18,6   05:31   0,0   4,6   0,3   5,3  25,6   00:32    SE
15  23,6  30,2   16:44  17,6   05:24   0,1   5,4   0,0   5,9  22,0   11:11     E
16  26,1  32,6   14:08  18,9   05:54   0,0   7,8   0,0  13,6  52,6   16:22   NNE
17  22,4  27,8   16:28  18,0   06:38   0,0   4,1   4,5   7,6  56,2   01:00     S
18  20,5  25,0   16:03  14,1   23:58   0,4   2,6   0,0  12,3  45,4   12:24     S
19  20,1  27,4   14:25  10,2   06:23   2,0   3,8   0,0   3,8  27,0   16:01     E
20  20,7  27,8   11:39  16,6   06:00   0,1   1,3  97,0   8,3  18,4   10:56     E
21  25,7  26,2   00:00  18,8   23:26   0,0   7,4   0,0  ----  20,9   23:56   ENE
24  27,8  30,7   14:52   0,0   11:46   0,0   5,0   0,0   7,2  22,0   13:24   ENE
25  20,5  32,9   15:52   0,0   03:14   4,8   7,0   0,0   6,0  28,1   14:30   NNE
26  27,7  33,6   15:25  22,2   05:46   0,0   9,4   0,0   8,0  29,5   09:48   NNE
27  28,3  35,6   16:27  20,2   09:05   0,0  10,0   0,0   5,2  28,1   09:47   NNE
28  29,6  35,4   14:10  23,3   06:00   0,0  11,7   0,0   7,3  24,5   11:31   NNE
29  29,5  36,1   16:14  23,9   04:41   0,0  11,2   0,0   4,3  22,0   19:26     E
30  28,3  35,0   15:51  22,8   05:25   0,0  10,0   0,0   4,8  33,1   09:36   SSE
31  25,1  31,1   13:28  20,2   18:18   0,0   6,9  82,8   8,5  47,9   18:04   ENE
----------------------------------------------------------------------------------
    24,6  36,4    11     0,0    24    10,0 188,0 203,5   7,1  56,2    17     ENE

Max >=  27,0: 26
Max <=   0,0:  0
Min <=   0,0:  2
Min <= -18,0:  0
Max Rain: 97,0 on day 20
Days of Rain: 8 (>= 0,2 mm)  6 (>= 2,0 mm)  2 (>= 20,0 mm)
Heat Base: 18,3  Cool Base: 18,3  Method: Integration