NOAA-Style Climate Reports


Report for 2015 Noviembre
                   Monthly Climatological Summary for nov 2015

Name: WXElortondo   City: Elortondo   State: Argentina
Elevation: 104 m  Lat: S 33° 42' 17"   Lon: W 061° 37' 16"

                  Temperature (°C), Rain (mm), Wind Speed (km/h)

                                      Heat  Cool        Avg
    Mean                              Deg   Deg         Wind                 Dom
Day Temp  High   Time   Low    Time   Days  Days  Rain  Speed High   Time    Dir
----------------------------------------------------------------------------------
 1  15,2  19,8   15:03  11,3   23:59   3,1   0,1   0,9   5,2  22,0   19:12   ENE
 2  16,9  23,0   13:21  10,2   02:15   2,7   1,3   0,0   6,9  28,1   12:34   ENE
 3  19,6  25,4   16:07   0,0   20:07   1,3   2,6   0,0   8,0  50,0   23:23    SE
 4  18,9  22,9   09:08  16,0   00:03   0,5   1,1   0,0   7,8  35,6   07:18    SE
 5  19,2  26,2   15:37  11,3   06:18   1,5   2,4   0,0   4,3  24,5   13:47     E
 6  20,8  27,8   13:48  12,7   04:00   1,3   3,8   0,0   5,1  23,4   12:03    NE
 7  21,7  28,3   16:24  13,9   07:00   0,7   4,1   0,0   7,5  34,2   11:24   NNE
 8  20,6  26,9   17:16  15,5   05:08   0,5   2,8   3,0   7,1  28,1   16:32    NE
 9  18,3  23,7   09:41  16,7   17:14   0,4   0,4  22,2   8,9  45,4   10:06   ESE
10  21,4  27,8   15:38  16,6   06:30   0,4   3,5   9,3   9,0  34,2   04:32   SSE
11  23,1  28,4   15:26  17,2   06:10   0,1   4,9   0,0   6,8  28,1   08:38     E
12  17,8  20,4   00:37  15,3   06:45   0,8   0,2  69,3  10,3  36,7   08:28     E
13  19,7  26,0   16:52  14,6   06:03   1,1   2,5   0,3  12,1  42,8   09:20   SSO
14  23,4  30,3   14:53  15,8   06:05   0,3   5,5   0,0   7,0  24,5   17:36   NNE
15  24,6  31,5   15:07  17,8   06:05   0,0   6,3   0,0   9,2  34,2   10:19   NNE
16  25,1  31,6   15:30  18,5   04:59   0,0   6,8   0,9   8,7  31,7   16:25   ENE
17  24,3  31,4   15:04  20,1   06:26   0,0   6,0   7,8   6,1  33,1   05:05   ESE
18  19,5  22,0   11:31  16,6   13:18   0,2   1,4   5,1   9,8  35,6   13:55   ESE
19  15,6  19,5   18:06  12,3   11:43   2,7   0,0   9,0  12,8  55,1   10:32     S
20  17,1  24,1   16:28   8,6   05:48   2,8   1,6   0,0   4,3  23,4   11:53   NNO
21  19,3  25,9   14:37  11,6   06:01   1,7   2,6   0,0   9,7  41,8   11:21   NNE
22  21,1  29,3   13:37  13,9   05:52   0,9   3,8   8,7   7,4  60,1   21:56   ESE
23  19,8  26,0   16:13  15,2   03:03   0,9   2,3   7,5   6,9  34,2   18:23    NE
24  20,8  25,5   13:58  16,5   06:17   0,2   2,7   0,0   9,7  33,1   13:18   ENE
25  22,4  28,2   15:19  16,5   05:41   0,3   4,4   0,9   9,5  37,8   15:55   ENE
26  22,8  28,1   15:54  18,6   05:42   0,0   4,5   0,0   9,9  28,1   18:19     E
27  21,1  25,0   16:18  17,5   07:25   0,1   2,9  19,2  11,4  37,8   10:33     S
28  20,7  26,8   15:08  14,7   03:48   0,9   3,3   0,0   5,4  33,1   12:37   SSO
29  21,9  29,5   14:43  13,4   06:06   1,0   4,7   0,0   2,7  20,9   11:07   NNO
30  23,9  30,8   15:35  16,0   04:28   0,3   5,9   0,0   7,5  30,6   16:24     N
----------------------------------------------------------------------------------
    20,6  31,6    16     0,0     3    26,7  94,4 164,1   7,9  60,1    22       E

Max >=  27,0: 13
Max <=   0,0:  0
Min <=   0,0:  1
Min <= -18,0:  0
Max Rain: 69,3 on day 12
Days of Rain: 14 (>= 0,2 mm)  10 (>= 2,0 mm)  2 (>= 20,0 mm)
Heat Base: 18,3  Cool Base: 18,3  Method: Integration