NOAA-Style Climate Reports


Report for 2015 Octubre
                   Monthly Climatological Summary for oct 2015

Name: WXElortondo   City: Elortondo   State: Argentina
Elevation: 104 m  Lat: S 33° 42' 17"   Lon: W 061° 37' 16"

                  Temperature (°C), Rain (mm), Wind Speed (km/h)

                                      Heat  Cool        Avg
    Mean                              Deg   Deg         Wind                 Dom
Day Temp  High   Time   Low    Time   Days  Days  Rain  Speed High   Time    Dir
----------------------------------------------------------------------------------
 1  17,1  24,3   14:59  12,4   06:35   2,5   1,3  30,0  11,0  46,4   22:36     E
 2  11,5  14,7   00:00   7,0   23:55   6,8   0,0   0,3  14,9  45,4   09:07     S
 3   9,3  14,5   16:07   2,6   06:08   9,0   0,0   0,0   5,1  23,4   12:43   SSE
 4  13,2  18,3   13:32   8,5   07:03   5,1   0,0   0,0   8,8  35,6   12:29   ENE
 5  18,2  25,2   14:50  13,2   00:00   1,8   1,7   0,0   8,8  27,0   15:56   ENE
 6  15,2  17,5   14:53  13,2   23:56   3,1   0,0   6,6  12,3  50,0   19:29   SSE
 7  15,4  20,7   15:45  11,3   02:49   3,2   0,3   0,0  11,2  33,1   10:54   SSE
 8  16,0  21,9   13:00  10,3   06:36   3,1   0,8   0,0  10,6  35,6   15:47   SSE
 9  12,5  17,5   13:59   7,9   23:59   5,8   0,0   0,0  12,4  40,3   13:50   SSE
10  11,7  18,1   16:32   6,0   06:34   6,6   0,0   0,0   7,6  28,1   09:43    SE
11  11,6  16,8   15:40   6,7   04:24   6,7   0,0   0,0   7,0  23,4   07:49   SSE
12  15,0  21,0   13:54  10,3   06:36   3,7   0,4   0,0   3,5  20,9   22:01   ENE
13  17,3  23,9   13:14  10,9   06:47   2,5   1,5   0,0   9,9  42,8   12:55    NE
14  18,0  27,5   15:37  12,4   22:27   2,3   2,0  20,1  12,9  62,3   17:52   ENE
15  15,4  20,2   13:59  10,6   23:59   3,1   0,3   0,0  12,4  46,4   10:58    SO
16  13,1  19,1   16:15   6,5   06:35   5,2   0,0   0,0   5,8  30,6   14:36     S
17  14,4  20,8   15:29   8,1   06:34   4,2   0,3   0,0   6,8  24,5   12:24     E
18  16,2  24,7   15:45   8,2   06:14   3,5   1,4   0,0  10,7  31,7   18:02    NE
19  15,8  22,4   15:10  13,4   05:01   2,7   0,2   2,4   6,4  29,5   14:44   ENE
20  18,0  25,9   16:22  10,8   05:03   2,5   2,2   0,0   6,5  29,5   08:55    SO
21  19,8  28,3   15:02  11,1   06:00   1,8   3,3   0,0   3,5  20,9   12:07   ESE
22  20,6  27,4   13:49  13,7   23:58   0,8   3,1   0,0   9,6  35,6   21:05     S
23  12,1  15,1   17:04   8,8   08:48   6,2   0,0   0,0  11,1  34,2   05:40   SSE
24  13,0  16,1   13:50   9,7   07:30   5,3   0,0   0,0  11,1  35,6   13:24     E
25  17,5  24,2   16:24  11,0   06:21   2,4   1,6   0,0   7,5  34,2   04:00   ESE
26  19,5  25,4   16:24  13,1   05:25   1,1   2,3   0,0   5,4  23,4   12:48   ESE
27  22,6  28,9   16:21  17,3   07:45   0,1   4,4   0,0   6,8  24,5   13:46   ENE
28  25,2  32,4   15:40  18,5   05:19   0,0   6,9   0,0  11,6  37,8   16:04    NE
29  19,5  22,9   03:12  16,0   06:11   0,5   1,7  43,2  10,3  57,6   05:33    SE
30  18,8  24,0   15:10  15,1   08:23   0,9   1,4   0,0   8,6  28,1   08:34   SSE
31  15,0  20,1   15:59  10,8   06:04   3,3   0,1   0,0   6,2  23,4   03:43   ESE
----------------------------------------------------------------------------------
    16,1  32,4    28     2,6     3   105,8  37,2 102,6   8,9  62,3    14     ESE

Max >=  27,0:  5
Max <=   0,0:  0
Min <=   0,0:  0
Min <= -18,0:  0
Max Rain: 43,2 on day 29
Days of Rain: 6 (>= 0,2 mm)  5 (>= 2,0 mm)  3 (>= 20,0 mm)
Heat Base: 18,3  Cool Base: 18,3  Method: Integration