NOAA-Style Climate Reports

Select a Year or Month report
2017: Ene Feb Mar Abr May Jun Jul Ago Sep Oct Nov Dic
2016: Ene Feb Mar Abr May Jun Jul Ago Sep Oct Nov Dic
2015: Ene Feb Mar Abr May Jun Jul Ago Sep Oct Nov Dic
2014: Ene Feb Mar Abr May Jun Jul Ago Sep Oct Nov Dic
2013: Ene Feb Mar Abr May Jun Jul Ago Sep Oct Nov Dic
2012: Ene Feb Mar Abr May Jun Jul Ago Sep Oct Nov Dic

Report for 2015 Septiembre
                   Monthly Climatological Summary for sep 2015

Name: WXElortondo   City: Elortondo   State: Argentina
Elevation: 104 m  Lat: S 33° 42' 17"   Lon: W 061° 37' 16"

                  Temperature (°C), Rain (mm), Wind Speed (km/h)

                                      Heat  Cool        Avg
    Mean                              Deg   Deg         Wind                 Dom
Day Temp  High   Time   Low    Time   Days  Days  Rain  Speed High   Time    Dir
----------------------------------------------------------------------------------
 1  10,4  13,0   15:57   7,3   07:17   7,9   0,0   0,0  11,1  41,8   01:19   ESE
 2  13,5  20,0   14:05   9,0   23:57   5,0   0,2   0,0   6,5  23,4   18:28   ESE
 3  11,9  18,5   16:23   5,2   06:54   6,4   0,0   0,0   4,1  20,9   09:51   SSE
 4  14,1  22,8   15:56   6,2   05:34   5,1   0,9   0,0   4,6  18,4   11:06     N
 5  14,9  23,8   14:45   7,2   06:02   4,7   1,3   0,0   7,9  25,6   12:22   NNE
 6  15,3  23,3   14:50   8,8   07:19   4,0   1,0   0,0  11,9  43,9   12:56    NE
 7  16,2  23,3   14:50  11,9   07:14   3,0   0,9   0,0   9,9  34,2   11:24    NE
 8  15,9  23,1   15:24   9,1   04:33   3,5   1,1   0,0   6,2  33,1   10:47     S
 9  10,4  15,1   01:15   7,2   22:50   7,9   0,0  42,0   9,1  41,8   18:43   SSE
10   8,9  15,1   16:07   4,8   03:47   9,4   0,0   0,0   7,1  34,2   16:18   OSO
11   8,3  14,7   17:08   1,5   07:29  10,0   0,0   0,0   6,2  25,6   15:59     O
12  12,4  20,4   15:13   3,6   07:14   6,2   0,3   0,0   4,0  19,4   14:10   NNO
13  15,2  23,6   16:37   7,6   06:08   4,2   1,1   0,0   4,6  17,3   04:32   NNO
14  18,2  26,6   16:21  10,5   05:40   2,4   2,3   0,0  12,1  42,8   14:55     N
15  18,5  26,4   14:19  11,8   07:12   1,9   2,1   0,0  10,1  30,6   10:01     S
16  13,8  19,4   15:28   8,8   07:18   4,6   0,1   0,0   8,2  28,1   04:56   SSE
17  14,8  21,5   16:03   6,5   06:51   4,2   0,8   0,0   4,7  20,9   09:27   ENE
18  15,3  22,4   15:30   7,4   07:12   3,9   0,9   0,0   5,0  24,5   14:59     E
19  16,9  23,8   15:38  10,9   07:00   2,6   1,2   0,0   9,3  29,5   15:42     E
20  17,6  23,5   15:22  12,9   03:47   1,9   1,2   0,0  11,3  34,2   15:30     E
21  15,8  18,5   14:48  14,0   04:46   2,5   0,0   0,0  10,3  30,6   12:26   ESE
22  13,3  15,8   15:07  11,4   07:31   5,0   0,0   0,0  13,1  39,2   08:35    SE
23  12,7  14,7   17:10  11,2   04:25   5,6   0,0   9,0  12,2  33,1   17:35   SSE
24  13,4  15,8   13:43  10,8   23:56   4,9   0,0   1,5  12,2  35,6   07:39   SSE
25  14,2  19,6   15:50   9,1   02:26   4,2   0,1   0,0   4,6  22,0   08:36     S
26  16,4  23,0   15:19   0,0   07:56   2,9   1,0   0,0   2,4  14,8   12:11    NO
27  17,5  24,0   14:35  10,1   06:53   2,5   1,7   0,0   3,5  18,4   21:02    NE
28  15,4  18,1   17:40  13,4   23:11   2,9   0,0   7,5   3,3  19,4   12:10   ENE
29  15,2  20,4   14:20  10,4   06:35   3,4   0,4   0,3   5,8  31,7   14:43   SSO
30  15,5  23,2   15:43   8,1   07:00   3,8   1,0   0,0   8,9  29,5   10:47    NE
----------------------------------------------------------------------------------
    14,4  26,6    14     0,0    26   136,5  19,6  60,3   7,7  43,9     6     ESE

Max >=  27,0:  0
Max <=   0,0:  0
Min <=   0,0:  1
Min <= -18,0:  0
Max Rain: 42,0 on day 9
Days of Rain: 5 (>= 0,2 mm)  3 (>= 2,0 mm)  1 (>= 20,0 mm)
Heat Base: 18,3  Cool Base: 18,3  Method: Integration