NOAA-Style Climate Reports

Select a Year or Month report
2017: Ene Feb Mar Abr May Jun Jul Ago Sep Oct Nov Dic
2016: Ene Feb Mar Abr May Jun Jul Ago Sep Oct Nov Dic
2015: Ene Feb Mar Abr May Jun Jul Ago Sep Oct Nov Dic
2014: Ene Feb Mar Abr May Jun Jul Ago Sep Oct Nov Dic
2013: Ene Feb Mar Abr May Jun Jul Ago Sep Oct Nov Dic
2012: Ene Feb Mar Abr May Jun Jul Ago Sep Oct Nov Dic

Report for 2015 Agosto
                   Monthly Climatological Summary for ago 2015

Name: WXElortondo   City: Elortondo   State: Argentina
Elevation: 104 m  Lat: S 33° 42' 17"   Lon: W 061° 37' 16"

                  Temperature (°C), Rain (mm), Wind Speed (km/h)

                                      Heat  Cool        Avg
    Mean                              Deg   Deg         Wind                 Dom
Day Temp  High   Time   Low    Time   Days  Days  Rain  Speed High   Time    Dir
----------------------------------------------------------------------------------
 1  12,9  19,3   15:00   8,1   00:17   5,4   0,0   0,0   6,7  31,7   11:28    NE
 2  14,0  19,7   13:58   9,1   07:48   4,5   0,2   0,0   5,7  31,7   14:08   SSE
 3  14,1  20,2   15:37   8,4   06:57   4,5   0,2   0,0   6,1  35,6   13:50    SE
 4  15,0  20,8   14:48   9,8   06:15   3,7   0,3   0,0  10,1  37,8   13:45     E
 5  14,6  16,6   20:24  12,8   00:10   3,7   0,0  11,1   8,6  30,6   11:31   ENE
 6  18,4  22,8   14:36  15,3   01:18   1,0   1,2   0,0   3,6  33,1   23:19   ESE
 7  16,3  20,2   15:32  13,7   21:52   2,3   0,2   0,0  11,2  36,7   14:50     S
 8  13,6  15,0   16:19  12,4   08:58   4,7   0,0   3,0   8,3  28,1   07:30    SE
 9  10,9  13,0   00:00   9,8   18:41   7,4   0,0  60,3   9,8  36,7   07:34    SO
10  11,7  13,8   15:22  10,0   00:00   6,6   0,0   9,9   4,6  24,5   08:32   SSO
11  12,6  15,4   13:17  10,6   04:42   5,7   0,0   0,0   4,3  22,0   11:58     E
12  11,7  15,2   12:29   9,4   02:46   6,6   0,0   0,3   6,6  41,8   11:23    SE
13   9,4  10,9   00:00   8,1   08:16   8,9   0,0  39,0   9,2  49,0   12:26     S
14   8,8  11,3   13:38   6,0   23:59   9,5   0,0   0,3   0,0  20,9   02:42   SSO
15  10,5  24,2   16:44   4,5   03:28   7,8   0,1   0,0   1,2  17,3   17:09   NNE
16  11,2  16,9   13:23   5,9   07:47   7,1   0,0   0,0   3,4  19,4   13:37    NE
17  10,5  15,5   14:33   5,3   05:38   7,8   0,0   0,0   1,4  11,2   14:50     S
18  13,7  21,8   16:09   6,8   06:06   5,2   0,6   0,0   7,1  33,1   13:55   SSO
19  12,8  18,7   15:29   8,3   07:52   5,5   0,0   0,0   6,6  20,9   14:35   ESE
20  12,1  16,2   16:06   9,4   03:42   6,2   0,0   0,0   7,9  23,4   08:11   ENE
21  14,7  20,6   14:18   9,7   08:01   3,9   0,3   0,0  10,8  37,8   12:34    NE
22  15,3  20,1   15:45   9,8   23:44   3,2   0,2   0,0  11,1  41,8   07:15   SSO
23  10,5  15,1   15:57   6,3   06:15   7,8   0,0   0,0   6,5  28,1   12:44     S
24  11,4  18,0   15:47   6,2   07:42   6,9   0,0   0,0   9,7  31,7   16:24    NE
25  14,5  22,7   15:11   8,2   06:34   4,6   0,7   0,0  10,6  45,4   15:01    NE
26  16,4  23,8   14:49  11,6   23:54   2,8   1,0   0,0   7,0  42,8   14:50     S
27  15,0  23,0   16:13   7,1   07:42   4,2   0,9   0,0   4,2  18,4   23:12     O
28  18,7  27,5   16:10  12,1   06:30   2,3   2,7   0,0  13,1  55,1   14:37     N
29  19,5  27,4   14:49  13,6   04:23   1,2   2,5   0,0   6,2  23,4   16:32     N
30  20,3  28,0   15:59  14,9   04:03   1,1   3,2   0,0   7,8  25,6   11:14   ESE
31  18,5  25,6   13:05  12,5   23:57   1,7   1,8   0,0  14,9  51,5   14:00   SSE
----------------------------------------------------------------------------------
    13,9  28,0    30     4,5    15   153,8  16,1 123,9   7,2  55,1    28     ESE

Max >=  27,0:  3
Max <=   0,0:  0
Min <=   0,0:  0
Min <= -18,0:  0
Max Rain: 60,3 on day 9
Days of Rain: 7 (>= 0,2 mm)  5 (>= 2,0 mm)  2 (>= 20,0 mm)
Heat Base: 18,3  Cool Base: 18,3  Method: Integration