NOAA-Style Climate Reports

Select a Year or Month report
2017: Ene Feb Mar Abr May Jun Jul Ago Sep Oct Nov Dic
2016: Ene Feb Mar Abr May Jun Jul Ago Sep Oct Nov Dic
2015: Ene Feb Mar Abr May Jun Jul Ago Sep Oct Nov Dic
2014: Ene Feb Mar Abr May Jun Jul Ago Sep Oct Nov Dic
2013: Ene Feb Mar Abr May Jun Jul Ago Sep Oct Nov Dic
2012: Ene Feb Mar Abr May Jun Jul Ago Sep Oct Nov Dic

Report for 2015 Julio
                   Monthly Climatological Summary for jul 2015

Name: WXElortondo   City: Elortondo   State: Argentina
Elevation: 104 m  Lat: S 33° 42' 17"   Lon: W 061° 37' 16"

                  Temperature (°C), Rain (mm), Wind Speed (km/h)

                                      Heat  Cool        Avg
    Mean                              Deg   Deg         Wind                 Dom
Day Temp  High   Time   Low    Time   Days  Days  Rain  Speed High   Time    Dir
----------------------------------------------------------------------------------
 1  11,5  17,5   14:37   6,6   05:30   6,8   0,0   0,0   6,0  27,0   12:47    NE
 2  12,7  20,2   14:26   0,0   00:15   5,8   0,2  11,4   6,0  47,9   21:27    NE
 3   8,3  11,9   00:17   2,8   23:59  10,0   0,0   0,0  12,2  42,8   13:18   SSO
 4   5,5  12,0   15:11   0,4   06:58  12,8   0,0   0,0   4,9  23,4   13:54   NNE
 5   7,8  14,1   16:04   2,7   06:26  10,5   0,0   0,0  12,3  45,4   11:41   NNE
 6  10,9  19,1   15:09   5,2   07:39   7,4   0,0   0,0   1,9  12,2   13:25     E
 7  11,3  20,0   15:26   4,3   08:06   7,2   0,2   0,0   2,6  17,3   14:41    NE
 8  11,4  18,6   15:54   6,3   06:09   6,9   0,0   0,0   7,7  27,0   15:36    NE
 9  12,7  19,9   16:11   8,2   05:04   6,1   0,1   0,0   6,2  20,9   14:27    NE
10  12,5  15,2   14:21   9,9   08:15   5,9   0,0   0,0   7,0  34,2   22:36    SE
11  12,6  15,0   14:22  10,6   01:06   5,7   0,0   0,0   7,3  22,0   15:16     E
12  13,9  16,7   12:14  11,5   07:12   4,4   0,0   0,0   7,1  27,0   23:52    NE
13   9,3  13,3   14:45   5,1   23:19   9,0   0,0   0,0   9,2  36,7   06:23   SSO
14   7,7  14,8   15:38   1,9   05:50  10,6   0,0   0,0   4,7  23,4   11:26   OSO
15   9,1  17,4   15:53   2,4   06:56   9,2   0,0   0,0   8,9  37,8   15:19     N
16   9,4  15,4   14:27   4,0   07:40   8,9   0,0   0,0   6,6  24,5   11:37    NE
17  10,6  19,1   15:39   3,9   08:09   7,8   0,0   0,0   9,5  34,2   15:56   NNE
18  12,4  20,4   14:33   7,4   02:48   6,2   0,2   0,0   8,6  34,2   04:15     N
19  10,1  17,2   15:07   4,4   06:18   8,2   0,0   0,0   8,9  35,6   14:00     S
20   9,2  13,5   15:40   3,4   23:56   9,1   0,0   0,0   7,0  31,7   13:36     S
21   7,4  15,3   16:34   1,0   08:27  10,9   0,0   0,0   7,1  29,5   13:10   NNE
22   9,5  17,8   15:30   2,2   07:59   8,8   0,0   0,0   6,6  27,0   13:16     N
23  12,1  19,6   16:04   5,6   08:05   6,3   0,1   0,0   5,1  19,4   11:31   NNE
24  11,4  19,5   15:11   3,9   07:39   7,0   0,1   0,0   5,3  23,4   16:00   NNE
25  10,9  17,8   16:47   5,5   07:30   7,4   0,0   0,0   9,7  30,6   15:22    NE
26  14,4  20,9   15:28  10,6   00:54   4,2   0,3   0,0  13,5  45,4   15:05   NNE
27  17,4  25,4   16:05  11,8   07:37   2,5   1,6   0,0  14,0  46,4   14:45   NNE
28  17,8  23,5   16:11  12,5   23:54   1,5   1,0   0,0   6,1  25,6   12:11   NNE
29  16,4  21,9   15:55  11,3   05:13   2,5   0,6   0,0   8,1  31,7   14:06   SSE
30  16,2  19,8   17:56  13,3   06:29   2,3   0,2  13,2   9,4  31,7   14:20   ENE
31  15,8  19,0   15:48   8,6   22:54   2,6   0,1  26,1   9,1  39,2   11:28    SO
----------------------------------------------------------------------------------
    11,6  25,4    27     0,0     2   214,5   4,7  50,7   7,7  47,9     2      NE

Max >=  27,0:  0
Max <=   0,0:  0
Min <=   0,0:  1
Min <= -18,0:  0
Max Rain: 26,1 on day 31
Days of Rain: 3 (>= 0,2 mm)  3 (>= 2,0 mm)  1 (>= 20,0 mm)
Heat Base: 18,3  Cool Base: 18,3  Method: Integration