NOAA-Style Climate Reports


Report for 2015 Junio
                   Monthly Climatological Summary for jun 2015

Name: WXElortondo   City: Elortondo   State: Argentina
Elevation: 104 m  Lat: S 33° 42' 17"   Lon: W 061° 37' 16"

                  Temperature (°C), Rain (mm), Wind Speed (km/h)

                                      Heat  Cool        Avg
    Mean                              Deg   Deg         Wind                 Dom
Day Temp  High   Time   Low    Time   Days  Days  Rain  Speed High   Time    Dir
----------------------------------------------------------------------------------
 1  14,9  22,1   15:19   9,8   07:59   4,0   0,6   0,0   7,8  30,6   14:16     N
 2  15,8  22,6   14:42  10,2   07:59   3,4   0,9   0,0  10,8  40,3   16:35     N
 3  16,3  24,7   14:11   9,1   23:59   3,2   1,2   0,0   6,3  36,7   14:30    SO
 4  15,5  23,5   16:19   7,8   02:51   3,9   1,1   0,0   6,5  30,6   12:58    NE
 5  20,4  26,7   15:53  16,5   23:59   0,4   2,5   0,0   6,9  34,2   14:18     N
 6  17,3  21,1   12:17  12,4   23:59   1,5   0,5   0,0   6,5  36,7   15:44   SSE
 7  14,6  22,6   09:50   9,7   23:51   4,2   0,5   0,0   4,6  27,0   14:20   SSE
 8  14,3  21,1   15:49   7,8   03:24   4,4   0,4   0,0   5,8  25,6   14:34     E
 9  14,0  18,3   16:16  10,3   23:40   4,3   0,0   0,0   6,4  29,5   16:50   SSE
10  11,2  14,8   14:38   7,0   23:51   7,1   0,0   0,0   3,2  15,8   06:02   SSO
11   9,6  17,3   13:23   3,9   07:42   8,7   0,0   0,0   4,7  31,7   12:38    SO
12  10,0  19,2   15:34   2,4   07:23   8,3   0,1   0,0   8,3  36,7   13:07     N
13  13,3  17,8   16:25   9,4   00:00   5,1   0,0   0,0   7,1  28,1   12:51     N
14   9,5  16,8   15:01   2,9   08:06   8,8   0,0   0,0   7,5  42,8   15:16   OSO
15   9,5  19,3   15:39   1,7   07:49   8,9   0,1   0,0   6,8  28,1   12:39    NO
16  12,4  21,6   15:02   5,5   07:01   6,4   0,6   0,0   9,0  43,9   12:54     N
17   9,7  16,1   13:54   3,8   23:50   8,6   0,0   0,0   9,5  39,2   12:25     S
18   5,1  12,2   14:01  -1,2   06:29  13,2   0,0   0,0   3,4  17,3   11:43    SE
19   6,7  14,3   15:38   0,6   06:01  11,6   0,0   0,0  11,6  46,4   15:49   NNE
20   8,6  16,0   15:58   3,3   08:12   9,7   0,0   0,0   6,9  29,5   00:02     N
21  10,8  19,8   15:39   3,2   04:34   7,6   0,1   0,0   2,5  17,3   14:50     N
22   8,3  13,7   15:06   3,4   23:38  10,0   0,0   0,0   6,7  36,7   14:05   SSE
23   5,6  12,7   15:32  -1,1   07:18  12,7   0,0   0,0   5,3  23,4   14:23   ENE
24  10,6  15,6   15:39   6,8   02:31   7,7   0,0   0,0  11,3  34,2   12:06    NE
25  13,4  15,8   16:57  10,6   01:18   4,9   0,0   0,0   9,7  30,6   12:01    NE
26  18,1  23,9   15:54  15,4   00:19   1,4   1,2   0,0   5,0  17,3   01:30    NE
27  16,9  18,7   17:03  15,5   08:17   1,4   0,0  33,9   6,0  19,4   09:31    NE
28  18,8  22,7   14:10  11,7   17:11   0,5   1,0   9,3   4,0  24,5   02:27   NNE
29  17,2  20,9   16:45  13,4   21:10   1,7   0,5   0,3   3,8  18,4   13:20   SSO
30  13,8  20,0   16:20   9,1   08:23   4,7   0,2   0,0   5,1  22,0   14:19    SO
----------------------------------------------------------------------------------
    12,7  26,7     5    -1,2    18   178,3  11,5  43,5   6,6  46,4    19      NE

Max >=  27,0:  0
Max <=   0,0:  0
Min <=   0,0:  2
Min <= -18,0:  0
Max Rain: 33,9 on day 27
Days of Rain: 3 (>= 0,2 mm)  2 (>= 2,0 mm)  1 (>= 20,0 mm)
Heat Base: 18,3  Cool Base: 18,3  Method: Integration