NOAA-Style Climate Reports


Report for 2015 Mayo
                   Monthly Climatological Summary for may 2015

Name: WXElortondo   City: Elortondo   State: Argentina
Elevation: 104 m  Lat: S 33° 42' 17"   Lon: W 061° 37' 16"

                  Temperature (°C), Rain (mm), Wind Speed (km/h)

                                      Heat  Cool        Avg
    Mean                              Deg   Deg         Wind                 Dom
Day Temp  High   Time   Low    Time   Days  Days  Rain  Speed High   Time    Dir
----------------------------------------------------------------------------------
 1  19,7  27,2   14:25  17,1   07:15   0,4   1,8  96,3  11,9  45,4   20:21   ENE
 2  15,5  18,5   12:37   8,5   23:56   2,8   0,0  42,6  13,1  47,9   10:01     S
 3  10,8  16,7   14:50   5,2   07:37   7,5   0,0   0,0   6,4  31,7   13:01     O
 4  13,8  22,3   16:15   6,7   07:41   5,2   0,8   0,0   3,6  18,4   14:51   ONO
 5  15,7  23,3   16:00   9,7   05:09   3,6   1,0   0,0   6,1  25,6   13:28     N
 6  13,9  20,8   23:55   9,7   17:55   4,5   0,1   0,0  10,4  37,8   09:53    SE
 7  15,9  23,3   03:25  10,4   23:55   3,3   0,9   0,0   7,4  34,2   12:05   NNE
 8  13,7  21,0   14:19   7,7   07:35   5,1   0,4   0,0   7,3  28,1   12:39    NE
 9  15,3  19,9   15:05  10,3   04:35   3,2   0,2   0,0   4,1  14,8   13:49   ENE
10  16,7  22,6   15:27  12,7   05:57   2,5   0,9   0,0   4,7  20,9   14:30    SE
11  12,7  16,6   16:00   9,4   04:08   5,6   0,0   0,0   5,4  22,0   21:20   ENE
12  15,3  22,2   14:26  10,1   03:22   3,7   0,8   0,0   8,2  33,1   13:02    NE
13  16,9  23,8   15:01  11,9   08:13   2,5   1,2   0,0   6,5  22,0   12:58    NE
14  17,7  24,3   15:09  13,0   07:07   2,1   1,5   0,0   6,4  28,1   14:07   NNE
15  18,7  25,3   13:37  13,0   08:03   1,6   2,1   0,0   5,7  23,4   13:42   NNE
16  19,9  25,8   15:43  15,3   07:16   0,8   2,4   0,0   7,0  25,6   12:01   NNE
17  20,2  24,7   12:50  16,3   08:03   0,2   2,2   0,0   7,9  24,5   13:25    NE
18  22,1  27,7   15:12  19,3   08:01   0,0   3,8   0,9   4,9  20,9   01:17    NE
19  23,2  28,8   15:38  19,9   07:54   0,0   4,9   0,0   7,5  24,5   11:06   NNE
20  21,8  26,8   14:02  18,3   06:06   0,0   3,5   0,0  10,0  35,6   12:30   NNE
21  21,5  27,0   16:07  17,7   06:25   0,1   3,2   0,0  10,4  40,3   12:18   NNE
22  22,5  27,7   14:49  18,7   07:40   0,0   4,2   0,0   5,4  27,0   14:39   NNE
23  18,1  21,9   00:00  13,3   21:37   1,1   0,9   1,2  10,2  41,8   13:09   SSE
24  13,8  27,0   11:33   9,5   23:55   4,6   0,1   0,0   4,9  18,4   01:49    SE
25  12,5  17,9   14:42   6,0   07:38   5,8   0,0   4,2   2,6  13,3   12:00    NE
26  12,3  13,4   10:22  11,5   21:12   6,0   0,0   1,8   7,1  28,1   15:59   ESE
27  14,3  19,7   15:02  11,2   00:18   4,1   0,2   0,9   4,9  18,4   13:17   ESE
28  13,9  20,6   15:24   8,7   08:02   4,7   0,3   0,0   7,1  27,0   12:26    NE
29  14,4  18,3   15:27  11,3   08:32   3,9   0,0   0,9   7,4  29,5   12:10    NE
30  13,3  16,3   16:31   8,8   23:58   5,0   0,0   3,9   2,5  17,3   11:22     S
31  12,5  19,3   16:21   7,7   04:05   5,8   0,0   0,0   4,4  20,9   08:52     N
----------------------------------------------------------------------------------
    16,4  28,8    19     5,2     3    95,7  37,4 152,7   6,8  47,9     2      NE

Max >=  27,0:  6
Max <=   0,0:  0
Min <=   0,0:  0
Min <= -18,0:  0
Max Rain: 96,3 on day 1
Days of Rain: 9 (>= 0,2 mm)  4 (>= 2,0 mm)  2 (>= 20,0 mm)
Heat Base: 18,3  Cool Base: 18,3  Method: Integration