NOAA-Style Climate Reports

Select a Year or Month report
2017: Ene Feb Mar Abr May Jun Jul Ago Sep Oct Nov Dic
2016: Ene Feb Mar Abr May Jun Jul Ago Sep Oct Nov Dic
2015: Ene Feb Mar Abr May Jun Jul Ago Sep Oct Nov Dic
2014: Ene Feb Mar Abr May Jun Jul Ago Sep Oct Nov Dic
2013: Ene Feb Mar Abr May Jun Jul Ago Sep Oct Nov Dic
2012: Ene Feb Mar Abr May Jun Jul Ago Sep Oct Nov Dic

Report for 2015 Abril
                   Monthly Climatological Summary for abr 2015

Name: WXElortondo   City: Elortondo   State: Argentina
Elevation: 104 m  Lat: S 33° 42' 17"   Lon: W 061° 37' 16"

                  Temperature (°C), Rain (mm), Wind Speed (km/h)

                                      Heat  Cool        Avg
    Mean                              Deg   Deg         Wind                 Dom
Day Temp  High   Time   Low    Time   Days  Days  Rain  Speed High   Time    Dir
----------------------------------------------------------------------------------
 1  21,6  30,7   15:40  13,4   07:15   1,1   4,5   0,0   8,3  37,8   13:06     N
 2  22,9  32,2   16:06  13,9   07:21   0,9   5,4   0,0   8,6  35,6   12:12     N
 3  24,8  33,0   16:47  17,5   06:25   0,1   6,5   0,0   6,3  31,7   12:01   NNO
 4  23,3  29,4   14:47  17,5   07:38   0,0   5,1   0,0   5,0  19,4   01:08    SE
 5  21,2  27,5   15:12  15,9   23:57   0,5   3,4   0,0   7,3  28,1   11:00   SSE
 6  16,9  23,2   15:37  10,4   07:27   2,6   1,3   0,0   7,3  24,5   08:39     E
 7  18,6  26,2   14:06  12,1   07:04   2,2   2,4   2,7   7,7  35,6   16:25    NE
 8  20,8  28,6   16:56  14,3   06:34   1,0   3,5   0,0   6,6  24,5   00:40   NNE
 9  22,4  31,5   16:48  14,1   06:47   0,8   4,9   0,0   5,2  23,4   12:41   NNE
10  24,7  33,4   15:14  18,4   03:13   0,0   6,4   0,0   6,2  24,5   20:14     N
11  20,4  22,1   18:14  18,6   09:17   0,0   2,1  37,8   7,3  28,1   08:02     E
12  22,2  30,8   15:25  16,6   06:23   0,4   4,3   0,0   8,4  24,5   16:03   ENE
13  25,0  32,9   15:56  19,2   07:03   0,0   6,7   0,0   9,9  39,2   16:21   NNE
14  22,0  27,2   16:20  18,0   06:29   0,0   3,7  18,9   6,8  31,7   00:06    SE
15  20,5  24,5   14:36  17,4   04:42   0,1   2,3   0,0   6,5  30,6   23:03   ESE
16  21,6  28,2   14:26  16,8   22:20   0,2   3,5  16,5  12,0  52,6   20:08    NE
17  17,1  22,2   15:27  12,8   23:56   2,0   0,8   0,0   8,0  33,1   13:02   OSO
18  18,6  28,0   14:58  10,8   06:08   2,5   2,9   0,0   8,2  31,7   13:18   NNO
19  20,2  27,8   16:37  13,6   07:01   1,2   3,1   0,0   6,5  25,6   01:21     N
20  18,2  25,8   14:55  10,7   07:28   1,9   1,8   0,0   5,7  25,6   15:21     S
21  16,3  24,7   15:31   9,9   07:14   3,2   1,3   0,0   3,7  20,9   11:05     S
22  17,3  26,4   15:51   9,0   07:59   3,0   2,0   0,0   2,6  15,8   22:35    NE
23  19,2  27,5   15:18  12,0   04:31   1,9   2,8   0,0   6,2  24,5   12:24     N
24  19,9  28,5   15:37  12,1   05:03   1,8   3,4   0,0   4,8  22,0   12:33     N
25  21,5  29,6   15:35  15,2   06:26   0,8   4,0   0,0   8,0  28,1   14:50     N
26  21,1  28,6   15:47  15,6   05:49   0,6   3,4   0,0   8,2  33,1   13:00   NNE
27  21,3  29,6   12:54  14,7   04:34   0,7   3,8   0,0   2,6  15,8   15:20     E
28  20,1  26,6   16:08  15,9   06:35   0,6   2,4   0,0   8,7  25,6   09:43     E
29  17,9  19,3   11:35  16,5   18:21   0,6   0,2   7,8  10,1  35,6   15:54    NE
30  19,9  25,2   14:42  16,9   06:58   0,5   2,1   0,3   4,0  15,8   22:12    NE
----------------------------------------------------------------------------------
    20,6  33,4    10     9,0    22    31,2 100,0  84,0   6,9  52,6    16      NE

Max >=  27,0: 19
Max <=   0,0:  0
Min <=   0,0:  0
Min <= -18,0:  0
Max Rain: 37,8 on day 11
Days of Rain: 6 (>= 0,2 mm)  5 (>= 2,0 mm)  1 (>= 20,0 mm)
Heat Base: 18,3  Cool Base: 18,3  Method: Integration