NOAA-Style Climate Reports

Select a Year or Month report
2017: Ene Feb Mar Abr May Jun Jul Ago Sep Oct Nov Dic
2016: Ene Feb Mar Abr May Jun Jul Ago Sep Oct Nov Dic
2015: Ene Feb Mar Abr May Jun Jul Ago Sep Oct Nov Dic
2014: Ene Feb Mar Abr May Jun Jul Ago Sep Oct Nov Dic
2013: Ene Feb Mar Abr May Jun Jul Ago Sep Oct Nov Dic
2012: Ene Feb Mar Abr May Jun Jul Ago Sep Oct Nov Dic

Report for 2015 Marzo
                   Monthly Climatological Summary for mar 2015

Name: WXElortondo   City: Elortondo   State: Argentina
Elevation: 104 m  Lat: S 33° 42' 17"   Lon: W 061° 37' 16"

                  Temperature (°C), Rain (mm), Wind Speed (km/h)

                                      Heat  Cool        Avg
    Mean                              Deg   Deg         Wind                 Dom
Day Temp  High   Time   Low    Time   Days  Days  Rain  Speed High   Time    Dir
----------------------------------------------------------------------------------
 1  20,0  24,5   18:22  17,3   04:53   0,2   1,9  60,3   5,2  35,6   10:45   ESE
 2  22,9  30,5   16:58  15,5   06:21   0,5   5,1   0,0   4,9  28,1   12:34     N
 3  22,5  25,5   16:41  19,9   06:25   0,0   4,2  22,8   5,9  40,3   06:18   SSE
 4  23,6  29,2   16:07  19,6   07:17   0,0   5,3   0,0   5,1  19,4   15:49   SSE
 5  24,6  29,8   16:03  20,3   06:07   0,0   6,3   0,0   5,7  19,4   10:18   ENE
 6  25,6  32,5   14:18  20,3   05:47   0,0   7,3   0,0   7,7  27,0   17:24   ENE
 7  26,2  33,9   14:29  19,2   07:10   0,0   7,9   0,0   7,5  22,0   11:59    NE
 8  26,3  33,0   15:19  20,7   07:09   0,0   8,0   0,0   7,0  22,0   15:44    NE
 9  25,3  31,5   15:23  19,1   04:05   0,0   7,0   0,0   5,4  23,4   16:44   ENE
10  26,3  33,1   16:07  19,5   06:50   0,0   8,0   0,0   6,1  24,5   12:19    NE
11  26,7  33,1   15:45  21,8   06:49   0,0   8,4   0,0   7,4  25,6   17:43    NE
12  25,9  32,4   15:23  20,4   05:42   0,0   7,6   0,0   8,0  28,1   13:42    NE
13  25,5  32,6   16:08  18,4   06:54   0,0   7,2   0,0   7,4  29,5   10:58   NNE
14  22,2  26,4   16:57  19,8   08:35   0,0   3,9  24,0   4,3  27,0   06:38   SSE
15  22,3  28,4   16:41  16,6   07:11   0,2   4,2   0,0   4,7  17,3   12:09     E
16  25,3  32,1   15:44  19,2   06:58   0,0   7,0   0,0   7,0  20,9   11:28    NE
17  28,0  35,6   16:01  21,6   06:49   0,0   9,7   0,0   5,7  19,4   11:09    NE
18  26,7  33,3   14:49  21,6   07:21   0,0   8,4   0,0   7,9  25,6   13:01    NE
19  25,2  32,6   16:00  18,9   07:07   0,0   6,9   0,0   6,8  24,5   16:04    NE
20  24,6  32,3   15:51  18,1   23:58   0,0   6,3  29,4   9,0  45,4   23:58     S
21  16,3  22,3   16:03   9,6   07:19   2,9   0,8   0,0   8,0  46,4   00:06     S
22  17,4  24,7   15:46  10,7   05:41   2,6   1,7   0,0   4,2  19,4   08:34   ENE
23  19,5  26,2   15:12  14,7   05:02   1,2   2,3   0,0   5,6  20,9   10:34    NE
24  17,0  22,7   08:44  13,9   23:25   1,6   0,3  27,9   4,2  14,8   20:18   ENE
25  17,0  20,9   13:00  13,9   00:00   1,9   0,6   0,0   4,1  18,4   16:32   SSE
26  16,6  22,6   14:35  10,2   07:05   2,9   1,2   0,0   4,5  22,0   12:36   SSE
27  17,7  25,7   15:10  10,2   06:43   2,7   2,1   0,0   2,9  19,4   21:27   ENE
28  20,0  27,8   15:33  13,1   04:59   1,4   3,1   0,0   6,2  22,0   10:30   NNE
29  21,7  29,5   14:59  14,9   06:11   0,9   4,3   0,0   4,9  19,4   12:20   NNE
30  20,9  27,8   12:32  15,7   07:25   0,6   3,2   0,0   6,7  33,1   17:35     S
31  19,7  28,4   15:54  12,1   07:34   1,8   3,2   0,0   4,1  28,1   13:01   OSO
----------------------------------------------------------------------------------
    22,6  35,6    17     9,6    21    21,4 153,4 164,4   5,9  46,4    21     ENE

Max >=  27,0: 21
Max <=   0,0:  0
Min <=   0,0:  0
Min <= -18,0:  0
Max Rain: 60,3 on day 1
Days of Rain: 5 (>= 0,2 mm)  5 (>= 2,0 mm)  5 (>= 20,0 mm)
Heat Base: 18,3  Cool Base: 18,3  Method: Integration