NOAA-Style Climate Reports


Report for 2015 Febrero
                   Monthly Climatological Summary for feb 2015

Name: WXElortondo   City: Elortondo   State: Argentina
Elevation: 104 m  Lat: S 33° 42' 17"   Lon: W 061° 37' 16"

                  Temperature (°C), Rain (mm), Wind Speed (km/h)

                                      Heat  Cool        Avg
    Mean                              Deg   Deg         Wind                 Dom
Day Temp  High   Time   Low    Time   Days  Days  Rain  Speed High   Time    Dir
----------------------------------------------------------------------------------
 1  25,1  31,4   16:56  18,5   05:42   0,0   6,8   0,0   7,7  24,5   13:11    NE
 2  26,2  31,8   13:50  20,8   05:36   0,0   7,9   0,0   6,7  22,0   12:55     E
 3  24,5  27,4   14:00  22,6   05:42   0,0   6,2   0,0   6,1  23,4   16:03   ENE
 4  26,3  32,0   14:39  20,6   03:07   0,0   8,0   0,0   4,3  18,4   18:10   ENE
 5  27,3  33,5   15:00  20,7   06:17   0,0   9,0   0,0   4,9  28,1   06:49     E
 6  28,2  34,2   14:28  22,4   06:10   0,0   9,9   0,0   4,7  19,4   13:39   ENE
 7  27,6  32,8   14:45  22,9   06:24   0,0   9,3   0,0   7,2  25,6   18:06   ENE
 8  22,6  26,8   18:28  18,9   13:08   0,0   4,3  17,4   6,1  35,6   09:19     E
 9  20,1  27,8   11:40  16,4   21:59   0,4   2,2  37,2   4,5  28,1   21:27   SSO
10  21,1  28,8   16:31  16,3   06:28   0,6   3,4   3,0   2,6  25,6   00:22    SO
11  23,5  30,7   15:47  17,0   06:48   0,2   5,4   0,0   6,1  20,9   17:48   NNO
12  23,4  31,5   14:30  16,7   06:43   0,2   5,3   0,0   8,0  29,5   17:12     O
13  20,6  27,0   16:13  13,5   05:23   1,0   3,3   0,0   5,5  19,4   09:25     E
14  22,5  29,4   16:29  16,3   05:32   0,3   4,5   0,0   9,2  25,6   08:44     E
15  22,1  26,2   15:14  18,9   05:42   0,0   3,8   0,0   7,4  23,4   11:14     E
16  21,5  25,0   18:28  17,8   18:24   0,0   3,2   3,9   3,5  15,8   19:48   ESE
17  25,7  31,7   14:16  20,8   06:43   0,0   7,4   0,3   6,3  23,4   17:01   ENE
18  22,0  26,8   09:41  18,2   23:59   0,0   3,7   2,1   6,0  31,7   19:07    SO
19  17,9  23,3   16:16  11,9   06:56   1,7   1,3   0,0   7,9  31,7   12:36     S
20  18,2  25,1   14:52  11,8   04:49   2,1   2,0   0,0   4,4  18,4   09:29   ESE
21  19,3  25,4   12:20  13,8   06:04   1,2   2,1   0,0   2,9  14,8   16:25   NNE
22  22,3  30,0   16:24  12,8   05:27   1,3   5,3   0,0   2,5  20,9   12:37     E
23  25,7  33,9   16:01  15,9   05:11   0,3   7,7   0,0   3,5  20,9   15:40   NNE
24  27,5  34,0   16:19  20,4   06:32   0,0   9,2   0,0   7,0  27,0   12:29    NE
25  23,0  26,0   17:20  20,4   10:24   0,0   4,7  16,2   8,3  46,4   10:22     E
26  20,9  26,0   16:51  18,4   09:20   0,0   2,6   0,6   6,6  22,0   02:17   SSE
27  22,2  29,2   16:52  16,7   06:16   0,3   4,2   0,0   5,8  20,9   10:59   SSE
28  20,4  25,3   14:29  15,0   06:59   0,5   2,6   5,1   6,5  27,0   10:18   ENE
----------------------------------------------------------------------------------
    23,1  34,2     6    11,8    20    10,1 145,3  85,8   5,8  46,4    25       E

Max >=  27,0: 18
Max <=   0,0:  0
Min <=   0,0:  0
Min <= -18,0:  0
Max Rain: 37,2 on day 9
Days of Rain: 9 (>= 0,2 mm)  7 (>= 2,0 mm)  1 (>= 20,0 mm)
Heat Base: 18,3  Cool Base: 18,3  Method: Integration