NOAA-Style Climate Reports


Report for 2015 Enero
                   Monthly Climatological Summary for ene 2015

Name: WXElortondo   City: Elortondo   State: Argentina
Elevation: 104 m  Lat: S 33° 42' 17"   Lon: W 061° 37' 16"

                  Temperature (°C), Rain (mm), Wind Speed (km/h)

                                      Heat  Cool        Avg
    Mean                              Deg   Deg         Wind                 Dom
Day Temp  High   Time   Low    Time   Days  Days  Rain  Speed High   Time    Dir
----------------------------------------------------------------------------------
 1  18,8  22,9   14:44  13,2   11:21   1,2   1,7  21,3  11,8  41,8   15:10   SSO
 2  19,7  26,4   15:22  11,5   04:40   1,7   3,1   0,0   5,3  27,0   12:28     S
 3  22,4  29,5   16:34  13,7   05:24   0,8   5,0   0,0   8,6  39,2   10:18   NNO
 4  23,2  31,1   14:23  15,0   06:22   0,4   5,4   0,0   6,5  22,0   18:33     E
 5  27,1  33,3   14:53  19,8   06:12   0,0   8,8   0,0  10,2  31,7   15:29   NNE
 6  23,6  29,6   10:40  21,0   15:46   0,0   5,3  33,9   9,3  51,5   01:39    NE
 7  24,5  29,5   17:25  19,8   06:05   0,0   6,2   0,0   3,5  23,4   00:01     N
 8  26,1  31,6   14:53  20,1   06:33   0,0   7,8   0,0   4,8  25,6   13:21    NE
 9  27,4  33,6   16:07  21,3   05:50   0,0   9,1   0,0   3,3  19,4   13:08    SO
10  26,4  34,2   14:53  19,7   05:55   0,0   8,1   4,8   7,1  34,2   21:56   ENE
11  26,6  33,9   16:43  20,5   05:26   0,0   8,3   0,0   2,8  15,8   15:51     O
12  27,7  34,3   14:51  20,9   05:31   0,0   9,4   0,0   6,4  19,4   09:32     N
13  21,3  26,5   00:32  18,2   08:56   0,0   3,0  93,9   5,3  41,8   00:57     E
14  24,6  31,4   16:00  18,0   06:03   0,0   6,3   0,0   2,0  13,3   23:52   SSO
15  24,1  29,5   15:47  19,9   04:02   0,0   5,8   0,0   8,7  25,6   17:17   ENE
16  26,8  32,3   14:57  21,5   05:47   0,0   8,4   0,0   8,1  33,1   13:17   NNO
17  24,7  30,6   13:41  20,2   09:35   0,0   6,4   0,0   7,8  33,1   10:34   ESE
18  23,8  29,4   17:26  19,7   06:22   0,0   5,5   1,8   7,8  28,1   09:29   ENE
19  22,0  25,9   16:02  19,2   11:49   0,0   3,7  23,4   8,0  41,8   08:51    SE
20  20,0  24,7   16:25  15,8   07:03   0,4   2,0   0,0   8,3  29,5   01:18   SSE
21  22,2  28,9   14:18  16,3   02:06   0,5   4,4   0,0   7,4  25,6   17:48   ENE
22  23,6  29,5   16:02  18,2   06:27   0,0   5,3   0,0  10,6  33,1   10:08    NE
23  25,3  31,2   14:53  19,7   06:13   0,0   7,0   0,0   7,3  23,4   10:16    NE
24  26,4  32,3   14:39  20,4   06:08   0,0   8,1   0,0   6,3  19,4   10:16    NE
25  26,8  34,5   15:06  20,6   06:03   0,0   8,5   0,0   5,2  18,4   11:33   NNE
26  27,2  32,2   12:19  21,1   23:59   0,0   8,9   6,3   7,5  57,6   23:49   ENE
27  27,3  35,5   16:32  20,6   00:14   0,0   9,0   4,2   7,0  41,8   00:04   NNE
28  24,1  26,8   16:51  20,5   23:26   0,0   5,8   2,4   7,4  37,8   07:34    SE
29  21,2  26,8   15:19  15,5   06:59   0,4   3,3   0,0   6,9  23,4   10:41   ESE
30  21,3  27,1   15:10  15,5   05:56   0,5   3,6   0,0   9,9  30,6   14:15   ENE
31  22,9  29,8   15:35  15,8   06:05   0,4   5,1   0,0   8,9  28,1   15:23    NE
----------------------------------------------------------------------------------
    24,2  35,5    27    11,5     2     6,3 188,3 192,0   7,1  57,6    26     ENE

Max >=  27,0: 24
Max <=   0,0:  0
Min <=   0,0:  0
Min <= -18,0:  0
Max Rain: 93,9 on day 13
Days of Rain: 9 (>= 0,2 mm)  8 (>= 2,0 mm)  4 (>= 20,0 mm)
Heat Base: 18,3  Cool Base: 18,3  Method: Integration