NOAA-Style Climate Reports

Select a Year or Month report
2017: Ene Feb Mar Abr May Jun Jul Ago Sep Oct Nov Dic
2016: Ene Feb Mar Abr May Jun Jul Ago Sep Oct Nov Dic
2015: Ene Feb Mar Abr May Jun Jul Ago Sep Oct Nov Dic
2014: Ene Feb Mar Abr May Jun Jul Ago Sep Oct Nov Dic
2013: Ene Feb Mar Abr May Jun Jul Ago Sep Oct Nov Dic
2012: Ene Feb Mar Abr May Jun Jul Ago Sep Oct Nov Dic

Report for 2015
                   Annual Climatological Summary for 2015

Name: WXElortondo   City: Elortondo   State: Argentina
Elevation: 104 m  Lat: S 33° 42' 17"   Lon: W 061° 37' 16"

                  Temperature (°C), Heat Base: 18,3  Cool Base: 18,3
                          Dep.  Heat  Cool                       Max  Max  Min  Min
        Mean  Mean        From  Deg   Deg                        >=   <=   <=   <=
 YR MO  Max   Min   Mean  Norm  Days  Days  Hi  Date  Low  Date 27,0  0,0  0,0 -18,0
------------------------------------------------------------------------------------
 15  1  30,2  18,5  24,2   0.0     6   188  35,5  27  11,5    2   24    0    0    0
 15  2  29,0  17,7  23,1   0.0    10   145  34,2   6  11,8   20   18    0    0    0
 15  3  29,1  17,0  22,6   0.0    21   153  35,6  17   9,6   21   21    0    0    0
 15  4  27,7  14,7  20,6   0.0    31   100  33,4  10   9,0   22   19    0    0    0
 15  5  22,3  11,9  16,4   0.0    95    37  28,8  19   5,2    3    6    0    0    0
 15  6  19,1   7,4  12,7   0.0   178    11  26,7   5  -1,2   18    0    0    2    0
 15  7  17,8   6,0  11,6   0.0   214     4  25,4  27   0,0    2    0    0    1    0
 15  8  19,3   9,5  13,9   0.0   153    16  28,0  30   4,5   15    3    0    0    0
 15  9  20,4   8,6  14,4   0.0   136    19  26,6  14   0,0   26    0    0    1    0
 15 10  21,9  10,8  16,1   0.0   105    37  32,4  28   2,6    3    5    0    0    0
 15 11  26,4  14,5  20,6   0.0    26    94  31,6  16   0,0    3   13    0    1    0
 15 12  31,1  16,8  24,6   0.0    10   193  36,4  11   0,0   24   27    0    2    0
------------------------------------------------------------------------------------
        24,5  12,8  18,4   0.0   991  1001  36,4 dic  -1,2  jun  136    0    7    0

                                Precipitation (mm)

              Dep.   Max        Days of Rain
              From   Obs.           >=
 YR MO Total  Norm   Day Date  0,2  2,0 20,0
---------------------------------------------
 15  1 192,0   0.0  93,9  13     9    8    4
 15  2  85,8   0.0  37,2   9     9    7    1
 15  3 164,4   0.0  60,3   1     5    5    5
 15  4  84,0   0.0  37,8  11     6    5    1
 15  5 152,7   0.0  96,3   1     9    4    2
 15  6  43,5   0.0  33,9  27     3    2    1
 15  7  50,7   0.0  26,1  31     3    3    1
 15  8 123,9   0.0  60,3   9     7    5    2
 15  9  60,3   0.0  42,0   9     5    3    1
 15 10 102,6   0.0  43,2  29     6    5    3
 15 11 164,1   0.0  69,3  12    14   10    2
 15 12 203,5   0.0  97,0  20     8    6    2
---------------------------------------------
      1427,5   0.0  97,0  dic   84   63   25

                                Wind Speed (km/h)
                          Dom
 YR MO   Avg.  Hi   Date  Dir
------------------------------
 15  1   7,1  57,6   26   ENE
 15  2   5,8  46,4   25     E
 15  3   5,9  46,4   21   ENE
 15  4   6,9  52,6   16    NE
 15  5   6,8  47,9    2    NE
 15  6   6,6  46,4   19    NE
 15  7   7,7  47,9    2    NE
 15  8   7,2  55,1   28   ESE
 15  9   7,7  43,9    6   ESE
 15 10   8,9  62,3   14   ESE
 15 11   7,9  60,1   22     E
 15 12   7,1  56,2   17   ENE
------------------------------
         7,1  62,3  oct   ENE