NOAA-Style Climate Reports

Select a Year or Month report
2017: Ene Feb Mar Abr May Jun Jul Ago Sep Oct Nov Dic
2016: Ene Feb Mar Abr May Jun Jul Ago Sep Oct Nov Dic
2015: Ene Feb Mar Abr May Jun Jul Ago Sep Oct Nov Dic
2014: Ene Feb Mar Abr May Jun Jul Ago Sep Oct Nov Dic
2013: Ene Feb Mar Abr May Jun Jul Ago Sep Oct Nov Dic
2012: Ene Feb Mar Abr May Jun Jul Ago Sep Oct Nov Dic

Report for 2014 Diciembre
                   Monthly Climatological Summary for dic 2014

Name: WXElortondo   City: Elortondo   State: Argentina
Elevation: 104 m  Lat: S 33° 42' 17"   Lon: W 061° 37' 16"

                  Temperature (°C), Rain (mm), Wind Speed (km/h)

                                      Heat  Cool        Avg
    Mean                              Deg   Deg         Wind                 Dom
Day Temp  High   Time   Low    Time   Days  Days  Rain  Speed High   Time    Dir
----------------------------------------------------------------------------------
 1  16,6  21,9   16:37  11,6   06:15   2,4   0,7   0,0   8,4  29,5   10:47     S
 2  19,7  26,1   16:10  11,9   05:48   1,5   2,9   0,0   4,4  24,5   14:07     S
 3  24,2  33,6   15:12  14,6   06:14   0,7   6,6   0,0   4,8  20,9   10:26     N
 4  26,0  33,7   14:31  17,0   06:09   0,0   7,8   0,0   9,0  30,6   14:47   NNE
 5  26,4  33,7   15:49  18,3   06:08   0,0   8,1   0,0  10,9  39,2   12:23   NNE
 6  28,9  36,7   16:11  20,9   05:53   0,0  10,6   0,0  11,1  46,4   10:34   NNE
 7  22,3  27,9   00:00  17,8   23:51   0,0   4,0   3,6   6,9  36,7   04:12    SO
 8  24,1  31,6   16:15  15,4   06:21   0,6   6,4   0,0   5,1  25,6   22:07    NE
 9  27,0  34,6   16:12  19,0   21:54   0,0   8,8  15,9   7,4  41,8   21:12   NNE
10  22,5  27,4   15:17  19,2   23:06   0,0   4,2   0,3   8,7  34,2   10:21    SE
11  19,7  23,8   15:02  15,4   05:50   0,4   1,8   0,0   9,4  35,6   09:42     E
12  23,1  30,9   15:43  14,7   05:09   0,7   5,5   0,0   4,5  20,9   11:21   NNE
13  26,2  34,0   13:57  19,8   03:26   0,0   7,9   0,0   5,4  31,7   20:07   NNE
14  23,1  28,9   16:02  17,5   03:29   0,1   4,9   0,0  10,6  33,1   05:21     E
15  20,5  23,8   15:53  18,2   04:16   0,0   2,2   0,6   8,8  30,6   10:10   ENE
16  23,5  30,0   16:00  16,8   05:54   0,1   5,3   0,0   4,2  24,5   13:13     E
17  25,6  33,5   15:58  18,8   05:46   0,0   7,3   0,0   4,3  43,9   17:48     S
18  27,4  35,1   13:58  18,8   05:30   0,0   9,1   0,0   5,1  23,4   09:41    NO
19  28,3  36,2   15:30  20,1   06:13   0,0  10,0   0,0  10,3  37,8   11:08     N
20  21,6  26,0   01:02  17,8   09:14   0,0   3,3  47,4  11,9  56,2   02:34     S
21  19,4  24,9   15:17  13,4   23:49   0,9   2,0   0,0  10,8  37,8   00:43   SSO
22  17,2  23,8   15:37   9,3   06:06   2,7   1,6   0,0   6,7  34,2   12:54   SSO
23  20,0  27,5   15:19  11,6   05:33   1,7   3,4   0,0   8,1  28,1   09:08     N
24  22,1  29,6   16:10  13,3   06:14   1,1   4,9   0,0   9,8  33,1   09:09   NNE
25  25,9  33,5   17:17  17,2   05:41   0,1   7,7   0,0   8,0  25,6   13:04   NNE
26  22,6  26,7   13:45  18,5   23:56   0,0   4,3   8,1   7,9  40,3   08:53     E
27  22,8  29,1   16:05  16,2   03:29   0,5   5,0   0,0   4,1  22,0   18:02   ENE
28  26,3  33,0   14:50  17,7   05:31   0,0   8,0   0,0   4,1  20,9   10:56   NNE
29  27,5  33,1   14:07  21,2   23:21   0,0   9,2   1,5   7,0  41,8   21:37     N
30  25,9  32,8   16:11  19,4   03:53   0,0   7,6   0,0   4,9  41,8   00:30    SE
31  23,3  28,9   17:23  17,0   08:58   0,1   5,1  17,4   5,8  29,5   06:21    SE
----------------------------------------------------------------------------------
    23,5  36,7     6     9,3    22    13,6 176,2  94,8   7,4  56,2    20     ENE

Max >=  27,0: 23
Max <=   0,0:  0
Min <=   0,0:  0
Min <= -18,0:  0
Max Rain: 47,4 on day 20
Days of Rain: 8 (>= 0,2 mm)  5 (>= 2,0 mm)  1 (>= 20,0 mm)
Heat Base: 18,3  Cool Base: 18,3  Method: Integration