NOAA-Style Climate Reports

Select a Year or Month report
2017: Ene Feb Mar Abr May Jun Jul Ago Sep Oct Nov Dic
2016: Ene Feb Mar Abr May Jun Jul Ago Sep Oct Nov Dic
2015: Ene Feb Mar Abr May Jun Jul Ago Sep Oct Nov Dic
2014: Ene Feb Mar Abr May Jun Jul Ago Sep Oct Nov Dic
2013: Ene Feb Mar Abr May Jun Jul Ago Sep Oct Nov Dic
2012: Ene Feb Mar Abr May Jun Jul Ago Sep Oct Nov Dic

Report for 2014 Noviembre
                   Monthly Climatological Summary for nov 2014

Name: WXElortondo   City: Elortondo   State: Argentina
Elevation: 104 m  Lat: S 33° 42' 17"   Lon: W 061° 37' 16"

                  Temperature (°C), Rain (mm), Wind Speed (km/h)

                                      Heat  Cool        Avg
    Mean                              Deg   Deg         Wind                 Dom
Day Temp  High   Time   Low    Time   Days  Days  Rain  Speed High   Time    Dir
----------------------------------------------------------------------------------
 1  12,5  15,2   00:00   9,2   23:47   5,8   0,0  23,1  13,5  43,9   23:40    SE
 2  11,5  13,9   22:03   9,0   00:11   6,8   0,0  57,0  11,3  36,7   14:38   ESE
 3  14,7  17,4   17:44  11,9   21:46   3,6   0,0  16,8  10,4  45,4   14:41   SSO
 4  16,4  23,6   15:41   8,5   05:49   3,4   1,5   0,0   6,4  30,6   12:36   OSO
 5  19,2  26,3   15:14  11,8   04:45   1,7   2,6   0,0   8,6  31,7   10:47    NE
 6  21,3  29,0   14:02  13,1   06:13   1,3   4,3   0,0   6,2  18,4   23:55    NE
 7  22,1  28,8   14:55  15,6   05:31   0,5   4,4   0,0   7,1  30,6   11:00     S
 8  24,2  33,2   15:25  15,3   06:04   0,5   6,4   0,0   5,0  20,9   13:25   ONO
 9  23,7  34,3   14:31  18,0   05:52   0,0   5,5  17,1   8,0  58,7   16:25    NE
10  21,0  27,1   18:35  17,6   06:57   0,1   2,8   1,8   4,3  36,7   17:31     N
11  23,1  31,8   14:53  15,5   06:11   0,4   5,3   0,3   3,7  28,1   20:27    SE
12  21,0  26,8   14:18  14,5   05:54   0,6   3,3   0,0   7,8  33,1   14:27   SSE
13  20,3  26,9   16:32  12,4   06:02   1,4   3,4   0,0   5,3  20,9   23:03    NE
14  22,7  32,2   16:49  12,3   05:41   1,4   5,7   0,0   8,7  31,7   10:25   NNO
15  26,8  36,9   17:33  16,7   05:04   0,2   8,7   0,0   7,5  33,1   09:01   NNO
16  27,7  35,9   14:58  16,8   06:11   0,1   9,5   0,0   5,3  20,9   23:36   NNE
17  27,7  36,0   15:58  18,9   05:59   0,0   9,4   0,0  11,5  40,3   17:53    NE
18  28,3  35,5   16:34  20,4   05:26   0,0  10,0   0,0  11,5  40,3   11:18   NNE
19  22,1  26,2   17:10  17,5   05:12   0,1   3,9  20,1   8,7  43,9   03:19   SSE
20  20,9  27,4   13:04  15,0   04:58   0,6   3,2   0,0   5,4  36,7   17:52    SE
21  19,8  25,3   15:29  15,2   23:59   0,6   2,0   0,0   5,3  28,1   20:12    SE
22  20,1  27,6   15:48  11,6   04:50   1,7   3,5   0,0   3,7  20,9   13:32   ONO
23  24,4  32,7   15:42  15,1   05:41   0,6   6,7   0,0  11,3  41,8   16:38     N
24  22,4  26,0   15:28  16,4   23:24   0,1   4,1   0,0   9,9  36,7   13:01     S
25  21,0  28,5   16:26  12,2   04:02   1,3   4,0   0,0   6,4  27,0   09:27     E
26  23,1  30,8   17:19  15,9   05:44   0,4   5,3   0,0   5,0  23,4   23:58   ENE
27  24,9  33,2   15:52  15,8   04:47   0,3   6,9   0,0   7,8  29,5   19:17    NE
28  25,5  32,7   15:44  18,0   05:51   0,0   7,2   0,0  12,3  39,2   17:14    NE
29  21,8  32,2   12:15  16,6   23:40   0,1   3,6  48,3  13,6  64,8   12:40    SE
30  15,6  21,0   16:14  10,8   04:45   3,1   0,4  10,5  18,6  67,3   02:34     S
----------------------------------------------------------------------------------
    21,5  36,9    15     8,5     4    36,7 133,6 195,0   8,3  67,3    30       E

Max >=  27,0: 19
Max <=   0,0:  0
Min <=   0,0:  0
Min <= -18,0:  0
Max Rain: 57,0 on day 2
Days of Rain: 9 (>= 0,2 mm)  7 (>= 2,0 mm)  4 (>= 20,0 mm)
Heat Base: 18,3  Cool Base: 18,3  Method: Integration