NOAA-Style Climate Reports

Select a Year or Month report
2017: Ene Feb Mar Abr May Jun Jul Ago Sep Oct Nov Dic
2016: Ene Feb Mar Abr May Jun Jul Ago Sep Oct Nov Dic
2015: Ene Feb Mar Abr May Jun Jul Ago Sep Oct Nov Dic
2014: Ene Feb Mar Abr May Jun Jul Ago Sep Oct Nov Dic
2013: Ene Feb Mar Abr May Jun Jul Ago Sep Oct Nov Dic
2012: Ene Feb Mar Abr May Jun Jul Ago Sep Oct Nov Dic

Report for 2014 Octubre
                   Monthly Climatological Summary for oct 2014

Name: WXElortondo   City: Elortondo   State: Argentina
Elevation: 104 m  Lat: S 33° 42' 17"   Lon: W 061° 37' 16"

                  Temperature (°C), Rain (mm), Wind Speed (km/h)

                                      Heat  Cool        Avg
    Mean                              Deg   Deg         Wind                 Dom
Day Temp  High   Time   Low    Time   Days  Days  Rain  Speed High   Time    Dir
----------------------------------------------------------------------------------
 1  15,5  22,3   16:06   9,2   06:07   3,6   0,8   0,0   8,6  33,1   13:32     E
 2  14,8  21,0   14:26  10,1   06:54   3,9   0,3   0,0  15,9  39,2   13:00   ENE
 3  15,6  19,5   13:26  13,8   01:25   2,7   0,0   2,4  16,4  43,9   21:06   ENE
 4  15,7  19,7   13:55  14,0   03:43   2,7   0,1  30,9  13,6  42,8   07:21   ENE
 5  17,2  23,0   16:09  13,1   07:29   2,0   0,9   2,1   6,6  30,6   17:31   OSO
 6  18,8  26,3   17:16  11,5   05:08   2,0   2,5   0,0   6,7  35,6   13:40   OSO
 7  22,1  30,9   14:44  14,6   05:05   0,9   4,8   0,0   6,6  25,6   11:09     N
 8  22,5  29,5   15:50  15,7   06:34   0,3   4,6   0,0  10,1  30,6   11:19    NE
 9  17,5  23,5   00:00  11,9   23:46   1,7   0,9   0,6  13,4  50,0   17:03   SSO
10  12,9  18,1   15:05   7,3   06:39   5,4   0,0   0,0   9,2  33,1   14:34     S
11  15,2  22,4   15:06   8,0   06:31   3,9   0,8   0,0   4,6  22,0   08:51   ENE
12  18,0  25,8   15:13   8,7   06:24   2,6   2,3   0,0   3,1  19,4   11:48   ESE
13  19,8  28,0   15:36  12,4   05:33   1,7   3,2   0,0   7,3  24,5   12:26   NNE
14  21,8  30,3   14:37  14,7   01:55   1,0   4,4   0,0   8,6  31,7   15:39    NE
15  21,7  28,3   14:39  15,5   06:15   0,6   4,1   0,0   9,9  37,8   18:08    NE
16  23,7  28,1   16:17  18,3   06:16   0,0   5,4  14,7  13,8  41,8   03:31     S
17  24,9  28,1   00:00  18,1   08:35   1,7   6,0   0,0  11,5  34,2   16:30   ESE
18  19,9  23,8   11:57  16,5   04:41   0,2   1,7   0,3  10,1  51,5   12:27   SSE
19  19,5  26,8   15:09  10,8   06:52   1,5   2,7   0,0   6,1  27,0   09:22     S
20  20,9  28,8   15:44  13,2   03:32   1,1   3,8   0,0   8,8  35,6   13:03    NE
21  23,9  32,3   15:29  16,0   06:04   0,4   6,0   0,0  10,8  35,6   11:52   NNE
22  25,5  34,8   16:27  16,4   05:27   0,2   7,5   0,0  10,3  34,2   11:04   NNE
23  26,9  35,5   15:03  19,0   05:19   0,0   8,6   0,0   7,9  29,5   14:38   NNE
24  26,7  35,1   16:35  19,7   04:37   0,0   8,4   0,0   4,6  19,4   01:15   ENE
25  26,6  33,5   16:00  21,3   06:00   0,0   8,3   0,0   8,3  27,0   17:26    NE
26  27,7  36,2   15:40  19,3   06:25   0,0   9,4   0,0  11,6  41,8   14:17   NNE
27  26,1  37,8   13:56  17,7   23:32   0,0   7,8   0,0  16,2  55,1   15:59   NNE
28  22,2  35,0   14:08  16,8   06:31   0,2   4,1   0,0  10,8  37,8   18:26    SE
29  20,2  25,3   14:31  15,7   23:53   0,2   2,1   5,4  10,9  52,6   06:27   ESE
30  20,3  27,4   15:11  13,1   06:06   1,3   3,3   0,0   7,1  25,6   13:16     E
31  17,3  20,6   13:54  15,1   08:17   1,2   0,2  23,4   8,0  31,7   09:30    SE
----------------------------------------------------------------------------------
    20,7  37,8    27     7,3    10    43,0 115,0  79,8   9,6  55,1    27     ENE

Max >=  27,0: 17
Max <=   0,0:  0
Min <=   0,0:  0
Min <= -18,0:  0
Max Rain: 30,9 on day 4
Days of Rain: 8 (>= 0,2 mm)  6 (>= 2,0 mm)  2 (>= 20,0 mm)
Heat Base: 18,3  Cool Base: 18,3  Method: Integration