NOAA-Style Climate Reports

Select a Year or Month report
2017: Ene Feb Mar Abr May Jun Jul Ago Sep Oct Nov Dic
2016: Ene Feb Mar Abr May Jun Jul Ago Sep Oct Nov Dic
2015: Ene Feb Mar Abr May Jun Jul Ago Sep Oct Nov Dic
2014: Ene Feb Mar Abr May Jun Jul Ago Sep Oct Nov Dic
2013: Ene Feb Mar Abr May Jun Jul Ago Sep Oct Nov Dic
2012: Ene Feb Mar Abr May Jun Jul Ago Sep Oct Nov Dic

Report for 2014 Septiembre
                   Monthly Climatological Summary for sep 2014

Name: WXElortondo   City: Elortondo   State: Argentina
Elevation: 104 m  Lat: S 33° 42' 17"   Lon: W 061° 37' 16"

                  Temperature (°C), Rain (mm), Wind Speed (km/h)

                                      Heat  Cool        Avg
    Mean                              Deg   Deg         Wind                 Dom
Day Temp  High   Time   Low    Time   Days  Days  Rain  Speed High   Time    Dir
----------------------------------------------------------------------------------
 1  17,3  25,2   15:37  10,2   02:15   2,7   1,8   0,0  10,9  39,2   12:43   ENE
 2  17,7  24,0   15:51  14,1   08:02   1,8   1,1   3,3  10,4  37,8   06:12     E
 3  17,5  24,0   15:22  13,0   07:31   2,0   1,1   0,0  11,8  34,2   17:29   ENE
 4  16,5  17,4   00:00  15,5   09:08   1,8   0,0   3,9  12,9  52,6   15:50   ENE
 5  17,8  20,0   15:36  15,8   23:59   0,9   0,4  16,2  10,2  36,7   23:33    NE
 6  15,0  20,4   15:36  11,3   23:19   3,6   0,3   2,4  14,5  55,1   07:05    SO
 7  16,3  24,7   16:09   8,7   07:24   3,6   1,6   0,0  10,2  39,2   14:14   NNE
 8  18,9  27,0   15:19  10,7   07:24   2,3   2,9   0,0  11,1  45,4   16:21   NNE
 9  15,1  21,5   00:00  10,4   23:58   3,7   0,5   8,1  13,6  61,2   11:12     S
10  12,2  20,0   15:48   4,3   07:19   6,3   0,2   0,0   5,8  24,5   11:09   SSO
11  13,8  21,2   12:49   6,1   07:14   5,1   0,6   0,0   3,7  22,0   19:37   NNE
12  15,0  22,1   15:06   8,3   06:04   4,1   0,9   0,0   9,2  31,7   10:27    NE
13  13,6  19,1   17:01   7,4   05:39   4,7   0,0   0,0   5,7  24,5   10:59   ESE
14  14,7  16,0   11:36  10,9   23:57   3,6   0,0  33,9   9,7  35,6   12:20     S
15  14,8  22,6   15:30   7,7   06:51   4,4   0,9   0,0   6,2  31,7   13:24     S
16  15,8  23,0   16:45   8,8   07:02   3,6   1,1   0,0   8,9  28,1   11:28    NE
17  17,0  24,9   16:01  10,4   06:15   3,1   1,8   0,0   8,3  23,4   09:15    NE
18  17,4  25,4   14:25  11,1   06:20   2,6   1,7   0,0   6,0  23,4   11:15    NE
19  18,2  26,5   15:35   9,5   06:33   2,5   2,4   0,0   5,2  29,5   12:52     S
20  18,0  25,6   15:44  10,2   06:57   2,4   2,1   0,0   7,4  29,5   15:00     S
21  17,0  24,6   16:10  10,1   06:56   2,9   1,6   0,0  13,0  39,2   17:54   ENE
22  19,1  27,0   16:31  12,2   07:04   1,8   2,6   0,0  12,8  46,4   10:44    NE
23  13,4  18,5   00:00   9,4   23:45   5,0   0,0   7,5   8,7  42,8   05:03   SSE
24  14,2  22,3   15:35   6,0   07:02   5,0   0,9   0,0   7,0  37,8   17:35    NE
25  16,3  25,9   14:37  10,3   06:18   3,5   1,5   0,0  12,3  56,2   16:08     S
26  13,1  19,7   16:32   5,7   07:03   5,3   0,1   0,0   4,1  20,9   00:13    SO
27  14,6  21,2   15:16   7,7   07:03   4,2   0,6   0,0   9,3  37,8   13:03    NE
30  17,4  22,8   13:12  11,9   23:55   1,9   1,0   0,0   7,6  34,2   11:06   ESE
----------------------------------------------------------------------------------
    16,0  27,0     8     4,3    10    94,4  29,7  75,3   9,2  61,2     9       E

Max >=  27,0:  2
Max <=   0,0:  0
Min <=   0,0:  0
Min <= -18,0:  0
Max Rain: 33,9 on day 14
Days of Rain: 7 (>= 0,2 mm)  7 (>= 2,0 mm)  1 (>= 20,0 mm)
Heat Base: 18,3  Cool Base: 18,3  Method: Integration