NOAA-Style Climate Reports

Select a Year or Month report
2017: Ene Feb Mar Abr May Jun Jul Ago Sep Oct Nov Dic
2016: Ene Feb Mar Abr May Jun Jul Ago Sep Oct Nov Dic
2015: Ene Feb Mar Abr May Jun Jul Ago Sep Oct Nov Dic
2014: Ene Feb Mar Abr May Jun Jul Ago Sep Oct Nov Dic
2013: Ene Feb Mar Abr May Jun Jul Ago Sep Oct Nov Dic
2012: Ene Feb Mar Abr May Jun Jul Ago Sep Oct Nov Dic

Report for 2014 Agosto
                   Monthly Climatological Summary for ago 2014

Name: WXElortondo   City: Elortondo   State: Argentina
Elevation: 104 m  Lat: S 33° 42' 17"   Lon: W 061° 37' 16"

                  Temperature (°C), Rain (mm), Wind Speed (km/h)

                                      Heat  Cool        Avg
    Mean                              Deg   Deg         Wind                 Dom
Day Temp  High   Time   Low    Time   Days  Days  Rain  Speed High   Time    Dir
----------------------------------------------------------------------------------
 1  18,0  21,2   14:11  14,7   00:36   0,9   0,6   0,0   4,7  33,1   22:14    NE
 2  19,4  22,0   14:49  16,9   02:10   0,1   1,2   0,0   5,8  29,5   00:37   NNE
 3  17,6  21,6   11:55  13,1   23:29   1,4   0,7   0,0  14,0  52,6   12:51   SSE
 4  12,4  18,5   14:59   5,3   08:19   5,9   0,0   0,0   4,7  23,4   02:36    SO
 5  12,7  20,4   15:05   6,3   07:25   5,9   0,3   0,0  13,9  51,5   14:35   NNE
 6  13,0  18,7   15:00   8,5   07:21   5,3   0,0   0,0  12,7  54,0   17:13    SO
 7  10,3  17,9   14:29   3,6   07:43   8,0   0,0   0,0   6,6  30,6   10:12    SO
 8  10,4  19,0   15:55   2,4   07:55   7,9   0,0   0,0   5,7  33,1   15:35   NNE
 9  13,0  21,4   15:25   6,6   08:07   5,8   0,5   0,0  12,2  40,3   11:19   NNE
10  12,6  21,9   14:40   5,7   23:53   6,1   0,4   0,0   8,8  35,6   14:23     S
11   8,8  17,2   14:52   1,7   05:33   9,5   0,0   0,0   2,5  17,3   14:32   SSE
12   8,5  16,3   14:19   1,9   04:10   9,8   0,0   0,0   8,9  45,4   12:35    SO
13   9,4  19,5   16:04   1,2   08:00   9,0   0,1   0,0   6,5  28,1   15:40   NNO
14  10,5  19,3   14:39   2,2   08:07   7,9   0,1   0,0  12,3  41,8   13:45   NNE
15  12,3  21,7   15:42   5,1   07:58   6,5   0,5   0,0   9,8  29,5   13:13   NNE
16  15,5  24,5   16:08   8,5   07:21   4,3   1,5   0,0   7,7  23,4   15:34    NE
17  18,2  27,3   16:43   9,4   07:10   2,6   2,5   0,0   6,8  22,0   10:47   NNE
18  20,1  29,0   15:55  13,1   07:54   1,5   3,3   0,0  10,2  34,2   13:35   NNE
19  21,6  31,5   14:51  14,3   07:40   1,1   4,4   0,0  11,2  34,2   15:35   NNE
20  23,1  31,9   15:45  16,5   04:42   0,3   5,1   0,0  12,1  40,3   12:54   NNE
21  25,9  33,6   15:42  20,8   04:51   0,0   7,6   0,0  13,4  50,0   12:07     N
22  24,6  32,7   15:51  18,7   07:26   0,0   6,3   0,0  11,0  34,2   13:43    NE
23  17,6  23,2   14:42  13,2   23:49   1,5   0,9   0,0  12,2  47,9   22:43   OSO
24  12,0  16,4   13:44   8,5   23:58   6,3   0,0   0,3  20,2  57,6   17:29    SO
25   8,0   9,7   12:46   5,8   05:49  10,3   0,0   0,0  24,0  74,5   09:54     O
26   7,5  12,3   16:07   2,3   23:41  10,8   0,0   0,0  15,6  51,5   04:15    SO
27   7,9  16,3   15:06   0,0   07:25  10,4   0,0   0,0   3,0  18,4   12:47    NE
28  10,3  18,1   15:18   3,2   03:35   8,0   0,0   0,0   8,0  29,5   11:35    NE
29  13,2  22,1   15:26   6,1   04:49   5,8   0,7   0,0   9,5  28,1   11:58    NE
30  15,0  23,9   15:31   7,7   06:23   4,4   1,1   0,0   7,9  29,5   10:53   ENE
31  16,2  25,7   15:49   7,0   07:34   4,0   1,9   0,0   4,7  22,0   14:54   SSO
----------------------------------------------------------------------------------
    14,4  33,6    21     0,0    27   161,3  39,7   0,3   9,9  74,5    25       N

Max >=  27,0:  6
Max <=   0,0:  0
Min <=   0,0:  1
Min <= -18,0:  0
Max Rain: 0,3 on day 24
Days of Rain: 1 (>= 0,2 mm)  0 (>= 2,0 mm)  0 (>= 20,0 mm)
Heat Base: 18,3  Cool Base: 18,3  Method: Integration