NOAA-Style Climate Reports

Select a Year or Month report
2017: Ene Feb Mar Abr May Jun Jul Ago Sep Oct Nov Dic
2016: Ene Feb Mar Abr May Jun Jul Ago Sep Oct Nov Dic
2015: Ene Feb Mar Abr May Jun Jul Ago Sep Oct Nov Dic
2014: Ene Feb Mar Abr May Jun Jul Ago Sep Oct Nov Dic
2013: Ene Feb Mar Abr May Jun Jul Ago Sep Oct Nov Dic
2012: Ene Feb Mar Abr May Jun Jul Ago Sep Oct Nov Dic

Report for 2014 Julio
                   Monthly Climatological Summary for jul 2014

Name: WXElortondo   City: Elortondo   State: Argentina
Elevation: 104 m  Lat: S 33° 42' 17"   Lon: W 061° 37' 16"

                  Temperature (°C), Rain (mm), Wind Speed (km/h)

                                      Heat  Cool        Avg
    Mean                              Deg   Deg         Wind                 Dom
Day Temp  High   Time   Low    Time   Days  Days  Rain  Speed High   Time    Dir
----------------------------------------------------------------------------------
 1   9,4  17,4   16:19   3,1   06:41   8,9   0,0   0,0   8,8  24,5   20:18    NE
 2  11,7  19,8   15:52   6,6   02:52   6,7   0,1   0,0   9,7  33,1   12:26    NE
 3  10,4  16,5   15:21   5,3   08:26   7,9   0,0   0,0   7,6  35,6   11:04     S
 4  11,0  15,0   15:04   5,7   08:19   7,3   0,0   0,0   5,1  24,5   10:45   ESE
 5  10,4  13,6   12:51   5,3   23:53   7,9   0,0   4,2  16,6  58,7   12:18    SO
 6   7,6  13,9   15:57   2,5   04:33  10,7   0,0   0,0  12,2  40,3   15:41     O
 7  11,5  22,0   15:11   3,7   08:01   7,3   0,5   0,0   5,0  22,0   02:12   ONO
 8  11,4  19,1   14:44   5,6   07:06   6,9   0,0   0,0   8,0  28,1   15:03    NE
 9  11,5  20,6   14:57   4,5   04:52   7,0   0,1   0,0   5,2  18,4   01:17    NE
10   9,3  11,4   14:03   6,9   06:12   9,0   0,0   0,0   7,6  24,5   18:39     E
11  13,3  17,6   14:36  10,8   00:00   5,0   0,0   0,0   9,7  29,5   20:04   ENE
12  14,8  17,8   17:01  12,4   23:53   3,5   0,0   7,2   7,2  25,6   07:16    NE
13  12,4  17,7   16:56   9,9   03:33   5,9   0,0   0,3   4,4  22,0   21:04   ESE
14  18,7  25,1   15:40  11,6   00:09   1,6   2,1   0,0  12,1  35,6   12:03    NE
15  15,7  20,4   00:00   8,9   23:58   3,1   0,4   2,4  11,8  60,1   05:05     S
16  11,8  18,0   15:35   6,1   05:55   6,5   0,0   0,0   4,1  20,9   15:05   ESE
17  12,5  19,0   16:07   7,7   23:50   5,9   0,1   0,0   5,9  30,6   13:57     S
18  11,5  20,3   16:20   5,0   07:54   7,0   0,2   0,0   4,6  23,4   13:08    NO
19  14,3  24,0   15:37   6,6   08:04   5,1   1,1   0,0   8,3  25,6   13:18     N
20  14,5  22,1   14:36   8,8   07:29   4,4   0,6   0,0  12,8  40,3   14:23   NNE
21  14,9  19,7   15:44  10,1   03:45   3,6   0,1   0,0   7,7  28,1   10:12   NNE
22  12,9  17,2   15:01  10,0   23:34   5,4   0,0   0,0  13,1  47,9   15:45   SSO
23   9,2  13,3   13:09   2,6   23:52   9,1   0,0   0,0  12,8  43,9   15:03   SSO
24   6,5  15,1   16:12  -0,6   07:58  11,8   0,0   0,0   4,5  23,4   10:05   OSO
25   8,2  16,5   15:49   1,7   05:56  10,1   0,0   0,0   7,4  31,7   13:35   NNO
26   6,8  11,5   17:09   4,2   02:44  11,5   0,0   0,0   7,3  34,2   10:16    SE
27   8,5  15,8   15:39   3,4   05:32   9,8   0,0   0,0   9,7  30,6   11:57    NE
28  11,2  18,3   14:56   5,8   07:55   7,1   0,0   0,0  11,2  39,2   15:50    NE
29  14,5  20,6   14:49   9,6   02:06   4,1   0,3   0,0   7,4  28,1   12:16   NNE
30  14,6  21,0   15:14   7,8   08:24   4,1   0,4   0,0   6,7  25,6   13:11     E
31  17,6  20,6   13:00  15,0   23:11   1,2   0,5   0,0   6,5  25,6   07:18   NNE
----------------------------------------------------------------------------------
    11,9  25,1    14    -0,6    24   205,4   6,5  14,1   8,4  60,1    15     ENE

Max >=  27,0:  0
Max <=   0,0:  0
Min <=   0,0:  1
Min <= -18,0:  0
Max Rain: 7,2 on day 12
Days of Rain: 4 (>= 0,2 mm)  3 (>= 2,0 mm)  0 (>= 20,0 mm)
Heat Base: 18,3  Cool Base: 18,3  Method: Integration