NOAA-Style Climate Reports


Report for 2014 Junio
                   Monthly Climatological Summary for jun 2014

Name: WXElortondo   City: Elortondo   State: Argentina
Elevation: 104 m  Lat: S 33° 42' 17"   Lon: W 061° 37' 16"

                  Temperature (°C), Rain (mm), Wind Speed (km/h)

                                      Heat  Cool        Avg
    Mean                              Deg   Deg         Wind                 Dom
Day Temp  High   Time   Low    Time   Days  Days  Rain  Speed High   Time    Dir
----------------------------------------------------------------------------------
 1  12,9  21,1   16:34   6,4   07:50   5,7   0,4   0,0   4,7  27,0   13:01   NNO
 2  13,1  21,5   14:54   7,2   06:05   5,7   0,5   0,0  10,3  35,6   13:24   NNE
 3  14,2  20,4   15:48  10,2   07:27   4,3   0,3   0,0  16,9  52,6   12:44   NNE
 4  14,3  20,2   14:43   8,7   23:59   4,1   0,2   0,0  11,1  43,9   15:31    SO
 5   9,4  14,9   12:24   4,0   05:30   8,9   0,0   0,0   7,5  39,2   13:02   SSE
 6   9,1  16,4   15:37   2,8   06:28   9,2   0,0   0,0   6,8  36,7   15:22   ENE
 7  11,9  18,3   15:54   5,4   23:18   6,4   0,0   0,0   5,4  29,5   11:51   SSO
 8  10,0  17,8   14:51   4,2   08:08   8,3   0,0   0,0   7,8  37,8   15:15     N
 9  11,7  19,5   14:28   5,0   08:07   6,7   0,1   0,0   6,6  25,6   16:21    NE
10  13,7  20,5   15:12   8,5   08:12   4,9   0,3   0,0  11,9  39,2   13:40    NE
11  16,7  19,6   22:27  13,1   02:06   1,8   0,2   1,2  13,0  40,3   12:26    NE
12  14,7  19,5   08:28   0,0   11:25   3,9   0,3  15,3  13,7  61,2   16:42    SO
13   9,2  15,2   15:25   4,1   06:10   9,1   0,0   0,0   4,9  25,6   00:34    SO
14   9,2  15,8   14:56   4,1   06:42   9,1   0,0   0,0   7,6  23,4   12:23    NE
15  10,1  16,8   15:30   5,2   03:49   8,2   0,0   0,0   7,7  30,6   12:23    NE
16  11,7  19,3   14:34   6,3   01:47   6,7   0,1   0,0   5,4  27,0   14:38   SSO
17  11,6  18,6   15:50   5,9   06:54   6,7   0,0   0,0   3,7  18,4   18:29    SE
18   9,0  13,4   15:41   4,1   22:52   9,3   0,0   0,0   5,2  22,0   04:08   ESE
19   8,7  15,5   15:36   3,0   08:11   9,6   0,0   0,0   8,9  28,1   13:55   NNE
20  10,3  17,3   15:43   5,2   08:13   8,0   0,0   0,0  10,9  31,7   15:12   NNE
21  12,5  19,1   15:37   7,6   07:54   5,9   0,0   0,0  10,5  29,5   13:25    NE
22  16,7  22,3   15:51  12,5   06:48   2,2   0,6   0,0   4,5  23,4   10:41   NNE
23  15,1  19,2   14:59  12,2   06:52   3,2   0,0   0,0   4,7  20,9   15:38   SSO
24  12,4  17,7   15:50   0,0   16:15   5,9   0,0   0,0   4,8  18,4   00:33    SE
25  11,5  15,0   16:23   9,0   22:36   6,8   0,0   0,0   3,1  14,8   09:28   SSE
26  10,5  15,4   15:15   5,8   23:56   7,8   0,0   0,0   5,6  25,6   13:05     S
27   9,3  17,4   15:16   2,9   07:11   9,0   0,0   0,0   3,1  18,4   11:54   SSO
28   9,9  19,0   16:19   2,9   08:17   8,4   0,0   0,0   1,6  11,2   13:20   ENE
29   9,6  17,6   14:25   1,6   05:59   8,7   0,0   0,0   3,5  13,3   12:26   ENE
30   9,2  16,8   15:30   3,4   06:44   9,1   0,0   0,0   6,0  20,9   13:56    NE
----------------------------------------------------------------------------------
    11,6  22,3    22     0,0    12   203,6   3,0  16,5   7,3  61,2    12      NE

Max >=  27,0:  0
Max <=   0,0:  0
Min <=   0,0:  2
Min <= -18,0:  0
Max Rain: 15,3 on day 12
Days of Rain: 2 (>= 0,2 mm)  1 (>= 2,0 mm)  0 (>= 20,0 mm)
Heat Base: 18,3  Cool Base: 18,3  Method: Integration