NOAA-Style Climate Reports

Select a Year or Month report
2017: Ene Feb Mar Abr May Jun Jul Ago Sep Oct Nov Dic
2016: Ene Feb Mar Abr May Jun Jul Ago Sep Oct Nov Dic
2015: Ene Feb Mar Abr May Jun Jul Ago Sep Oct Nov Dic
2014: Ene Feb Mar Abr May Jun Jul Ago Sep Oct Nov Dic
2013: Ene Feb Mar Abr May Jun Jul Ago Sep Oct Nov Dic
2012: Ene Feb Mar Abr May Jun Jul Ago Sep Oct Nov Dic

Report for 2014 Mayo
                   Monthly Climatological Summary for may 2014

Name: WXElortondo   City: Elortondo   State: Argentina
Elevation: 104 m  Lat: S 33° 42' 17"   Lon: W 061° 37' 16"

                  Temperature (°C), Rain (mm), Wind Speed (km/h)

                                      Heat  Cool        Avg
    Mean                              Deg   Deg         Wind                 Dom
Day Temp  High   Time   Low    Time   Days  Days  Rain  Speed High   Time    Dir
----------------------------------------------------------------------------------
 1  14,5  22,3   15:06   7,7   07:38   4,6   0,7   0,0   4,2  20,9   22:07   NNO
 2  16,3  20,2   15:07  12,4   07:02   2,4   0,5   0,0   5,2  23,4   22:58   NNE
 3  19,2  22,0   15:03  17,3   05:22   0,2   1,1   0,0   4,7  20,9   00:26   NNE
 4  20,4  27,0   14:04  16,4   03:32   0,5   2,5   0,0   4,6  20,9   21:15   ESE
 5  15,9  17,8   14:08  14,6   05:38   2,4   0,0   0,0   6,0  25,6   15:22     E
 6  16,2  20,9   15:12  13,0   08:01   2,4   0,3   0,0   3,6  19,4   22:07     E
 7  17,3  24,4   15:55  12,3   07:25   2,3   1,3   0,0   4,2  19,4   11:36     N
 8  14,8  19,0   15:03  10,7   23:57   3,5   0,1   0,0   7,9  27,0   10:17     S
 9  13,6  20,3   14:52   7,2   04:24   5,0   0,3   0,0   4,4  22,0   14:06   ENE
10  14,6  20,2   14:29  10,5   07:49   3,9   0,2   2,1   7,0  28,1   15:38    NE
11  15,0  15,6   12:44  14,4   00:43   3,3   0,0   7,5   2,8  14,8   19:38     E
12  16,5  20,5   12:50  14,5   03:50   2,0   0,3   0,9   3,4  17,3   14:45   NNE
13  17,3  24,0   15:00  12,2   07:10   2,4   1,4   0,0   5,7  29,5   18:18     N
14  17,6  22,3   15:20  13,9   02:53   1,5   0,9   0,0   6,9  25,6   16:43     N
15  18,1  23,4   14:40  13,3   23:15   1,3   1,2   0,0   6,3  30,6   13:22   SSE
16  15,1  18,8   17:44  11,9   04:21   3,2   0,0   0,0   7,8  33,1   22:28   ENE
17  12,6  18,7   16:42   8,3   08:04   5,7   0,0   0,0   5,2  28,1   00:58    SO
18  12,8  17,7   14:07   7,5   08:04   5,5   0,0   0,0   3,3  17,3   13:44     E
19  13,2  14,4   13:33  11,6   07:10   5,1   0,0   0,0   7,9  24,5   13:58   ENE
20  11,3  12,8   00:02  10,3   12:21   7,0   0,0  93,9  13,6  51,5   20:28     E
21  12,0  13,3   14:10   9,1   23:50   6,3   0,0   6,9  12,5  46,4   22:11     S
22  10,2  13,5   14:27   7,5   05:48   8,1   0,0   0,0  15,3  43,9   04:21   SSO
23   9,2  15,2   15:54   3,9   08:13   9,1   0,0   0,0   3,6  22,0   00:04     O
24  10,2  17,6   16:13   3,9   07:55   8,2   0,0   0,0   7,5  31,7   14:30     N
25  11,8  19,3   16:00   6,8   05:04   6,5   0,1   0,0   5,8  28,1   11:07   NNO
26  11,1  18,3   15:26   5,3   08:01   7,3   0,0   0,0   3,0  15,8   13:14    SE
27  11,8  20,3   15:34   4,3   05:05   6,7   0,2   0,0   5,2  20,9   12:59    NE
28  13,2  20,7   15:05   7,5   04:38   5,4   0,3   0,0  11,2  41,8   13:02    NE
29  15,1  21,1   16:09  10,8   07:52   3,6   0,4   0,0  14,0  51,5   10:56   NNE
30  15,5  18,4   16:03  13,3   22:30   2,8   0,0   2,4   5,9  24,5   18:49   ESE
31  14,0  18,7   15:05   8,8   23:46   4,3   0,0   1,5   7,8  30,6   10:57     S
----------------------------------------------------------------------------------
    14,4  27,0     4     3,9    23   132,5  11,8 115,2   6,7  51,5    20     ENE

Max >=  27,0:  1
Max <=   0,0:  0
Min <=   0,0:  0
Min <= -18,0:  0
Max Rain: 93,9 on day 20
Days of Rain: 7 (>= 0,2 mm)  5 (>= 2,0 mm)  1 (>= 20,0 mm)
Heat Base: 18,3  Cool Base: 18,3  Method: Integration