NOAA-Style Climate Reports


Report for 2014 Abril
                   Monthly Climatological Summary for abr 2014

Name: WXElortondo   City: Elortondo   State: Argentina
Elevation: 104 m  Lat: S 33° 42' 17"   Lon: W 061° 37' 16"

                  Temperature (°C), Rain (mm), Wind Speed (km/h)

                                      Heat  Cool        Avg
    Mean                              Deg   Deg         Wind                 Dom
Day Temp  High   Time   Low    Time   Days  Days  Rain  Speed High   Time    Dir
----------------------------------------------------------------------------------
 1  19,2  25,6   15:17  12,6   05:46   1,5   2,4   0,0   8,8  30,6   17:01     E
 2  20,7  25,6   16:40  17,5   07:56   0,1   2,5   0,0  11,9  33,1   03:40     E
 3  23,4  30,0   14:33  19,0   04:34   0,0   5,1   0,0   9,1  34,2   06:26    NE
 4  25,2  32,3   14:41  21,0   06:18   0,0   6,9   0,0   7,8  31,7   19:43    NE
 5  21,1  23,2   01:27  19,1   09:45   0,0   2,8  77,4  11,1  45,4   09:27     E
 6  22,1  25,9   14:10  19,7   02:09   0,0   3,8   9,9   6,8  25,6   10:16   ESE
 7  23,0  27,2   14:50  17,8   22:42   0,0   4,7  39,0  11,6  52,6   22:30   ENE
 8  19,3  25,3   15:55  13,6   07:44   1,0   2,0   0,0   9,0  41,8   00:45   OSO
 9  19,8  26,2   16:35  13,8   07:20   0,8   2,3   0,0   7,7  42,8   12:53   OSO
10  17,7  20,9   11:13  13,1   23:37   0,9   0,3   0,0   6,0  39,2   13:39   SSE
11  16,6  24,0   14:46   9,5   07:30   3,2   1,5   0,0   3,8  19,4   16:09     E
12  13,1  16,4   15:31   9,6   23:43   5,2   0,0   3,0  15,1  67,3   04:51   OSO
13  11,4  17,6   16:04   6,1   07:25   6,9   0,0   0,0   9,6  35,6   04:54   OSO
14  14,1  23,0   16:37   6,3   07:16   5,1   0,9   0,0   5,4  25,6   12:20     N
15  16,7  24,8   16:25   9,8   04:16   3,3   1,7   0,0  10,5  36,7   12:28   NNE
16  19,7  28,0   16:25  12,7   07:34   1,5   2,9   0,0   9,2  33,1   00:00   NNE
17  16,6  21,5   12:35   8,2   23:57   2,1   0,5   0,0   9,6  49,0   12:04     S
18  13,2  22,1   14:21   4,0   07:14   5,8   0,7   0,0   2,5  15,8   10:12    NE
19  16,9  25,4   15:07   8,3   07:39   3,3   2,0   0,0   2,4  18,4   14:31     E
20  18,7  26,6   13:53  11,7   03:46   1,9   2,4   0,0   7,1  25,6   11:47    NE
21  16,9  20,7   16:35  14,1   00:00   1,7   0,3   0,0   4,6  30,6   10:38    SE
22  16,7  23,7   15:50  11,3   03:39   2,8   1,2   0,0   6,8  27,0   09:59   ENE
23  17,7  26,0   15:54  11,3   07:47   2,4   1,9   0,0   7,7  23,4   12:10    NE
24  18,5  26,3   14:10  13,6   06:08   1,8   2,0   0,0   6,2  20,9   13:28    NE
25  18,4  25,7   14:56  12,1   07:28   2,0   2,1   0,0   8,5  24,5   15:09    NE
26  15,5  21,6   13:44  10,7   07:44   3,3   0,6   0,0  10,0  33,1   15:52    NE
27  15,4  20,2   15:33  10,6   06:36   3,2   0,3   0,0   6,5  30,6   08:52   ENE
28  17,2  23,3   14:50  10,4   06:40   2,3   1,2  28,0   4,6  25,6   12:56    SE
29  16,1  23,3   17:46   0,0   17:12   2,6   0,4   0,0   6,0  27,0   11:14   ESE
30  17,5  26,0   17:16  11,3   09:11   2,7   1,9   0,0   7,5  23,4   13:51    NE
----------------------------------------------------------------------------------
    17,9  32,3     4     0,0    29    67,4  57,3 157,3   7,8  67,3    12     ENE

Max >=  27,0:  4
Max <=   0,0:  0
Min <=   0,0:  1
Min <= -18,0:  0
Max Rain: 77,4 on day 5
Days of Rain: 5 (>= 0,2 mm)  5 (>= 2,0 mm)  3 (>= 20,0 mm)
Heat Base: 18,3  Cool Base: 18,3  Method: Integration