NOAA-Style Climate Reports

Select a Year or Month report
2017: Ene Feb Mar Abr May Jun Jul Ago Sep Oct Nov Dic
2016: Ene Feb Mar Abr May Jun Jul Ago Sep Oct Nov Dic
2015: Ene Feb Mar Abr May Jun Jul Ago Sep Oct Nov Dic
2014: Ene Feb Mar Abr May Jun Jul Ago Sep Oct Nov Dic
2013: Ene Feb Mar Abr May Jun Jul Ago Sep Oct Nov Dic
2012: Ene Feb Mar Abr May Jun Jul Ago Sep Oct Nov Dic

Report for 2014 Marzo
                   Monthly Climatological Summary for mar 2014

Name: WXElortondo   City: Elortondo   State: Argentina
Elevation: 104 m  Lat: S 33° 42' 17"   Lon: W 061° 37' 16"

                  Temperature (°C), Rain (mm), Wind Speed (km/h)

                                      Heat  Cool        Avg
    Mean                              Deg   Deg         Wind                 Dom
Day Temp  High   Time   Low    Time   Days  Days  Rain  Speed High   Time    Dir
----------------------------------------------------------------------------------
 1  21,5  27,6   14:36  15,8   06:22   0,5   3,8   0,0   3,2  18,4   13:48     E
 2  21,7  28,0   13:50  15,8   06:39   0,3   3,7   0,0   4,3  28,1   16:55   ENE
 3  19,6  26,6   15:26  17,3   23:39   0,2   1,5   6,0   4,8  28,1   16:56   ESE
 4  20,3  25,9   13:56  16,6   07:02   0,4   2,4   0,3   3,5  18,4   13:12    SO
 5  23,3  31,6   15:56  16,0   07:06   0,4   5,3   0,0   4,7  20,9   22:42     O
 6  19,8  25,1   17:35  15,8   06:53   0,6   2,1   0,0   3,7  24,5   11:49     S
 7  21,2  29,0   15:16  13,6   06:51   1,1   4,0   0,0   3,5  18,4   14:35     N
 8  21,5  28,7   15:34  14,6   07:11   0,6   3,9   0,0   7,9  30,6   14:59   NNE
 9  16,4  20,4   10:51  13,4   23:44   2,0   0,1  29,7   5,6  31,7   08:19   ENE
10  17,7  24,5   15:08  12,1   06:50   2,3   1,7   0,0   3,7  19,4   10:41   ESE
11  20,0  27,6   16:43  12,7   06:31   1,5   3,2   0,0   6,9  28,1   11:07     N
12  21,8  29,7   15:38  14,4   04:52   1,0   4,5   0,0   8,3  35,6   16:13   NNE
13  23,3  31,6   14:28  16,2   06:29   0,3   5,3   0,0   9,4  28,1   14:11    NE
14  18,9  20,6   00:00  18,0   10:54   0,0   0,6  47,4  11,3  74,5   18:05    SE
15  20,4  27,9   17:16  16,0   00:33   0,9   3,0   0,0   5,8  27,0   14:02   OSO
16  22,0  30,5   15:52  14,1   05:07   1,0   4,7   0,0   6,1  42,8   11:16     N
17  19,7  24,6   14:18  14,8   23:46   0,6   2,0   0,0   8,2  37,8   13:30     S
18  13,7  16,2   14:03  11,9   06:51   4,6   0,0  11,1   4,5  19,4   02:39   SSE
19  15,1  20,5   17:30  12,0   03:34   3,4   0,2   6,6   3,1  19,4   13:15   ESE
20  18,9  27,4   16:01  11,6   06:17   2,2   2,8   0,0   5,7  25,6   13:44   NNO
21  16,4  21,4   15:55  10,4   23:50   2,4   0,5   0,0  11,3  41,8   06:56     S
22  16,1  24,9   16:45   6,8   07:08   4,0   1,8   0,0   3,7  23,4   16:22     N
23  18,4  27,7   15:48  10,0   07:21   2,8   2,9   0,0   8,0  28,1   12:05     N
24  19,2  27,3   15:41  11,5   06:56   2,0   2,9   0,0   7,8  28,1   11:45   NNE
25  20,0  27,0   15:29  13,0   07:15   1,3   3,0   0,0   5,1  20,9   12:39     E
26  19,1  25,9   17:03  14,2   04:10   1,0   1,9   0,0   5,9  23,4   17:43     E
27  21,4  28,2   15:34  17,8   04:31   0,1   3,2   0,3   5,8  31,7   16:44    NE
28  22,2  29,6   15:20  15,9   07:04   0,4   4,3   0,0   7,2  30,6   13:30   NNE
29  24,8  31,4   15:26  19,1   06:06   0,0   6,5   0,0   9,6  40,3   15:49   NNE
30  19,5  22,8   16:12  10,8   23:55   0,9   2,1   4,8  10,2  66,2   11:36     S
31  16,3  24,0   16:09   9,0   07:15   3,4   1,4   0,0   6,7  28,1   11:28     E
----------------------------------------------------------------------------------
    19,7  31,6     5     6,8    22    42,2  85,3 106,2   6,3  74,5    14     ENE

Max >=  27,0: 17
Max <=   0,0:  0
Min <=   0,0:  0
Min <= -18,0:  0
Max Rain: 47,4 on day 14
Days of Rain: 8 (>= 0,2 mm)  6 (>= 2,0 mm)  2 (>= 20,0 mm)
Heat Base: 18,3  Cool Base: 18,3  Method: Integration